000
CXUS51 KPHI 061455
CF6TTN
PRELIMINARY LOCAL CLIMATOLOGICAL DATA (WS FORM: F-6)
STATION: TRENTON NJ
MONTH: FEBRUARY
YEAR: 2021
LATITUDE: 40 16 N
LONGITUDE: 74 49 W
TEMPERATURE IN F: :PCPN: SNOW: WIND :SUNSHINE: SKY :PK WND
================================================================================
1 2 3 4 5 6A 6B 7 8 9 10 11 12 13 14 15 16 17 18
12Z AVG MX 2MIN
DY MAX MIN AVG DEP HDD CDD WTR SNW DPTH SPD SPD DIR MIN PSBL S-S WX SPD DR
================================================================================
1 31 22 27 -5 38 0 1.12 3.4 4 17.6 28 30 M M 10 1 38 20
2 34 29 32 0 33 0 0.20 3.0 10 12.0 20 340 M M 10 18 26 350
3 36 27 32 0 33 0 0.01 0.3 8 10.0 20 310 M M 10 18 30 310
4 41 28 35 3 30 0 0.00 0.0 7 7.2 16 290 M M 2 27 320
5 48 30 39 6 26 0 0.06 T 6 7.4 21 300 M M 4 1 28 290
6 43 26 35 2 30 0 0.00 0.0 5 7.0 21 260 M M 1 30 230
7 34 25 30 -3 35 0 0.45 4.9 4 6.9 16 20 M M 6 12 21 20
8 29 14 22 -11 43 0 0.00 0.0 7 3.5 14 340 M M 0 19 340
9 33 14 24 -9 41 0 T T 6 5.3 14 340 M M 8 168 16 340
10 33 17 25 -8 40 0 0.07 0.8 5 2.0 9 260 M M 3 1 13 250
11 31 25 28 -6 37 0 0.21 2.6 6 6.6 13 350 M M 6 1 15 340
12 27 18 23 -11 42 0 0.00 0.0 6 3.9 12 20 M M 7 15 30
13 27 24 26 -8 39 0 T T 6 8.2 16 60 M M 10 68 21 50
14 35 24 30 -4 35 0 0.00 0.0 5 5.3 10 350 M M 10 1 14 360
15 35 31 33 -1 32 0 T T 4 7.6 14 80 M M 10 168 17 90
16 48 29 39 5 26 0 0.76 0.0 3 11.2 21 290 M M 8 12 30 290
17 31 22 27 -8 38 0 0.00 0.0 1 7.1 18 350 M M 0 24 330
18 27 21 24 -11 41 0 0.92 5.6 2 9.8 17 40 M M 9 1246 20 40
19 32 26 29 -6 36 0 0.13 1.0 4 7.0 13 30 M M 10 16 17 360
20 33 24 29 -6 36 0 0.00 0.0 5 9.8 17 300 M M 4 23 310
21 35 19 27 -9 38 0 0.00 0.0 4 5.7 14 300 M M 0 18 300
22 35 26 31 -5 34 0 0.58 2.1 4 5.7 13 170 M M 7 12 16 170
23 47 31 39 3 26 0 T 0.0 4 7.3 16 300 M M 6 1 25 280
24 53 32 43 7 22 0 0.00 0.0 4 8.5 21 200 M M 1 26 180
25 50 36 43 7 22 0 0.00 0.0 4 8.7 22 340 M M 1 30 310
26 45 31 38 1 27 0 0.00 0.0 2 4.0 15 150 M M 1 18 150
27 49 33 41 4 24 0 0.28 T T 5.8 16 260 M M 6 12 23 260
28 42 35 39 2 26 0 0.37 0.0 T 6.1 12 70 M M 7 1 15 80
================================================================================
SM 1044 719 930 0 5.16 23.7 207.2 M 157
================================================================================
AV 37.3 25.7 7.4 FASTST M M 6 MAX(MPH)
MISC ----> 28 30 38 20
================================================================================
NOTES:
# LAST OF SEVERAL OCCURRENCES
COLUMN 17 PEAK WIND IN M.P.H.
PRELIMINARY LOCAL CLIMATOLOGICAL DATA (WS FORM: F-6) , PAGE 2
STATION: TRENTON NJ
MONTH: FEBRUARY
YEAR: 2021
LATITUDE: 40 16 N
LONGITUDE: 74 49 W
[TEMPERATURE DATA] [PRECIPITATION DATA] SYMBOLS USED IN COLUMN 16
AVERAGE MONTHLY: 31.5 TOTAL FOR MONTH: 5.16 1 = FOG OR MIST
DPTR FM NORMAL: -2.8 DPTR FM NORMAL: 2.51 2 = FOG REDUCING VISIBILITY
HIGHEST: 53 ON 24 GRTST 24HR 1.12 ON 1- 1 TO 1/4 MILE OR LESS
LOWEST: 14 ON 9, 8 3 = THUNDER
SNOW, ICE PELLETS, HAIL 4 = ICE PELLETS
TOTAL MONTH: 27.3 INCHES 5 = HAIL
GRTST 24HR 5.6 ON 18-18 6 = FREEZING RAIN OR DRIZZLE
GRTST DEPTH: 10 ON 2 7 = DUSTSTORM OR SANDSTORM:
VSBY 1/2 MILE OR LESS
8 = SMOKE OR HAZE
[NO. OF DAYS WITH] [WEATHER - DAYS WITH] 9 = BLOWING SNOW
X = TORNADO
MAX 32 OR BELOW: 8 0.01 INCH OR MORE: 13
MAX 90 OR ABOVE: 0 0.10 INCH OR MORE: 10
MIN 32 OR BELOW: 25 0.50 INCH OR MORE: 4
MIN 0 OR BELOW: 0 1.00 INCH OR MORE: 1
[HDD (BASE 65) ]
TOTAL THIS MO. 930 CLEAR (SCALE 0-3) 9
DPTR FM NORMAL 72 PTCLDY (SCALE 4-7) 11
TOTAL FM JUL 1 3608 CLOUDY (SCALE 8-10) 8
DPTR FM NORMAL -91
[CDD (BASE 65) ]
TOTAL THIS MO. 0
DPTR FM NORMAL 0 [PRESSURE DATA]
TOTAL FM JAN 1 0 HIGHEST SLP M ON M
DPTR FM NORMAL 0 LOWEST SLP 29.39 ON 2
[REMARKS]
#FINAL-02-21#