000
CXUS51 KPHI 061407
CF6TTN
PRELIMINARY LOCAL CLIMATOLOGICAL DATA (WS FORM: F-6)
STATION: TRENTON NJ
MONTH: AUGUST
YEAR: 2020
LATITUDE: 40 16 N
LONGITUDE: 74 49 W
TEMPERATURE IN F: :PCPN: SNOW: WIND :SUNSHINE: SKY :PK WND
================================================================================
1 2 3 4 5 6A 6B 7 8 9 10 11 12 13 14 15 16 17 18
12Z AVG MX 2MIN
DY MAX MIN AVG DEP HDD CDD WTR SNW DPTH SPD SPD DIR MIN PSBL S-S WX SPD DR
================================================================================
1 91 66 79 3 0 14 0.04 0.0 0 5.5 18 170 M M 3 1 22 160
2 95 75 85 9 0 20 0.00 0.0 0 11.8 22 210 M M 6 29 200
3 91 73 82 6 0 17 T 0.0 0 5.7 17 190 M M 2 3 23 200
4 81 70 76 0 0 11 2.15 0.0 0 11.7 43 140 M M 6 13 58 150
5 86 68 77 1 0 12 T 0.0 0 4.6 14 260 M M 1 18 250
6 80 66 73 -3 0 8 0.13 0.0 0 4.3 12 140 M M 2 13 16 110
7 78 68 73 -3 0 8 0.92 0.0 0 6.3 15 90 M M 8 13 20 90
8 84 67 76 0 0 11 0.00 0.0 0 4.0 10 160 M M 5 1 13 180
9 88 68 78 3 0 13 0.00 0.0 0 3.6 12 200 M M 3 12 15 200
10 92 70 81 6 0 16 0.00 0.0 0 3.7 10 210 M M 2 12 14 190
11 87 73 80 5 0 15 0.00 0.0 0 6.1 17 180 M M 3 13 20 140
12 89 74 82 7 0 17 0.01 0.0 0 3.5 16 200 M M 2 13 19 190
13 79 72 76 1 0 11 0.32 0.0 0 3.8 12 70 M M 4 13 14 60
14 86 70 78 3 0 13 0.00 0.0 0 7.6 17 70 M M 3 1 22 60
15 83 66 75 0 0 10 T 0.0 0 8.2 16 110 M M 1 21 130
16 74 64 69 -6 0 4 0.27 0.0 0 8.8 16 20 M M 10 1 22 20
17 82 59 71 -3 0 6 T 0.0 0 4.0 14 140 M M 3 13 17 140
18 83 62 73 -1 0 8 0.05 0.0 0 4.1 12 320 M M 1 1 16 330
19 78 64 71 -3 0 6 0.17 0.0 0 3.2 13 300 M M 5 13 19 310
20 80 58 69 -5 0 4 0.00 0.0 0 4.9 12 300 M M 0 13 290
21 84 61 73 -1 0 8 0.00 0.0 0 4.7 13 210 M M 1 1 17 220
22 88 71 80 6 0 15 0.00 0.0 0 5.5 15 210 M M 0 21 190
23 85 68 77 3 0 12 0.00 0.0 0 2.8 21 200 M M 1 13 28 200
24 90 68 79 6 0 14 0.00 0.0 0 4.7 10 270 M M 1 1 15 250
25 89 70 80 7 0 15 0.00 0.0 0 6.8 18 290 M M 1 13 25 290
26 80 64 72 -1 0 7 0.00 0.0 0 6.5 17 320 M M 1 23 340
27 92 66 79 6 0 14 T 0.0 0 7.1 21 350 M M 4 3 32 260
28 88 67 78 5 0 13 0.50 0.0 0 5.8 25 330 M M 2 13 36 330
29 81 70 76 4 0 11 0.02 0.0 0 6.0 12 300 M M 6 1 17 220
30 79 60 70 -2 0 5 0.00 0.0 0 6.9 16 340 M M 2 24 300
31 75 59 67 -5 0 2 0.03 0.0 0 5.3 14 160 M M 3 1 16 140
================================================================================
SM 2618 2077 0 340 4.61 0.0 177.5 M 92
================================================================================
AV 84.5 67.0 5.7 FASTST M M 3 MAX(MPH)
MISC ----> 43 140 58 150
================================================================================
NOTES:
# LAST OF SEVERAL OCCURRENCES
COLUMN 17 PEAK WIND IN M.P.H.
PRELIMINARY LOCAL CLIMATOLOGICAL DATA (WS FORM: F-6) , PAGE 2
STATION: TRENTON NJ
MONTH: AUGUST
YEAR: 2020
LATITUDE: 40 16 N
LONGITUDE: 74 49 W
[TEMPERATURE DATA] [PRECIPITATION DATA] SYMBOLS USED IN COLUMN 16
AVERAGE MONTHLY: 75.7 TOTAL FOR MONTH: 4.61 1 = FOG OR MIST
DPTR FM NORMAL: 1.3 DPTR FM NORMAL: 0.39 2 = FOG REDUCING VISIBILITY
HIGHEST: 95 ON 2 GRTST 24HR 2.15 ON 4- 4 TO 1/4 MILE OR LESS
LOWEST: 58 ON 20 3 = THUNDER
SNOW, ICE PELLETS, HAIL 4 = ICE PELLETS
TOTAL MONTH: 0.0 INCH 5 = HAIL
GRTST 24HR 0.0 6 = FREEZING RAIN OR DRIZZLE
GRTST DEPTH: 0 7 = DUSTSTORM OR SANDSTORM:
VSBY 1/2 MILE OR LESS
8 = SMOKE OR HAZE
[NO. OF DAYS WITH] [WEATHER - DAYS WITH] 9 = BLOWING SNOW
X = TORNADO
MAX 32 OR BELOW: 0 0.01 INCH OR MORE: 12
MAX 90 OR ABOVE: 6 0.10 INCH OR MORE: 7
MIN 32 OR BELOW: 0 0.50 INCH OR MORE: 3
MIN 0 OR BELOW: 0 1.00 INCH OR MORE: 1
[HDD (BASE 65) ]
TOTAL THIS MO. 0 CLEAR (SCALE 0-3) 21
DPTR FM NORMAL -2 PTCLDY (SCALE 4-7) 9
TOTAL FM JUL 1 0 CLOUDY (SCALE 8-10) 1
DPTR FM NORMAL 0
[CDD (BASE 65) ]
TOTAL THIS MO. 340
DPTR FM NORMAL 46 [PRESSURE DATA]
TOTAL FM JAN 1 1072 HIGHEST SLP M ON M
DPTR FM NORMAL 161 LOWEST SLP 29.40 ON 4
[REMARKS]
#FINAL-08-20#