000
CXUS51 KPHI 010815
CF6TTN
PRELIMINARY LOCAL CLIMATOLOGICAL DATA (WS FORM: F-6)
STATION: TRENTON NJ
MONTH: AUGUST
YEAR: 2023
LATITUDE: 40 16 N
LONGITUDE: 74 49 W
TEMPERATURE IN F: :PCPN: SNOW: WIND :SUNSHINE: SKY :PK WND
================================================================================
1 2 3 4 5 6A 6B 7 8 9 10 11 12 13 14 15 16 17 18
12Z AVG MX 2MIN
DY MAX MIN AVG DEP HDD CDD WTR SNW DPTH SPD SPD DIR MIN PSBL S-S WX SPD DR
================================================================================
1 80 62 71 -5 0 6 T 0.0 0 6.4 13 330 M M 3 18 340
2 80 57 69 -7 0 4 0.00 0.0 0 4.8 15 170 M M 0 21 180
3 79 60 70 -6 0 5 0.09 0.0 0 7.3 18 170 M M 5 23 180
4 75 67 71 -5 0 6 T 0.0 0 6.7 14 160 M M 10 18 18 210
5 84 65 75 -1 0 10 0.00 0.0 0 3.8 12 60 M M 4 1 17 70
6 86 63 75 -1 0 10 0.00 0.0 0 3.6 16 170 M M 2 21 170
7 84 67 76 0 0 11 0.94 0.0 0 9.8 32 220 M M 9 13 46 210
8 77 68 73 -3 0 8 0.01 0.0 0 7.3 20 290 M M 9 1 35 260
9 85 66 76 1 0 11 0.02 0.0 0 6.7 22 330 M M 2 33 340
10 78 66 72 -3 0 7 0.96 0.0 0 3.8 10 170 M M 4 123 13 310
11 86 62 74 -1 0 9 0.00 0.0 0 3.6 14 280 M M 1 12 23 290
12 85 63 74 -1 0 9 0.05 0.0 0 4.7 18 200 M M 3 3 26 200
13 86 67 77 2 0 12 0.05 0.0 0 6.2 21 290 M M 1 13 30 310
14 87 65 76 1 0 11 0.06 0.0 0 3.7 14 170 M M 2 18 20 210
15 86 71 79 4 0 14 0.62 0.0 0 6.3 14 330 M M 6 13 21 290
16 85 70 78 3 0 13 0.27 0.0 0 4.4 10 150 M M 8 1 16 150
17 85 70 78 4 0 13 T 0.0 0 5.7 16 130 M M 6 1 22 130
18 80 64 72 -2 0 7 0.46 0.0 0 8.1 18 300 M M 4 13 29 300
19 78 60 69 -5 0 4 0.00 0.0 0 6.8 14 290 M M 1 23 290
20 84 58 71 -3 0 6 0.00 0.0 0 3.7 13 270 M M 0 19 260
21 86 66 76 2 0 11 0.00 0.0 0 3.6 12 330 M M 2 17 300
22 78 61 70 -4 0 5 0.00 0.0 0 8.7 17 60 M M 2 26 10
23 79 58 69 -5 0 4 0.00 0.0 0 4.2 12 180 M M 3 16 130
24 72 66 69 -4 0 4 0.14 0.0 0 4.6 13 130 M M 10 1 18 120
25 82 68 75 2 0 10 0.32 0.0 0 3.5 13 160 M M 7 13 17 160
26 84 68 76 3 0 11 0.00 0.0 0 5.4 14 360 M M 4 1 21 360
27 84 64 74 1 0 9 0.00 0.0 0 5.3 12 40 M M 2 16 10
28 77 67 72 -1 0 7 0.00 0.0 0 7.0 14 100 M M 5 20 100
29 79 65 72 0 0 7 0.00 0.0 0 5.5 10 50 M M 8 13 50
30 84 65 75 3 0 10 0.02 0.0 0 6.5 15 300 M M 5 1 24 290
31 78 59 69 -3 0 4 0.00 0.0 0 8.4 18 360 M M 0 26 70
================================================================================
SM 2533 1998 0 258 4.01 0.0 176.1 M 128
================================================================================
AV 81.7 64.5 5.7 FASTST M M 4 MAX(MPH)
MISC ----> 32 220 46 210
================================================================================
NOTES:
# LAST OF SEVERAL OCCURRENCES
COLUMN 17 PEAK WIND IN M.P.H.
PRELIMINARY LOCAL CLIMATOLOGICAL DATA (WS FORM: F-6) , PAGE 2
STATION: TRENTON NJ
MONTH: AUGUST
YEAR: 2023
LATITUDE: 40 16 N
LONGITUDE: 74 49 W
[TEMPERATURE DATA] [PRECIPITATION DATA] SYMBOLS USED IN COLUMN 16
AVERAGE MONTHLY: 73.1 TOTAL FOR MONTH: 4.01 1 = FOG OR MIST
DPTR FM NORMAL: -1.3 DPTR FM NORMAL: -0.21 2 = FOG REDUCING VISIBILITY
HIGHEST: 87 ON 14 GRTST 24HR 0.98 ON 9-10 TO 1/4 MILE OR LESS
LOWEST: 57 ON 2 3 = THUNDER
SNOW, ICE PELLETS, HAIL 4 = ICE PELLETS
TOTAL MONTH: 0.0 INCH 5 = HAIL
GRTST 24HR 0.0 6 = FREEZING RAIN OR DRIZZLE
GRTST DEPTH: 0 7 = DUSTSTORM OR SANDSTORM:
VSBY 1/2 MILE OR LESS
8 = SMOKE OR HAZE
[NO. OF DAYS WITH] [WEATHER - DAYS WITH] 9 = BLOWING SNOW
X = TORNADO
MAX 32 OR BELOW: 0 0.01 INCH OR MORE: 14
MAX 90 OR ABOVE: 0 0.10 INCH OR MORE: 7
MIN 32 OR BELOW: 0 0.50 INCH OR MORE: 3
MIN 0 OR BELOW: 0 1.00 INCH OR MORE: 0
[HDD (BASE 65) ]
TOTAL THIS MO. 0 CLEAR (SCALE 0-3) 13
DPTR FM NORMAL -2 PTCLDY (SCALE 4-7) 13
TOTAL FM JUL 1 0 CLOUDY (SCALE 8-10) 5
DPTR FM NORMAL 0
[CDD (BASE 65) ]
TOTAL THIS MO. 258
DPTR FM NORMAL -36 [PRESSURE DATA]
TOTAL FM JAN 1 800 HIGHEST SLP 30.22 ON 2
DPTR FM NORMAL -111 LOWEST SLP 29.56 ON 10
[REMARKS]
#FINAL-08-23#