000
CXUS54 KTSA 011059
CF6TUL
PRELIMINARY LOCAL CLIMATOLOGICAL DATA (WS FORM: F-6)
STATION: TULSA OKLAHOMA
MONTH: AUGUST
YEAR: 2023
LATITUDE: 36 12 N
LONGITUDE: 95 54 W
TEMPERATURE IN F: :PCPN: SNOW: WIND :SUNSHINE: SKY :PK WND
================================================================================
1 2 3 4 5 6A 6B 7 8 9 10 11 12 13 14 15 16 17 18
12Z AVG MX 2MIN
DY MAX MIN AVG DEP HDD CDD WTR SNW DPTH SPD SPD DIR MIN PSBL S-S WX SPD DR
================================================================================
1 103 78 91 7 0 26 0.00 0.0 0 10.5 21 170 M M 3 35 190
2 105 82 94 10 0 29 0.00 0.0 0 13.8 21 190 M M 2 35 200
3 105 83 94 10 0 29 0.00 0.0 0 12.3 23 230 M M 4 32 230
4 103 83 93 9 0 28 0.00 0.0 0 7.2 16 160 M M 6 25 200
5 91 69 80 -4 0 15 0.89 0.0 0 6.0 32 330 M M 8 138 45 320
6 89 69 79 -5 0 14 0.54 0.0 0 8.8 35 320 M M 6 13 50 330
7 89 68 79 -5 0 14 0.12 0.0 0 5.0 13 330 M M 7 3 20 350
8 89 69 79 -5 0 14 0.33 0.0 0 8.9 36 170 M M 7 13 51 180
9 90 73 82 -2 0 17 0.10 0.0 0 8.7 17 10 M M 6 13 23 150
10 93 71 82 -1 0 17 0.00 0.0 0 4.9 9 30 M M 3 13 50
11 99 76 88 5 0 23 T 0.0 0 7.8 20 40 M M 5 30 20
12 94 78 86 3 0 21 0.13 0.0 0 8.0 16 160 M M 8 138 22 150
13 96 70 83 0 0 18 0.64 0.0 0 8.6 46 300 M M 7 13 65 310
14 85 67 76 -7 0 11 0.35 0.0 0 9.5 33 300 M M 5 13 52 310
15 85 63 74 -9 0 9 0.00 0.0 0 6.1 16 340 M M 1 26 360
16 87 62 75 -8 0 10 0.00 0.0 0 5.6 14 180 M M 1 20 150
17 92 70 81 -1 0 16 0.00 0.0 0 9.8 21 180 M M 2 28 180
18 94 67 81 -1 0 16 0.00 0.0 0 5.9 12 120 M M 1 15 130
19 102 78 90 8 0 25 0.00 0.0 0 9.4 15 180 M M 2 21 170
20 105 75 90 8 0 25 0.00 0.0 0 3.3 12 170 M M 1 15 320
21 103 76 90 8 0 25 0.00 0.0 0 3.0 9 340 M M 0 18 10
22 100 80 90 8 0 25 0.00 0.0 0 3.5 12 150 M M 2 16 160
23 98 79 89 8 0 24 0.00 0.0 0 5.5 12 160 M M 5 18 190
24 102 82 92 11 0 27 0.00 0.0 0 6.9 14 240 M M 3 20 240
25 104 77 91 10 0 26 0.37 0.0 0 5.6 24 10 M M 2 38 34 20
26 95 80 88 8 0 23 0.00 0.0 0 10.0 20 360 M M 6 23 10
27 90 74 82 2 0 17 T 0.0 0 9.2 16 40 M M 4 27 40
28 86 62 74 -6 0 9 0.00 0.0 0 6.9 17 20 M M 2 23 20
29 93 64 79 -1 0 14 0.00 0.0 0 2.2 12 360 M M 4 17 360
30 91 65 78 -1 0 13 0.00 0.0 0 5.2 16 40 M M 1 23 20
31 91 65 78 -1 0 13 0.00 0.0 0 6.5 13 100 M M 2 19 160
================================================================================
SM 2949 2255 0 593 3.47 0.0 224.6 M 116
================================================================================
AV 95.1 72.7 7.2 FASTST M M 4 MAX(MPH)
MISC ----> 46 300 65 310
================================================================================
NOTES:
# LAST OF SEVERAL OCCURRENCES
COLUMN 17 PEAK WIND IN M.P.H.
PRELIMINARY LOCAL CLIMATOLOGICAL DATA (WS FORM: F-6) , PAGE 2
STATION: TULSA OKLAHOMA
MONTH: AUGUST
YEAR: 2023
LATITUDE: 36 12 N
LONGITUDE: 95 54 W
[TEMPERATURE DATA] [PRECIPITATION DATA] SYMBOLS USED IN COLUMN 16
AVERAGE MONTHLY: 83.9 TOTAL FOR MONTH: 3.47 1 = FOG OR MIST
DPTR FM NORMAL: 1.7 DPTR FM NORMAL: 0.09 2 = FOG REDUCING VISIBILITY
HIGHEST: 105 ON 20, 3 GRTST 24HR 1.42 ON 5- 6 TO 1/4 MILE OR LESS
LOWEST: 62 ON 28,16 3 = THUNDER
SNOW, ICE PELLETS, HAIL 4 = ICE PELLETS
TOTAL MONTH: 0.0 INCH 5 = HAIL
GRTST 24HR 0.0 6 = FREEZING RAIN OR DRIZZLE
GRTST DEPTH: 0 7 = DUSTSTORM OR SANDSTORM:
VSBY 1/2 MILE OR LESS
8 = SMOKE OR HAZE
[NO. OF DAYS WITH] [WEATHER - DAYS WITH] 9 = BLOWING SNOW
X = TORNADO
MAX 32 OR BELOW: 0 0.01 INCH OR MORE: 9
MAX 90 OR ABOVE: 24 0.10 INCH OR MORE: 9
MIN 32 OR BELOW: 0 0.50 INCH OR MORE: 3
MIN 0 OR BELOW: 0 1.00 INCH OR MORE: 0
[HDD (BASE 65) ]
TOTAL THIS MO. 0 CLEAR (SCALE 0-3) 15
DPTR FM NORMAL 0 PTCLDY (SCALE 4-7) 16
TOTAL FM JUL 1 0 CLOUDY (SCALE 8-10) 0
DPTR FM NORMAL 0
[CDD (BASE 65) ]
TOTAL THIS MO. 593
DPTR FM NORMAL 58 [PRESSURE DATA]
TOTAL FM JAN 1 1833 HIGHEST SLP 30.18 ON 15
DPTR FM NORMAL 69 LOWEST SLP 29.68 ON 9
[REMARKS]
#FINAL-08-23#