000
CXUS53 KAPX 011436
CF6TVC
PRELIMINARY LOCAL CLIMATOLOGICAL DATA (WS FORM: F-6)
STATION: TRAVERSE CITY MI
MONTH: FEBRUARY
YEAR: 2024
LATITUDE: 44 44 N
LONGITUDE: 85 34 W
TEMPERATURE IN F: :PCPN: SNOW: WIND :SUNSHINE: SKY :PK WND
================================================================================
1 2 3 4 5 6A 6B 7 8 9 10 11 12 13 14 15 16 17 18
12Z AVG MX 2MIN
DY MAX MIN AVG DEP HDD CDD WTR SNW DPTH SPD SPD DIR MIN PSBL S-S WX SPD DR
================================================================================
1 43 34 39 17 26 0 0.00 M M 9.7 17 340 M M 7 18 25 330
2 39 25 32 10 33 0 0.00 M M 4.2 14 30 M M 5 21 40
3 43 24 34 12 31 0 0.00 M M 2.1 8 30 M M 1 1 11 30
4 34 29 32 10 33 0 0.00 M M 3.5 10 20 M M 10 12 15 50
5 43 29 36 14 29 0 0.00 M M 3.6 12 360 M M 9 12 16 360
6 40 26 33 11 32 0 0.00 M M 4.0 12 280 M M 9 12 15 210
7 50 31 41 19 24 0 0.00 M M 4.3 13 200 M M 6 18 17 210
8 61 40 51 29 14 0 0.01 M M 8.7 21 180 M M 6 33 170
9 53 41 47 24 18 0 0.01 M M 14.3 28 230 M M 9 40 240
10 41 32 37 14 28 0 T M M 9.8 20 280 M M 10 1 27 260
11 34 26 30 7 35 0 0.00 M M 6.7 14 260 M M 9 18 290
12 44 23 34 11 31 0 0.00 M M 7.2 18 270 M M 5 27 220
13 36 28 32 9 33 0 0.01 M M 9.1 16 10 M M 10 1 23 10
14 39 25 32 9 33 0 T M M 5.9 14 210 M M 10 22 220
15 39 27 33 9 32 0 0.18 M M 10.3 25 290 M M 10 1 36 320
16 27 20 24 0 41 0 0.11 M M 8.9 20 310 M M 10 12 25 310
17 32 17 25 1 40 0 0.15 M M 12.6 22 270 M M 10 1289 36 260
18 33 19 26 2 39 0 T M M 11.9 24 270 M M 8 32 270
19 39 13 26 2 39 0 0.00 M M 4.6 14 210 M M 4 20 220
20 49 16 33 8 32 0 0.00 M M 4.4 15 180 M M 5 21 180
21 53 28 41 16 24 0 T M M 5.0 13 40 M M 5 1 19 240
22 53 25 39 14 26 0 0.00 M M 2.5 10 290 M M 4 128 13 310
23 42 18 30 5 35 0 T M M 13.0 20 360 M M 7 8 31 20
24 33 15 24 -2 41 0 T M M 6.3 14 200 M M 7 23 200
25 49 28 39 13 26 0 0.00 M M 10.5 21 230 M M 5 29 230
26 56 22 39 13 26 0 0.00 M M 6.4 15 170 M M 3 30 170
27 73 48 61 34 4 0 0.00 M M 8.7 18 210 M M 3 30 220
28 55 18 37 10 28 0 0.44 M M 17.9 32 310 M M 9 13589 43 310
29 30 18 24 -3 41 0 T M M 8.6 22 280 M M 8 29 300
================================================================================
SM 1263 745 874 0 0.91 M 224.7 M 204
================================================================================
AV 43.6 25.7 7.7 FASTST M M 7 MAX(MPH)
MISC ----> 32 310 43 310
================================================================================
NOTES:
# LAST OF SEVERAL OCCURRENCES
COLUMN 17 PEAK WIND IN M.P.H.
PRELIMINARY LOCAL CLIMATOLOGICAL DATA (WS FORM: F-6) , PAGE 2
STATION: TRAVERSE CITY MI
MONTH: FEBRUARY
YEAR: 2024
LATITUDE: 44 44 N
LONGITUDE: 85 34 W
[TEMPERATURE DATA] [PRECIPITATION DATA] SYMBOLS USED IN COLUMN 16
AVERAGE MONTHLY: 34.6 TOTAL FOR MONTH: 0.91 1 = FOG OR MIST
DPTR FM NORMAL: 10.8 DPTR FM NORMAL: -0.11 2 = FOG REDUCING VISIBILITY
HIGHEST: 73 ON 27 GRTST 24HR 0.44 ON 28-28 TO 1/4 MILE OR LESS
LOWEST: 13 ON 19 3 = THUNDER
SNOW, ICE PELLETS, HAIL 4 = ICE PELLETS
TOTAL MONTH: M 5 = HAIL
GRTST 24HR M ON M 6 = FREEZING RAIN OR DRIZZLE
GRTST DEPTH: M ON M 7 = DUSTSTORM OR SANDSTORM:
VSBY 1/2 MILE OR LESS
8 = SMOKE OR HAZE
[NO. OF DAYS WITH] [WEATHER - DAYS WITH] 9 = BLOWING SNOW
X = TORNADO
MAX 32 OR BELOW: 3 0.01 INCH OR MORE: 7
MAX 90 OR ABOVE: 0 0.10 INCH OR MORE: 4
MIN 32 OR BELOW: 25 0.50 INCH OR MORE: 0
MIN 0 OR BELOW: 0 1.00 INCH OR MORE: 0
[HDD (BASE 65) ]
TOTAL THIS MO. 874 CLEAR (SCALE 0-3) 3
DPTR FM NORMAL -278 PTCLDY (SCALE 4-7) 13
TOTAL FM JUL 1 4099 CLOUDY (SCALE 8-10) 13
DPTR FM NORMAL -1002
[CDD (BASE 65) ]
TOTAL THIS MO. 0
DPTR FM NORMAL 0 [PRESSURE DATA]
TOTAL FM JAN 1 0 HIGHEST SLP 30.43 ON 29
DPTR FM NORMAL 0 LOWEST SLP 29.17 ON 28
[REMARKS]
#FINAL-02-24#