000
CXUS54 KJAN 011833
CF6TVR
PRELIMINARY LOCAL CLIMATOLOGICAL DATA (WS FORM: F-6)
STATION: VICKSBURG
MONTH: SEPTEMBER
YEAR: 2021
LATITUDE: 32 20 N
LONGITUDE: 91 2 W
TEMPERATURE IN F: :PCPN: SNOW: WIND :SUNSHINE: SKY :PK WND
================================================================================
1 2 3 4 5 6A 6B 7 8 9 10 11 12 13 14 15 16 17 18
12Z AVG MX 2MIN
DY MAX MIN AVG DEP HDD CDD WTR SNW DPTH SPD SPD DIR MIN PSBL S-S WX SPD DR
================================================================================
1 102 73 88 7 0 23 1.25 0.0 0 1.8 35 50 M M 2 38 46 40
2 95 74 85 5 0 20 0.00 0.0 0 2.5 10 30 M M 1 8 15 20
3 93 72 83 3 0 18 0.00 0.0 0 1.8 8 50 M M 0 18 11 50
4 93 69 81 1 0 16 0.00 0.0 0 2.6 8 100 M M 0 18 12 110
5 97 70 84 4 0 19 1.21 0.0 0 3.6 23 10 M M 2 138 32 10
6 89 69 79 -1 0 14 0.00 0.0 0 6.3 14 20 M M 3 1 20 10
7 91 68 80 0 0 15 0.00 0.0 0 2.5 8 30 M M 0 18 11 360
8 93 70 82 3 0 17 0.00 0.0 0 3.7 12 20 M M 1 1 18 10
9 89 62 76 -3 0 11 0.00 0.0 0 4.2 14 50 M M 1 21 40
10 89 58 74 -5 0 9 0.00 0.0 0 2.7 13 30 M M 0 1 17 30
11 87 60 74 -5 0 9 0.00 0.0 0 3.1 12 70 M M 0 18 15 70
12 93 64 79 1 0 14 0.00 0.0 0 6.3 14 140 M M 2 18 19 150
13 90 72 81 3 0 16 T 0.0 0 4.8 10 140 M M 0 1 15 140
14 82 74 78 0 0 13 0.39 0.0 0 7.2 16 150 M M 6 1 22 130
15 81 73 77 -1 0 12 0.01 0.0 0 10.0 17 110 M M 9 24 40
16 85 74 80 3 0 15 T 0.0 0 6.7 12 40 M M 9 18 50
17 91 75 83 6 0 18 0.02 0.0 0 5.6 15 150 M M 6 13 20 170
18 91 77 84 7 0 19 0.15 0.0 0 3.4 14 160 M M 6 138 18 160
19 92 73 83 7 0 18 0.76 0.0 0 4.7 17 170 M M 4 13 26 150
20 89 74 82 6 0 17 0.29 0.0 0 1.9 8 160 M M 4 1 14 280
21 95 69 82 6 0 17 0.12 0.0 0 2.6 18 360 M M 3 13 26 10
22 80 57 69 -7 0 4 0.02 0.0 0 8.0 22 360 M M 2 1 31 10
23 81 53 67 -8 0 2 0.00 0.0 0 2.5 13 360 M M 0 1 20 10
24 81 52 67 -8 0 2 0.00 0.0 0 1.3 9 350 M M 0 1 14 10
25 85 54 70 -5 0 5 0.00 0.0 0 1.6 10 20 M M 1 128 16 30
26 88 57 73 -1 0 8 0.00 0.0 0 1.7 9 80 M M 2 128 14 100
27 88 59 74 0 0 9 0.00 0.0 0 2.6 10 160 M M 1 1 16 150
28 83 71 77 3 0 12 T 0.0 0 3.0 10 170 M M 5 1238 14 160
29 86 69 78 5 0 13 0.05 0.0 0 5.8 15 180 M M 4 12 21 170
30 87 71 79 6 0 14 0.17 0.0 0 6.0 15 170 M M 4 12 21 170
================================================================================
SM 2666 2013 0 399 4.44 0.0 120.5 M 78
================================================================================
AV 88.9 67.1 4.0 FASTST M M 3 MAX(MPH)
MISC ----> 35 50 46 40
================================================================================
NOTES:
# LAST OF SEVERAL OCCURRENCES
COLUMN 17 PEAK WIND IN M.P.H.
PRELIMINARY LOCAL CLIMATOLOGICAL DATA (WS FORM: F-6) , PAGE 2
STATION: VICKSBURG
MONTH: SEPTEMBER
YEAR: 2021
LATITUDE: 32 20 N
LONGITUDE: 91 2 W
[TEMPERATURE DATA] [PRECIPITATION DATA] SYMBOLS USED IN COLUMN 16
AVERAGE MONTHLY: 78.0 TOTAL FOR MONTH: 4.44 1 = FOG OR MIST
DPTR FM NORMAL: 0.8 DPTR FM NORMAL: 1.44 2 = FOG REDUCING VISIBILITY
HIGHEST: 102 ON 1 GRTST 24HR 1.25 ON 1- 1 TO 1/4 MILE OR LESS
LOWEST: 52 ON 24 3 = THUNDER
SNOW, ICE PELLETS, HAIL 4 = ICE PELLETS
TOTAL MONTH: 0.0 INCH 5 = HAIL
GRTST 24HR 0.0 6 = FREEZING RAIN OR DRIZZLE
GRTST DEPTH: 0 7 = DUSTSTORM OR SANDSTORM:
VSBY 1/2 MILE OR LESS
8 = SMOKE OR HAZE
[NO. OF DAYS WITH] [WEATHER - DAYS WITH] 9 = BLOWING SNOW
X = TORNADO
MAX 32 OR BELOW: 0 0.01 INCH OR MORE: 12
MAX 90 OR ABOVE: 13 0.10 INCH OR MORE: 8
MIN 32 OR BELOW: 0 0.50 INCH OR MORE: 3
MIN 0 OR BELOW: 0 1.00 INCH OR MORE: 2
[HDD (BASE 65) ]
TOTAL THIS MO. 0 CLEAR (SCALE 0-3) 20
DPTR FM NORMAL -3 PTCLDY (SCALE 4-7) 8
TOTAL FM JUL 1 0 CLOUDY (SCALE 8-10) 2
DPTR FM NORMAL 0
[CDD (BASE 65) ]
TOTAL THIS MO. 399
DPTR FM NORMAL 29 [PRESSURE DATA]
TOTAL FM JAN 1 2611 HIGHEST SLP 30.21 ON 22
DPTR FM NORMAL 235 LOWEST SLP 29.77 ON 1
[REMARKS]
#FINAL-09-21#