000
CXUS55 KBOI 011002
CF6TWF
PRELIMINARY LOCAL CLIMATOLOGICAL DATA (WS FORM: F-6)
STATION: TWIN FALLS ID
MONTH: OCTOBER
YEAR: 2022
LATITUDE: 42 28 N
LONGITUDE: 114 29 W
TEMPERATURE IN F: :PCPN: SNOW: WIND :SUNSHINE: SKY :PK WND
================================================================================
1 2 3 4 5 6A 6B 7 8 9 10 11 12 13 14 15 16 17 18
12Z AVG MX 2MIN
DY MAX MIN AVG DEP HDD CDD WTR SNW DPTH SPD SPD DIR MIN PSBL S-S WX SPD DR
================================================================================
1 68 44 56 0 9 0 0.00 M M 7.3 12 220 M M 1 8 17 70
2 72 36 54 -1 11 0 0.00 M M 6.0 14 200 M M 0 19 210
3 72 44 58 3 7 0 0.00 M M 7.5 13 210 M M 0 19 200
4 77 41 59 5 6 0 0.00 M M 7.0 14 200 M M 0 19 200
5 78 43 61 7 4 0 0.00 M M 6.9 13 200 M M 0 17 30
6 80 45 63 9 2 0 0.00 M M 7.8 14 200 M M 0 8 18 200
7 77 50 64 11 1 0 0.00 0.0 0 8.2 14 210 M M 0 8 19 200
8 75 45 60 7 5 0 0.00 M M 7.3 13 210 M M 0 18 210
9 76 44 60 8 5 0 0.00 M M 7.8 14 200 M M 0 17 200
10 76 49 63 11 2 0 0.00 M M 11.1 16 210 M M 0 24 200
11 70 52 61 10 4 0 0.00 M M 17.1 30 270 M M 0 39 300
12 72 50 61 10 4 0 0.00 M M 12.2 21 290 M M 0 8 27 200
13 74 47 61 10 4 0 0.00 M M 7.8 17 210 M M 0 8 22 210
14 72 45 59 9 6 0 0.00 M M 10.3 18 210 M M 0 8 23 210
15 72 39 56 6 9 0 0.00 M M 12.6 26 90 M M 0 8 35 90
16 73 44 59 10 6 0 0.00 M M 11.6 20 70 M M 0 27 100
17 75 37 56 7 9 0 0.00 M M 7.5 13 230 M M 0 17 200
18 76 42 59 11 6 0 0.00 M M 8.0 14 200 M M 0 17 210
19 73 41 57 9 8 0 0.00 M M 7.7 13 210 M M 0 8 18 200
20 74 43 59 11 6 0 0.00 M M 10.4 15 210 M M 0 8 21 210
21 70 52 61 14 4 0 0.00 M M 10.9 20 320 M M 1 25 330
22 61 35 48 1 17 0 0.52 M M 14.9 33 300 M M 6 1 41 280
23 45 32 39 -7 26 0 0.00 M M 21.4 32 290 M M 1 43 280
24 52 28 40 -6 25 0 0.02 M M 13.2 18 300 M M 4 29 280
25 50 30 40 -6 25 0 0.03 M M 10.8 22 260 M M 4 31 260
26 45 31 38 -7 27 0 T M M 15.3 29 290 M M 3 1 42 240
27 47 24 36 -9 29 0 0.00 M M 7.8 16 230 M M 0 8 24 240
28 57 21 39 -5 26 0 0.00 M M 6.1 13 250 M M 0 8 18 70
29 54 29 42 -2 23 0 0.00 M M 5.3 13 210 M M 0 8 17 230
30 60 31 46 2 19 0 0.00 M M 9.6 16 280 M M 0 8 22 300
31 65 39 52 9 13 0 0.00 M M 10.1 18 170 M M 0 26 170
================================================================================
SM 2088 1233 348 0 0.57 0.0 307.5 M 20
================================================================================
AV 67.4 39.8 9.9 FASTST M M 1 MAX(MPH)
MISC ----> 33 300 43 280
================================================================================
NOTES:
# LAST OF SEVERAL OCCURRENCES
COLUMN 17 PEAK WIND IN M.P.H.
PRELIMINARY LOCAL CLIMATOLOGICAL DATA (WS FORM: F-6) , PAGE 2
STATION: TWIN FALLS ID
MONTH: OCTOBER
YEAR: 2022
LATITUDE: 42 28 N
LONGITUDE: 114 29 W
[TEMPERATURE DATA] [PRECIPITATION DATA] SYMBOLS USED IN COLUMN 16
AVERAGE MONTHLY: 53.6 TOTAL FOR MONTH: 0.57 1 = FOG OR MIST
DPTR FM NORMAL: 4.3 DPTR FM NORMAL: -0.20 2 = FOG REDUCING VISIBILITY
HIGHEST: 80 ON 6 GRTST 24HR 0.52 ON 22-22 TO 1/4 MILE OR LESS
LOWEST: 21 ON 28 3 = THUNDER
SNOW, ICE PELLETS, HAIL 4 = ICE PELLETS
TOTAL MONTH: 0.0 INCH 5 = HAIL
GRTST 24HR 0.0 6 = FREEZING RAIN OR DRIZZLE
GRTST DEPTH: 0 7 = DUSTSTORM OR SANDSTORM:
VSBY 1/2 MILE OR LESS
8 = SMOKE OR HAZE
[NO. OF DAYS WITH] [WEATHER - DAYS WITH] 9 = BLOWING SNOW
X = TORNADO
MAX 32 OR BELOW: 0 0.01 INCH OR MORE: 3
MAX 90 OR ABOVE: 0 0.10 INCH OR MORE: 1
MIN 32 OR BELOW: 8 0.50 INCH OR MORE: 1
MIN 0 OR BELOW: 0 1.00 INCH OR MORE: 0
[HDD (BASE 65) ]
TOTAL THIS MO. 348 CLEAR (SCALE 0-3) 27
DPTR FM NORMAL -140 PTCLDY (SCALE 4-7) 4
TOTAL FM JUL 1 404 CLOUDY (SCALE 8-10) 0
DPTR FM NORMAL -261
[CDD (BASE 65) ]
TOTAL THIS MO. 0
DPTR FM NORMAL -3 [PRESSURE DATA]
TOTAL FM JAN 1 1001 HIGHEST SLP 30.34 ON 29
DPTR FM NORMAL 385 LOWEST SLP 29.34 ON 22
[REMARKS]
#FINAL-10-22#