000
CXUS53 KLOT 011509
CLMUGN
CLIMATE REPORT
NATIONAL WEATHER SERVICE CHICAGO IL
1009 AM CDT TUE AUG 01 2023
...................................
...THE WAUKEGAN IL CLIMATE SUMMARY FOR THE MONTH OF JULY 2023...
CLIMATE NORMAL PERIOD: 1991 TO 2020
CLIMATE RECORD PERIOD: 2000 TO 2023
WEATHER OBSERVED NORMAL DEPART LAST YEAR`S
VALUE DATE(S) VALUE FROM VALUE DATE(S)
NORMAL
................................................................
TEMPERATURE (F)
RECORD
HIGH 104 07/05/2012
07/04/2012
LOW 43 07/02/2001
HIGHEST 91 07/28 93 07/21
LOWEST 56 07/19 54 07/10
AVG. MAXIMUM 81.7 81.3 0.4 82.0
AVG. MINIMUM 63.3 61.9 1.4 63.2
MEAN 72.5 71.6 0.9 72.6
DAYS MAX >= 90 3 3.9 -0.9 4
DAYS MAX <= 32 0 0.0 0.0 0
DAYS MIN <= 32 0 0.0 0.0 0
DAYS MIN <= 0 0 0.0 0.0 0
PRECIPITATION (INCHES)
RECORD
MAXIMUM 7.96 2017
MINIMUM 0.50 2021
TOTALS 6.94 3.48 3.46 5.86
DAILY AVG. 0.22 0.11 0.11 0.19
DAYS >= .01 13 10.0 3.0 10
DAYS >= .10 9 5.2 3.8 8
DAYS >= .50 5 2.3 2.7 2
DAYS >= 1.00 2 1.1 0.9 1
GREATEST
24 HR. TOTAL 2.92 07/28 TO 07/28 4.04
DEGREE DAYS
HEATING TOTAL 0 13 -13 0
SINCE 7/1 0 4 -4 MM
COOLING TOTAL 239 218 21 242
SINCE 1/1 357 363 -6 MM
................................................................
WIND (MPH)
AVERAGE WIND SPEED 6.3
HIGHEST WIND SPEED/DIRECTION 40/210 DATE 07/28
HIGHEST GUST SPEED/DIRECTION 57/220 DATE 07/28
AVERAGE RH (PERCENT) 68
WEATHER CONDITIONS. NUMBER OF DAYS WITH
THUNDERSTORM 13 MIXED PRECIP 0
HEAVY RAIN 6 RAIN 8
LIGHT RAIN 13 FREEZING RAIN 0
LT FREEZING RAIN 0 HAIL 0
HEAVY SNOW 0 SNOW 0
LIGHT SNOW 0 SLEET 0
FOG 11 FOG W/VIS <= 1/4 MILE 0
HAZE 9
- INDICATES NEGATIVE NUMBERS.
R INDICATES RECORD WAS SET OR TIED.
MM INDICATES DATA IS MISSING.
T INDICATES TRACE AMOUNT.
$$