000
CXUS53 KLSX 012016
CLMUIN
CLIMATE REPORT
NATIONAL WEATHER SERVICE ST LOUIS MO
216 PM CST FRI MAR 01 2024
...................................
...THE QUINCY IL CLIMATE SUMMARY FOR THE MONTH OF FEBRUARY 2024...
CLIMATE NORMAL PERIOD 1991 TO 2020
CLIMATE RECORD PERIOD 1901 TO 2024
WEATHER OBSERVED NORMAL DEPART LAST YEAR`S
VALUE DATE(S) VALUE FROM VALUE
NORMAL
..............................................................
TEMPERATURE (F)
RECORD
HIGH 80 02/27/2024
LOW -29 02/13/1905
HIGHEST 80R 02/27 59
LOWEST 7 02/17 4
AVG. MAXIMUM 54.7 39.7 15.0 48.2
AVG. MINIMUM 29.8 22.7 7.1 26.6
MEAN 42.2 31.2 11.0 37.4
DAYS MAX >= 90 0 0.0 0.0 0
DAYS MAX <= 32 1 8.5 -7.5 1
DAYS MIN <= 32 18 22.8 -4.8 22
DAYS MIN <= 0 0 1.2 -1.2 0
PRECIPITATION (INCHES)
RECORD
MAXIMUM 5.15 1997
MINIMUM T 1907
TOTALS 0.07 1.77 -1.70 3.74
DAILY AVG. 0.00 NAN NAN 0.13
DAYS >= .01 2 7.4 -5.4 7
DAYS >= .10 0 3.2 -3.2 4
DAYS >= .50 0 1.0 -1.0 3
DAYS >= 1.00 0 0.6 -0.6 2
GREATEST
24 HR. TOTAL 0.05 02/16 TO 02/16
DEGREE DAYS
HEATING TOTAL 652 946 -294 766
SINCE 7/1 3466 4319 -853 MM
COOLING TOTAL 0 0 0 0
SINCE 1/1 0 0 0 MM
..............................................................
WIND (MPH)
HIGHEST WIND SPEED/DIRECTION 33/310 DATE 02/27
HIGHEST GUST SPEED/DIRECTION 53/200 DATE 02/08
SKY COVER
POSSIBLE SUNSHINE (PERCENT) MM
NUMBER OF DAYS FAIR 25
NUMBER OF DAYS PC 3
NUMBER OF DAYS CLOUDY 1
WEATHER CONDITIONS. NUMBER OF DAYS WITH
THUNDERSTORM 0 MIXED PRECIP 0
HEAVY RAIN 0 RAIN 0
LIGHT RAIN 2 FREEZING RAIN 0
LT FREEZING RAIN 0 HAIL 0
HEAVY SNOW 0 SNOW 2
LIGHT SNOW 2 SLEET 0
FOG 5 FOG W/VIS <= 1/4 MILE 2
HAZE 2
- INDICATES NEGATIVE NUMBERS.
R INDICATES RECORD WAS SET OR TIED.
MM INDICATES DATA IS MISSING.
T INDICATES TRACE AMOUNT.
$$