000
CXUS53 KLSX 011708
CLSUIN
CLIMATE REPORT
NATIONAL WEATHER SERVICE ST LOUIS MO
1108 AM CST WED DEC 01 2021
...................................
...THE QUINCY IL CLIMATE SUMMARY FOR THE SEASON, FROM
9/1/2021 TO 11/30/2021...
CLIMATE NORMAL PERIOD 1991 TO 2020
CLIMATE RECORD PERIOD 1901 TO 2021
WEATHER OBSERVED NORMAL DEPART LAST YEAR`S
VALUE DATE(S) VALUE FROM VALUE
NORMAL
..............................................................
TEMPERATURE (F)
RECORD
HIGH 105 09/04/1913
LOW -11 11/30/1964
HIGHEST 91 09/07
LOWEST 17 11/26
AVG. MAXIMUM 68.0 64.8 3.2
AVG. MINIMUM 47.7 44.8 2.9
MEAN 57.9 54.8 3.1
DAYS MAX >= 90 4
DAYS MAX <= 32 0
DAYS MAX >= 100 0
DAYS MIN <= 32 16
DAYS MIN <= 0 0
PRECIPITATION (INCHES)
RECORD
MAXIMUM 21.55 1977
MINIMUM 2.39 1956
TOTALS 11.47 8.55 2.92
DAYS >= .01 23
DAYS >= .10 14
DAYS >= .50 6
DAYS >= 1.00 2
GREATEST
24 HR. TOTAL 4.77 10/23 TO 10/24
DEGREE DAYS
HEATING TOTAL 883 1086 -203
SINCE 7/1 883 1091 -208
COOLING TOTAL 252 157 95
SINCE 1/1 1359 1153 206
..............................................................
WIND (MPH)
HIGHEST WIND SPEED/DIRECTION 36/270 DATE 11/12
HIGHEST GUST SPEED/DIRECTION 49/280 DATE 11/12
WEATHER CONDITIONS. NUMBER OF DAYS WITH
THUNDERSTORM 9 HAIL 0
FOG W/VIS <= 1/4 MILE 5
- INDICATES NEGATIVE NUMBERS.
R INDICATES RECORD WAS SET OR TIED.
MM INDICATES DATA IS MISSING.
T INDICATES TRACE AMOUNT.
...SEASONAL...
NO RECORDS OF NOTE.
...MONTHLY...
18TH DRIEST NOVEMBER ON RECORD (0.70 INCHES).
TIED 20TH WARMEST OCTOBER (49.5 DEGREES).
3RD WETTEST OCTOBER (9.30 INCHES).
TIED 19TH WARMEST SEPTEMBER (71.2 DEGREES).
18TH DRIEST SEPTEMBER (1.47 INCHES).
...DAILY...
1 RECORD HIGH MINIMUM TEMPERATURE SET (10/10).
2 RECORD RAINFALL VALUES SET (10/24 AND 10/11).
-- THE 4.69 INCHES ON 10/24 WAS ALSO THE WETTEST CALENDAR DAY IN
THE MONTH OF OCTOBER. PREVIOUS RECORD WAS 4.46 INCHES ON
10/12/1969.
$$