000
CXUS53 KLSX 020646
CLSUIN
CLIMATE REPORT
NATIONAL WEATHER SERVICE ST LOUIS MO
1246 AM CST FRI DEC 02 2022
...................................
...THE QUINCY IL CLIMATE SUMMARY FOR THE SEASON, FROM
9/1/2022 TO 11/30/2022...
CLIMATE NORMAL PERIOD 1991 TO 2020
CLIMATE RECORD PERIOD 1901 TO 2022
WEATHER OBSERVED NORMAL DEPART LAST YEAR`S
VALUE DATE(S) VALUE FROM VALUE
NORMAL
..............................................................
TEMPERATURE (F)
RECORD
HIGH 105 09/04/1913
LOW -11 11/30/1964
HIGHEST 94 09/20
LOWEST 14 11/20
AVG. MAXIMUM 66.4 64.8 1.6
AVG. MINIMUM 44.0 44.8 -0.8
MEAN 55.2 54.8 0.4
DAYS MAX >= 90 1
DAYS MAX <= 32 4
DAYS MAX >= 100 0
DAYS MIN <= 32 21
DAYS MIN <= 0 0
PRECIPITATION (INCHES)
RECORD
MAXIMUM 21.55 1977
MINIMUM 2.39 1956
TOTALS 7.98 8.55 -0.57
DAYS >= .01 19
DAYS >= .10 10
DAYS >= .50 5
DAYS >= 1.00 3
GREATEST
24 HR. TOTAL 2.75 09/17 TO 09/18
DEGREE DAYS
HEATING TOTAL 1053 1086 -33
SINCE 7/1 1053 1091 -38
COOLING TOTAL 187 157 30
SINCE 1/1 1370 1153 217
..............................................................
WIND (MPH)
HIGHEST WIND SPEED/DIRECTION 43/010 DATE 10/25
HIGHEST GUST SPEED/DIRECTION 54/010 DATE 10/25
WEATHER CONDITIONS. NUMBER OF DAYS WITH
THUNDERSTORM 2 HAIL 0
FOG W/VIS <= 1/4 MILE 5
- INDICATES NEGATIVE NUMBERS.
R INDICATES RECORD WAS SET OR TIED.
MM INDICATES DATA IS MISSING.
T INDICATES TRACE AMOUNT.
...SEASONAL...
NO RECORDS OF NOTE.
...MONTHLY...
NO RECORDS OF NOTE.
...DAILY...
3 RECORD HIGH TEMPERATURES SET OR TIED (11/09, 11/04, AND 10/22).
2 RECORD LOW MAXIMUM TEMPERATURES SET OR TIED (10/17 AND 09/23).
RECORD PRECIPITATION VALUE OF 2.74 INCHES SET ON 09/18. PREVIOUS
2.26 IN 1975.
$$
GOSSELIN