000
CXUS53 KSGF 010800
CF6UNO
PRELIMINARY LOCAL CLIMATOLOGICAL DATA (WS FORM: F-6)

                                          STATION:   WEST PLAINS MO
                                          MONTH:     NOVEMBER
                                          YEAR:      2013
                                          LATITUDE:   36 52 N
                                          LONGITUDE:  91 55 W

  TEMPERATURE IN F:       :PCPN:    SNOW:  WIND      :SUNSHINE: SKY     :PK WND
================================================================================
1   2   3   4   5  6A  6B    7    8   9   10  11  12  13   14  15   16   17  18
                                     12Z  AVG MX 2MIN
DY MAX MIN AVG DEP HDD CDD  WTR  SNW DPTH SPD SPD DIR MIN PSBL S-S WX    SPD DR
================================================================================

 1  67  43  55   3  10   0 0.02    M    M  8.1 20 290   M    M   2        28 310
 2  55  34  45  -7  20   0 0.00    M    M  7.2 20 350   M    M   4        27 340
 3  57  31  44  -8  21   0 0.00    M    M  5.9 15 160   M    M   0        21 160
 4  56  46  51   0  14   0 0.05    M    M  9.6 16 180   M    M   5 1      22 160
 5  57  50  54   3  11   0 0.33    M    M  7.3 16 170   M    M   8 1      23 130
 6  61  35  48  -3  17   0 0.94    M    M 11.0 20 320   M    M   9 1      27 310
 7  61  32  47  -3  18   0 0.00    M    M  5.6 15 310   M    M   0        22 320
 8  59  31  45  -5  20   0 0.00    M    M  6.3 16 160   M    M   0 8      21 180
 9  67  40  54   4  11   0 0.00    M    M  6.3 15 250   M    M   1 8      20 220
10  66  40  53   4  12   0 0.00    M    M  4.6 13  50   M    M   1        18  50
11  66  35  51   2  14   0    T    M    0  6.0 22  10   M    M   8 18     32  10
12  40  21  31 -17  34   0 0.00  0.0    0 11.0 23  20   M    M   3        31  10
13  45  16  31 -17  34   0 0.00  0.0    0  4.4 10 180   M    M   0        15 200
14  55  24  40  -8  25   0 0.00    M    M  7.6 14 190   M    M   0         M  M
15  50  42  46  -1  19   0 0.03    M    M  7.0 14 160   M    M  10 1      19 160
16  66  51  59  12   6   0 0.11    M    M 12.3 22 180   M    M  10 13     31 180
17  78  52  65  19   0   0 0.00    M    M 13.2 30 250   M    M   3        44 260
18  61  35  48   2  17   0 0.00  0.0    0  5.8 16 330   M    M   0        22 340
19  54  32  43  -2  22   0 0.00  0.0    0  5.9 13 100   M    M   0        17 110
20  56  35  46   1  19   0    T    M    0  8.7 18 150   M    M   6        23 160
21  52  45  49   5  16   0 3.01    M    M  3.9 13 160   M    M  10 123    17 150
22  51  32  42  -2  23   0 0.00    M    M 11.7 20 350   M    M  10 1      25 350
23  42  19  31 -13  34   0 0.00    M    M 11.9 20  10   M    M   4        27 340
24  29  13  21 -22  44   0 0.00    M    M  6.1 15  30   M    M   2        18  20
25  33  27  30 -13  35   0 0.01    M    M  4.3 12 110   M    M  10        14 120
26  47  24  36  -6  29   0    T    M    M 11.0 23 350   M    M   6        33 360
27  35  18  27 -15  38   0 0.00    M    M  8.1 20 350   M    M   0        29 340
28  52  22  37  -5  28   0 0.00    M    M  5.9 15 260   M    M   0        18 260
29  52  27  40  -1  25   0 0.00    M    M  5.5 10 160   M    M   0        16 100
30  57  27  42   1  23   0 0.00    M    M  6.2 14 180   M    M   1        19 200
================================================================================
SM 1627  979       639   0  4.50     0.0 228.4          M      113
================================================================================
AV 54.2 32.6                               7.6 FASTST   M    M   4    MAX(MPH)
                                 MISC ---->  # 30 250               # 44  260
================================================================================
NOTES:
# LAST OF SEVERAL OCCURRENCES

COLUMN 17 PEAK WIND IN M.P.H.

PRELIMINARY LOCAL CLIMATOLOGICAL DATA (WS FORM: F-6) , PAGE 2

                                          STATION:  WEST PLAINS MO
                                          MONTH:    NOVEMBER
                                          YEAR:     2013
                                          LATITUDE:   36 52 N
                                          LONGITUDE:  91 55 W

[TEMPERATURE DATA]      [PRECIPITATION DATA]       SYMBOLS USED IN COLUMN 16

AVERAGE MONTHLY: 43.4   TOTAL FOR MONTH:   4.50    1 = FOG OR MIST
DPTR FM NORMAL:  -3.4   DPTR FM NORMAL:   -0.08    2 = FOG REDUCING VISIBILITY
HIGHEST:    78 ON 17    GRTST 24HR  3.01 ON 21-21      TO 1/4 MILE OR LESS
LOWEST:     13 ON 24                               3 = THUNDER
                        SNOW, ICE PELLETS, HAIL    4 = ICE PELLETS
                        TOTAL MONTH:   0.0 INCH    5 = HAIL
                        GRTST 24HR     0.0         6 = FREEZING RAIN OR DRIZZLE
                        GRTST DEPTH:   0           7 = DUSTSTORM OR SANDSTORM:
                                                       VSBY 1/2 MILE OR LESS
                                                   8 = SMOKE OR HAZE
[NO. OF DAYS WITH]      [WEATHER - DAYS WITH]      9 = BLOWING SNOW
                                                   X = TORNADO
MAX 32 OR BELOW:   1    0.01 INCH OR MORE:   8
MAX 90 OR ABOVE:   0    0.10 INCH OR MORE:   4
MIN 32 OR BELOW:  16    0.50 INCH OR MORE:   2
MIN  0 OR BELOW:   0    1.00 INCH OR MORE:   1

[HDD (BASE 65) ]
TOTAL THIS MO.   639    CLEAR  (SCALE 0-3)  16
DPTR FM NORMAL    90    PTCLDY (SCALE 4-7)   8
TOTAL FM JUL 1   912    CLOUDY (SCALE 8-10)  6
DPTR FM NORMAL    60

[CDD (BASE 65) ]
TOTAL THIS MO.     0
DPTR FM NORMAL    -2    [PRESSURE DATA]
TOTAL FM JAN 1  1073    HIGHEST SLP M ON M
DPTR FM NORMAL  -281    LOWEST  SLP 29.46 ON 17

[REMARKS]
#FINAL-11-13#
