000
CXUS53 KSGF 181500
CF6UNO
PRELIMINARY LOCAL CLIMATOLOGICAL DATA (WS FORM: F-6)

                                          STATION:   WEST PLAINS MO
                                          MONTH:     JANUARY
                                          YEAR:      2014
                                          LATITUDE:   36 52 N
                                          LONGITUDE:  91 55 W

  TEMPERATURE IN F:       :PCPN:    SNOW:  WIND      :SUNSHINE: SKY     :PK WND
================================================================================
1   2   3   4   5  6A  6B    7    8   9   10  11  12  13   14  15   16   17  18
                                     12Z  AVG MX 2MIN
DY MAX MIN AVG DEP HDD CDD  WTR  SNW DPTH SPD SPD DIR MIN PSBL S-S WX    SPD DR
================================================================================

 1  47  28  38   4  27   0 0.00    M    M  6.7 17 350   M    M   3        25 350
 2  30  10  20 -14  45   0    T    M    M 11.3 21 320   M    M   4 18     29 350
 3  30   6  18 -16  47   0 0.00    M    M  8.0 17 160   M    M   0        22 160
 4  37  23  30  -4  35   0 0.08    M    M  8.5 16 170   M    M   6 1      22 170
 5  34   5  20 -14  45   0 0.59    M    M 15.0 25 340   M    M   8 126    37 350
 6   6  -4   1 -33  64   0 0.00    M    M 11.8 21 320   M    M   0        28 330
 7  31  -4  14 -20  51   0 0.00    M    M  7.8 16 180   M    M   0        22 200
 8  32  22  27  -7  38   0    T    M    M  5.4 13 150   M    M   5 168    17 160
 9  32  29  31  -3  34   0 0.01    M    M  7.2 14 160   M    M  10 126    21 170
10  48  31  40   6  25   0 0.89    M    M  8.7 21 280   M    M  10 12     27 280
11  50  30  40   6  25   0 0.00    M    M  9.7 20 270   M    M   2 1      28 250
12  61  27  44  10  21   0 0.00    M    M 11.1 26 190   M    M   0        36 200
13  57  29  43   9  22   0 0.00    M    M  7.1 20 300   M    M   2        28 310
14  50  30  40   6  25   0 0.00    M    M  9.5 22 310   M    M   2        29 300
15  35  21  28  -6  37   0 0.00    M    M  8.2 18 320   M    M   0        26 320
16  52  28  40   6  25   0    T    M    M 10.8 24 320   M    M   6 1      35 280
17  33  17  25  -9  40   0    T    M    M 11.5 28 290   M    M   3        36 320
18  53  16  35   1  30   0 0.00    M    M 13.4 29 300   M    M   6        43 300
19  52  21  37   3  28   0 0.00    M    M  9.8 18 310   M    M   0        23 320
20  64  34  49  15  16   0 0.00    M    M  7.4 21 310   M    M   0        28 320
21  40  14  27  -7  38   0    T    M    M 10.8 32 310   M    M   4        48 310
22  40  16  28  -6  37   0 0.00    M    M  7.0 23 320   M    M   3        29 310
23  27   3  15 -19  50   0 0.00    M    M 11.1 18 350   M    M   1        28 350
24  33   1  17 -17  48   0 0.00    M    M 10.7 21 220   M    M   1        30 200
25  52  23  38   4  27   0 0.00    M    M 11.1 29 310   M    M   3        35 310
26  67  23  45  11  20   0 0.00    M    M  9.7 25 330   M    M   0        41 330
27  37  13  25  -9  40   0 0.00    M    M 12.7 26 340   M    M   6        38 350
28  25   8  17 -18  48   0 0.00    M    M  6.5 14 290   M    M   3        19 310
29  36   2  19 -16  46   0 0.00    M    M  5.2 16 230   M    M   0        22 220
30  43  20  32  -3  33   0 0.00    M    M 10.5 26 190   M    M   0 8      42 210
31  34  23  29  -6  36   0 0.03    M    M  4.9 12 120   M    M   8 128    17 120
================================================================================
SM 1268  545      1103   0  1.60    M    289.1          M       96
================================================================================
AV 40.9 17.6                               9.3 FASTST   M    M   3    MAX(MPH)
                                 MISC ---->  # 32 310               # 48  310
================================================================================
NOTES:
# LAST OF SEVERAL OCCURRENCES

COLUMN 17 PEAK WIND IN M.P.H.

PRELIMINARY LOCAL CLIMATOLOGICAL DATA (WS FORM: F-6) , PAGE 2

                                          STATION:  WEST PLAINS MO
                                          MONTH:    JANUARY
                                          YEAR:     2014
                                          LATITUDE:   36 52 N
                                          LONGITUDE:  91 55 W

[TEMPERATURE DATA]      [PRECIPITATION DATA]       SYMBOLS USED IN COLUMN 16

AVERAGE MONTHLY: 29.2   TOTAL FOR MONTH:   1.60    1 = FOG OR MIST
DPTR FM NORMAL:  -4.8   DPTR FM NORMAL:   -1.12    2 = FOG REDUCING VISIBILITY
HIGHEST:    67 ON 26    GRTST 24HR  0.89 ON 10-10      TO 1/4 MILE OR LESS
LOWEST:     -4 ON  7, 6                            3 = THUNDER
                        SNOW, ICE PELLETS, HAIL    4 = ICE PELLETS
                        TOTAL MONTH:    M          5 = HAIL
                        GRTST 24HR    M  ON   M    6 = FREEZING RAIN OR DRIZZLE
                        GRTST DEPTH:  M  ON   M    7 = DUSTSTORM OR SANDSTORM:
                                                       VSBY 1/2 MILE OR LESS
                                                   8 = SMOKE OR HAZE
[NO. OF DAYS WITH]      [WEATHER - DAYS WITH]      9 = BLOWING SNOW
                                                   X = TORNADO
MAX 32 OR BELOW:   8    0.01 INCH OR MORE:   5
MAX 90 OR ABOVE:   0    0.10 INCH OR MORE:   2
MIN 32 OR BELOW:  30    0.50 INCH OR MORE:   2
MIN  0 OR BELOW:   2    1.00 INCH OR MORE:   0

[HDD (BASE 65) ]
TOTAL THIS MO.  1103    CLEAR  (SCALE 0-3)  17
DPTR FM NORMAL   144    PTCLDY (SCALE 4-7)  11
TOTAL FM JUL 1  2860    CLOUDY (SCALE 8-10)  3
DPTR FM NORMAL   156

[CDD (BASE 65) ]
TOTAL THIS MO.     0
DPTR FM NORMAL     0    [PRESSURE DATA]
TOTAL FM JAN 1     0    HIGHEST SLP 30.79 ON 23
DPTR FM NORMAL     0    LOWEST  SLP 29.62 ON 10

[REMARKS]
#FINAL-01-14#
