000
CXUS53 KSGF 010800
CF6UNO
PRELIMINARY LOCAL CLIMATOLOGICAL DATA (WS FORM: F-6)

                                          STATION:   WEST PLAINS MO
                                          MONTH:     AUGUST
                                          YEAR:      2013
                                          LATITUDE:   36 52 N
                                          LONGITUDE:  91 55 W

  TEMPERATURE IN F:       :PCPN:    SNOW:  WIND      :SUNSHINE: SKY     :PK WND
================================================================================
1   2   3   4   5  6A  6B    7    8   9   10  11  12  13   14  15   16   17  18
                                     12Z  AVG MX 2MIN
DY MAX MIN AVG DEP HDD CDD  WTR  SNW DPTH SPD SPD DIR MIN PSBL S-S WX    SPD DR
================================================================================

 1  85  64  75  -3   0  10 0.00    M    M  3.4 10  60   M    M   0        15  80
 2  84  65  75  -3   0  10 0.00    M    M  5.0 15 150   M    M   2        21 150
 3  86  68  77  -1   0  12 0.67    M    M  4.1 16 210   M    M   5 13     24 220
 4  75  70  73  -5   0   8 0.24    M    M  3.9 10 110   M    M   9 1      14 110
 5  79  67  73  -5   0   8 2.58    M    M  4.9 15 110   M    M   8 123    17 120
 6  79  67  73  -5   0   8 2.20    M    M  6.6 17 310   M    M   8 13     25 310
 7  82  68  75  -3   0  10 1.60    M    M  4.5 21 350   M    M   5 13     29 350
 8  82  70  76  -2   0  11 1.22    M    M  2.3 16 320   M    M   7 13     21 330
 9  85  71  78   0   0  13 1.30    M    M  2.4 18 320   M    M   7 123    21 320
10  80  66  73  -5   0   8 0.79    M    M  5.2 14  50   M    M   5 13     20  30
11  81  66  74  -4   0   9 0.00    M    M  3.2 12 120   M    M   6 1      14 130
12  83  71  77  -1   0  12 0.01    M    M  3.8 10 280   M    M   5 13     16 290
13  81  64  73  -5   0   8 0.00    M    M  5.6 13  30   M    M   0        16  20
14  74  55  65 -13   0   0 0.00    M    M  5.7 14  40   M    M   1        18  80
15  74  50  62 -16   3   0 0.00    M    M  3.1  9  50   M    M   2        13  30
16  74  53  64 -14   1   0 0.00    M    M  4.2 13  30   M    M   1        15  30
17  78  58  68 -10   0   3 0.01    M    M  5.1 15  40   M    M   4        21  30
18  80  59  70  -7   0   5 0.00    M    M  2.7 12  30   M    M   2 1      15  50
19  83  60  72  -5   0   7 0.00    M    M  1.0  7 150   M    M   1 1      12 110
20  84  60  72  -5   0   7 0.00    M    M  1.8  8 110   M    M   0 1      14 140
21  87  62  75  -2   0  10 0.00    M    M  2.0  9 210   M    M   1 1      13 220
22  89  66  78   1   0  13 0.00    M    M   M   8   M   M    M   1 1       M  M
23  89  66  78   1   0  13 0.00    M    M  1.2  8  80   M    M   0 1      10  40
24  88  66  77   1   0  12 0.00    M    M  3.6 10 130   M    M   2 128    14 110
25  89  64  77   1   0  12 0.00    M    M  2.6  9 130   M    M   1 18     13 120
26  88  71  80   4   0  15 0.00    M    M  3.5 10 160   M    M   2 1      14 160
27  89  69  79   3   0  14 0.00    M    M  3.5 10 260   M    M   2        14 270
28  92  70  81   5   0  16 0.00    M    M  3.9 12 230   M    M   1        15 250
29  93  68  81   6   0  16 0.00    M    M  2.1  8 230   M    M   1        12 270
30  93  72  83   8   0  18 0.00    M    M  4.1 10 260   M    M   0        14 240
31  95  74  85  10   0  20 0.00    M    M  5.2 13 270   M    M   0        18 290
================================================================================
SM 2601 2020         4 308 10.62    M    110.2          M       89
================================================================================
AV 83.9 65.2                               3.7 FASTST   M    M   3    MAX(MPH)
                                 MISC ---->  # 21 350               # 29  350
================================================================================
NOTES:
# LAST OF SEVERAL OCCURRENCES

COLUMN 17 PEAK WIND IN M.P.H.

PRELIMINARY LOCAL CLIMATOLOGICAL DATA (WS FORM: F-6) , PAGE 2

                                          STATION:  WEST PLAINS MO
                                          MONTH:    AUGUST
                                          YEAR:     2013
                                          LATITUDE:   36 52 N
                                          LONGITUDE:  91 55 W

[TEMPERATURE DATA]      [PRECIPITATION DATA]       SYMBOLS USED IN COLUMN 16

AVERAGE MONTHLY: 74.5   TOTAL FOR MONTH:  10.62    1 = FOG OR MIST
DPTR FM NORMAL:  -2.7   DPTR FM NORMAL:    7.39    2 = FOG REDUCING VISIBILITY
HIGHEST:    95 ON 31    GRTST 24HR  3.43 ON  5- 6      TO 1/4 MILE OR LESS
LOWEST:     50 ON 15                               3 = THUNDER
                        SNOW, ICE PELLETS, HAIL    4 = ICE PELLETS
                        TOTAL MONTH:    M          5 = HAIL
                        GRTST 24HR    M  ON   M    6 = FREEZING RAIN OR DRIZZLE
                        GRTST DEPTH:  M  ON   M    7 = DUSTSTORM OR SANDSTORM:
                                                       VSBY 1/2 MILE OR LESS
                                                   8 = SMOKE OR HAZE
[NO. OF DAYS WITH]      [WEATHER - DAYS WITH]      9 = BLOWING SNOW
                                                   X = TORNADO
MAX 32 OR BELOW:   0    0.01 INCH OR MORE:  10
MAX 90 OR ABOVE:   4    0.10 INCH OR MORE:   8
MIN 32 OR BELOW:   0    0.50 INCH OR MORE:   7
MIN  0 OR BELOW:   0    1.00 INCH OR MORE:   5

[HDD (BASE 65) ]
TOTAL THIS MO.     4    CLEAR  (SCALE 0-3)  20
DPTR FM NORMAL     3    PTCLDY (SCALE 4-7)   9
TOTAL FM JUL 1     4    CLOUDY (SCALE 8-10)  2
DPTR FM NORMAL     3

[CDD (BASE 65) ]
TOTAL THIS MO.   308
DPTR FM NORMAL   -71    [PRESSURE DATA]
TOTAL FM JAN 1   842    HIGHEST SLP M ON M
DPTR FM NORMAL  -330    LOWEST  SLP 29.78 ON 31

[REMARKS]
#FINAL-08-13#
