000
CXUS53 KSGF 010710
CF6UNO
PRELIMINARY LOCAL CLIMATOLOGICAL DATA (WS FORM: F-6)
STATION: WEST PLAINS MO
MONTH: APRIL
YEAR: 2023
LATITUDE: 36 52 N
LONGITUDE: 91 55 W
TEMPERATURE IN F: :PCPN: SNOW: WIND :SUNSHINE: SKY :PK WND
================================================================================
1 2 3 4 5 6A 6B 7 8 9 10 11 12 13 14 15 16 17 18
12Z AVG MX 2MIN
DY MAX MIN AVG DEP HDD CDD WTR SNW DPTH SPD SPD DIR MIN PSBL S-S WX SPD DR
================================================================================
1 62 39 51 -2 14 0 0.00 M M 13.5 29 290 M M 1 50 300
2 73 35 54 1 11 0 0.00 M M 8.6 18 190 M M 0 28 160
3 71 56 64 10 1 0 0.00 M M 10.3 18 180 M M 5 28 160
4 79 67 73 19 0 8 T M M 13.6 25 180 M M 6 1 38 170
5 74 39 57 3 8 0 0.10 M M 11.1 22 190 M M 5 138 40 180
6 54 37 46 -9 19 0 0.00 M M 6.8 13 40 M M 0 17 30
7 62 36 49 -6 16 0 0.00 M M 8.0 14 60 M M 0 20 80
8 69 37 53 -2 12 0 0.00 M M 7.2 15 50 M M 0 20 50
9 68 37 53 -3 12 0 0.00 M M 5.8 13 160 M M 1 19 120
10 71 41 56 0 9 0 0.00 M M 2.7 10 180 M M 2 1 17 260
11 73 44 59 3 6 0 0.00 M M 3.9 13 160 M M 0 17 160
12 76 46 61 5 4 0 0.00 M M 5.2 13 200 M M 0 17 150
13 76 44 60 3 5 0 0.00 M M 2.3 13 80 M M 0 8 17 120
14 77 51 64 7 1 0 0.00 M M 6.5 15 160 M M 1 20 140
15 80 45 63 6 2 0 0.82 M M 10.3 35 290 M M 5 13 58 290
16 61 40 51 -7 14 0 0.00 M M 12.7 28 280 M M 3 43 320
17 71 39 55 -3 10 0 0.00 M M 8.3 21 270 M M 0 31 310
18 80 54 67 9 0 2 0.00 M M 8.8 17 180 M M 1 28 200
19 79 58 69 11 0 4 0.00 M M 13.2 26 190 M M 0 46 160
20 71 52 62 3 3 0 0.43 M M 11.0 23 180 M M 6 13 38 180
21 65 44 55 -4 10 0 0.00 M M 6.1 17 310 M M 2 26 310
22 57 38 48 -11 17 0 0.00 M M 8.9 22 320 M M 0 31 320
23 58 29 44 -16 21 0 0.00 M M 5.2 14 340 M M 0 22 290
24 62 31 47 -13 18 0 0.00 M M 4.3 13 100 M M 0 18 90
25 64 44 54 -6 11 0 0.00 M M 3.8 13 110 M M 3 20 190
26 68 40 54 -6 11 0 0.00 M M 7.2 16 120 M M 3 25 120
27 57 50 54 -7 11 0 0.68 M M 7.3 17 70 M M 10 13 24 80
28 65 50 58 -3 7 0 T M M 3.3 9 20 M M 9 1 14 20
29 68 51 60 -1 5 0 0.00 M M 7.9 25 340 M M 6 38 310
30 62 40 51 -10 14 0 0.00 M M 12.2 29 320 M M 2 44 320
================================================================================
SM 2053 1314 272 14 2.03 M 236.0 M 71
================================================================================
AV 68.4 43.8 7.9 FASTST M M 2 MAX(MPH)
MISC ----> 35 290 58 290
================================================================================
NOTES:
# LAST OF SEVERAL OCCURRENCES
COLUMN 17 PEAK WIND IN M.P.H.
PRELIMINARY LOCAL CLIMATOLOGICAL DATA (WS FORM: F-6) , PAGE 2
STATION: WEST PLAINS MO
MONTH: APRIL
YEAR: 2023
LATITUDE: 36 52 N
LONGITUDE: 91 55 W
[TEMPERATURE DATA] [PRECIPITATION DATA] SYMBOLS USED IN COLUMN 16
AVERAGE MONTHLY: 56.1 TOTAL FOR MONTH: 2.03 1 = FOG OR MIST
DPTR FM NORMAL: -1.3 DPTR FM NORMAL: -3.28 2 = FOG REDUCING VISIBILITY
HIGHEST: 80 ON 18,15 GRTST 24HR 0.82 ON 15-15 TO 1/4 MILE OR LESS
LOWEST: 29 ON 23 3 = THUNDER
SNOW, ICE PELLETS, HAIL 4 = ICE PELLETS
TOTAL MONTH: M 5 = HAIL
GRTST 24HR M ON M 6 = FREEZING RAIN OR DRIZZLE
GRTST DEPTH: M ON M 7 = DUSTSTORM OR SANDSTORM:
VSBY 1/2 MILE OR LESS
8 = SMOKE OR HAZE
[NO. OF DAYS WITH] [WEATHER - DAYS WITH] 9 = BLOWING SNOW
X = TORNADO
MAX 32 OR BELOW: 0 0.01 INCH OR MORE: 4
MAX 90 OR ABOVE: 0 0.10 INCH OR MORE: 4
MIN 32 OR BELOW: 2 0.50 INCH OR MORE: 2
MIN 0 OR BELOW: 0 1.00 INCH OR MORE: 0
[HDD (BASE 65) ]
TOTAL THIS MO. 272 CLEAR (SCALE 0-3) 22
DPTR FM NORMAL 19 PTCLDY (SCALE 4-7) 6
TOTAL FM JUL 1 3822 CLOUDY (SCALE 8-10) 2
DPTR FM NORMAL -352
[CDD (BASE 65) ]
TOTAL THIS MO. 14
DPTR FM NORMAL -10 [PRESSURE DATA]
TOTAL FM JAN 1 14 HIGHEST SLP M ON M
DPTR FM NORMAL -14 LOWEST SLP 29.57 ON 4
[REMARKS]
#FINAL-04-23#