000
CXUS53 KSGF 080651
CF6UNO
PRELIMINARY LOCAL CLIMATOLOGICAL DATA (WS FORM: F-6)

                                          STATION:   WEST PLAINS MO
                                          MONTH:     JULY
                                          YEAR:      2013
                                          LATITUDE:   36 52 N
                                          LONGITUDE:  91 55 W

  TEMPERATURE IN F:       :PCPN:    SNOW:  WIND      :SUNSHINE: SKY     :PK WND
================================================================================
1   2   3   4   5  6A  6B    7    8   9   10  11  12  13   14  15   16   17  18
                                     12Z  AVG MX 2MIN
DY MAX MIN AVG DEP HDD CDD  WTR  SNW DPTH SPD SPD DIR MIN PSBL S-S WX    SPD DR
================================================================================

 1  79  62  71  -6   0   6 0.00    M    M  7.4 18  20   M    M   3 3      28  10
 2  76  54  65 -12   0   0 0.00    M    M  4.3 16  10   M    M   2        24  20
 3  82  53  68  -9   0   3 0.00    M    M  2.4 10 320   M    M   1        14 350
 4  83  55  69  -8   0   4 0.00    M    M  1.5 12  70   M    M   0        15  70
 5  86  56  71  -7   0   6 0.00    M    M  3.1 14 170   M    M   2 13     18 180
 6  86  60  73  -5   0   8 0.00    M    M  2.9 12 160   M    M   1 12     14 110
 7  90  61  76  -2   0  11 0.00    M    M  4.4 13 160   M    M   0 1      17 140
 8  92  67  80   2   0  15 0.00    M    M  3.2 13 160   M    M   1         M  M
 9  94  74  84   6   0  19 0.00    M    M  6.2 13 210   M    M   1        18 190
10  93  75  84   6   0  19 0.00    M    M  3.8 10  30   M    M   1        13  30
11  89  64  77  -1   0  12 0.00    M    M  6.8 14  20   M    M   0        18  30
12  87  57  72  -6   0   7 0.00    M    M  4.5 12  30   M    M   0        20 330
13  88  54  71  -7   0   6 0.00    M    M  2.4 14  40   M    M   0        21  50
14  89  60  75  -3   0  10 0.00    M    M  5.3 18 160   M    M   1 3      25 150
15  85  65  75  -3   0  10 0.13    M    M  5.0 14 110   M    M   5 13     18  50
16  90  69  80   2   0  15 0.00    M    M  5.3 15 100   M    M   3 12     21 100
17  93  67  80   2   0  15 0.00    M    M  2.9 14 110   M    M   1 1      17  60
18   M  69   M   M   M   M    M    M    M   M   M   M   M    M   M         M  M
19  93   M   M   M   M   M 0.00    M    M   M  17 350   M    M   0 3      22 350
20  94  68  81   3   0  16 0.23    M    M  3.7 18 250   M    M   1 13     26 250
21  84  70  77  -1   0  12 2.03    M    M  3.5 22 250   M    M   5 13     30 260
22  89  70  80   2   0  15 0.43    M    M  4.0 14 260   M    M   3 13     21 250
23  89  67  78   0   0  13 1.03    M    M  5.5 29 340   M    M   1 13     41 360
24  83  64  74  -4   0   9 0.00    M    M  3.5 13  40   M    M   4        16  40
25  80  57  69  -9   0   4 0.00    M    M  2.0 13  20   M    M   0        16  60
26  75  64  70  -8   0   5 0.20    M    M  2.8 10 250   M    M   6 1      13 250
27  79  58  69  -9   0   4 0.00    M    M  4.5 13 310   M    M   5 1      17 320
28  73  57  65 -13   0   0 0.00    M    M  2.8  8 250   M    M   3        12 170
29  79  64  72  -6   0   7    T    M    M  5.6 12 110   M    M   2        16 130
30  81  67  74  -4   0   9 1.98    M    M  4.6 17 270   M    M   8 13     26 270
31  88  69  79   1   0  14 0.09    M    M  5.0 15 340   M    M   4 12     20 340
================================================================================
SM 2569 1897         0 274  6.12    M    118.9          M       64
================================================================================
AV 85.6 63.2                               4.1 FASTST   M    M   2    MAX(MPH)
                                 MISC ---->  # 29 340               # 41  360
================================================================================
NOTES:
# LAST OF SEVERAL OCCURRENCES

COLUMN 17 PEAK WIND IN M.P.H.

PRELIMINARY LOCAL CLIMATOLOGICAL DATA (WS FORM: F-6) , PAGE 2

                                          STATION:  WEST PLAINS MO
                                          MONTH:    JULY
                                          YEAR:     2013
                                          LATITUDE:   36 52 N
                                          LONGITUDE:  91 55 W

[TEMPERATURE DATA]      [PRECIPITATION DATA]       SYMBOLS USED IN COLUMN 16

AVERAGE MONTHLY: 74.4   TOTAL FOR MONTH:   6.12    1 = FOG OR MIST
DPTR FM NORMAL:  -3.6   DPTR FM NORMAL:    2.57    2 = FOG REDUCING VISIBILITY
HIGHEST:    94 ON 20, 9 GRTST 24HR  2.46 ON 21-22      TO 1/4 MILE OR LESS
LOWEST:     53 ON  3                               3 = THUNDER
                        SNOW, ICE PELLETS, HAIL    4 = ICE PELLETS
                        TOTAL MONTH:    M          5 = HAIL
                        GRTST 24HR    M  ON   M    6 = FREEZING RAIN OR DRIZZLE
                        GRTST DEPTH:  M  ON   M    7 = DUSTSTORM OR SANDSTORM:
                                                       VSBY 1/2 MILE OR LESS
                                                   8 = SMOKE OR HAZE
[NO. OF DAYS WITH]      [WEATHER - DAYS WITH]      9 = BLOWING SNOW
                                                   X = TORNADO
MAX 32 OR BELOW:   0    0.01 INCH OR MORE:   8
MAX 90 OR ABOVE:   8    0.10 INCH OR MORE:   7
MIN 32 OR BELOW:   0    0.50 INCH OR MORE:   3
MIN  0 OR BELOW:   0    1.00 INCH OR MORE:   3

[HDD (BASE 65) ]
TOTAL THIS MO.     0    CLEAR  (SCALE 0-3)  21
DPTR FM NORMAL     0    PTCLDY (SCALE 4-7)   9
TOTAL FM JUL 1     0    CLOUDY (SCALE 8-10)  0
DPTR FM NORMAL     0

[CDD (BASE 65) ]
TOTAL THIS MO.   274
DPTR FM NORMAL  -131    [PRESSURE DATA]
TOTAL FM JAN 1   534    HIGHEST SLP 30.33 ON 17
DPTR FM NORMAL  -259    LOWEST  SLP 29.80 ON 23

[REMARKS]
#FINAL-07-13#
