000
CXUS53 KSGF 010710
CF6UNO
PRELIMINARY LOCAL CLIMATOLOGICAL DATA (WS FORM: F-6)
STATION: WEST PLAINS MO
MONTH: MARCH
YEAR: 2023
LATITUDE: 36 52 N
LONGITUDE: 91 55 W
TEMPERATURE IN F: :PCPN: SNOW: WIND :SUNSHINE: SKY :PK WND
================================================================================
1 2 3 4 5 6A 6B 7 8 9 10 11 12 13 14 15 16 17 18
12Z AVG MX 2MIN
DY MAX MIN AVG DEP HDD CDD WTR SNW DPTH SPD SPD DIR MIN PSBL S-S WX SPD DR
================================================================================
1 67 43 55 12 10 0 0.00 M M 6.3 15 280 M M 0 21 290
2 56 42 49 6 16 0 1.97 M M 11.0 22 20 M M 5 13 30 30
3 52 36 44 1 21 0 1.37 M M 11.7 25 290 M M 9 13 42 300
4 62 32 47 3 18 0 0.00 M M 2.9 9 190 M M 1 12 14 180
5 67 34 51 7 14 0 0.00 M M 9.1 20 170 M M 1 30 160
6 77 51 64 20 1 0 0.00 M M 8.5 17 250 M M 0 27 250
7 61 39 50 6 15 0 T M M 11.6 20 50 M M 4 26 30
8 49 41 45 0 20 0 0.45 M M 8.9 20 100 M M 9 1 30 110
9 47 40 44 -1 21 0 0.21 M M 6.6 17 320 M M 10 1 29 330
10 53 36 45 -1 20 0 0.00 M M 8.7 17 320 M M 4 24 290
11 41 35 38 -8 27 0 0.05 M M 8.4 18 120 M M 8 1 25 120
12 52 34 43 -3 22 0 0.00 M M 9.6 20 350 M M 5 1 30 350
13 43 26 35 -11 30 0 0.00 M M 9.7 16 320 M M 3 26 330
14 48 26 37 -10 28 0 0.00 M M 4.4 12 20 M M 4 17 10
15 56 26 41 -6 24 0 0.00 M M M M M M M M M M
16 56 37 47 -1 18 0 0.88 M M 12.3 25 320 M M 9 13 36 330
17 47 27 37 -11 28 0 0.00 M M 12.9 24 320 M M 3 1 37 320
18 37 22 30 -18 35 0 0.00 M M 12.1 22 320 M M 2 31 320
19 43 16 30 -18 35 0 0.00 M M 4.5 14 280 M M 1 20 280
20 55 24 40 -9 25 0 0.00 M M 9.8 17 160 M M 1 8 26 180
21 43 38 41 -8 24 0 0.67 M M 10.0 18 190 M M 10 1 27 180
22 73 40 57 7 8 0 0.00 M M 9.0 17 220 M M 7 1 26 210
23 75 53 64 14 1 0 0.17 M M 8.6 21 290 M M 7 13 32 290
24 56 47 52 2 13 0 2.80 M M 8.7 20 250 M M 10 13 29 280
25 62 41 52 1 13 0 0.00 M M 7.8 20 300 M M 5 1 30 250
26 71 37 54 3 11 0 0.00 M M 6.1 21 320 M M 2 33 350
27 56 38 47 -4 18 0 T M M 7.3 15 30 M M 4 23 330
28 55 32 44 -8 21 0 0.00 M M 5.7 17 320 M M 4 24 10
29 61 28 45 -7 20 0 0.00 M M 4.5 12 160 M M 0 17 150
30 68 45 57 5 8 0 0.57 M M 8.9 18 200 M M 8 13 29 200
31 76 52 64 11 1 0 T M M 13.1 35 180 M M 8 3 52 170
================================================================================
SM 1765 1118 566 0 9.14 M 258.7 M 144
================================================================================
AV 56.9 36.1 8.6 FASTST M M 5 MAX(MPH)
MISC ----> 35 180 52 170
================================================================================
NOTES:
# LAST OF SEVERAL OCCURRENCES
COLUMN 17 PEAK WIND IN M.P.H.
PRELIMINARY LOCAL CLIMATOLOGICAL DATA (WS FORM: F-6) , PAGE 2
STATION: WEST PLAINS MO
MONTH: MARCH
YEAR: 2023
LATITUDE: 36 52 N
LONGITUDE: 91 55 W
[TEMPERATURE DATA] [PRECIPITATION DATA] SYMBOLS USED IN COLUMN 16
AVERAGE MONTHLY: 46.5 TOTAL FOR MONTH: 9.14 1 = FOG OR MIST
DPTR FM NORMAL: -1.1 DPTR FM NORMAL: 4.73 2 = FOG REDUCING VISIBILITY
HIGHEST: 77 ON 6 GRTST 24HR 3.33 ON 2- 3 TO 1/4 MILE OR LESS
LOWEST: 16 ON 19 3 = THUNDER
SNOW, ICE PELLETS, HAIL 4 = ICE PELLETS
TOTAL MONTH: M 5 = HAIL
GRTST 24HR M ON M 6 = FREEZING RAIN OR DRIZZLE
GRTST DEPTH: M ON M 7 = DUSTSTORM OR SANDSTORM:
VSBY 1/2 MILE OR LESS
8 = SMOKE OR HAZE
[NO. OF DAYS WITH] [WEATHER - DAYS WITH] 9 = BLOWING SNOW
X = TORNADO
MAX 32 OR BELOW: 0 0.01 INCH OR MORE: 10
MAX 90 OR ABOVE: 0 0.10 INCH OR MORE: 9
MIN 32 OR BELOW: 10 0.50 INCH OR MORE: 6
MIN 0 OR BELOW: 0 1.00 INCH OR MORE: 3
[HDD (BASE 65) ]
TOTAL THIS MO. 566 CLEAR (SCALE 0-3) 11
DPTR FM NORMAL 21 PTCLDY (SCALE 4-7) 13
TOTAL FM JUL 1 3550 CLOUDY (SCALE 8-10) 7
DPTR FM NORMAL -371
[CDD (BASE 65) ]
TOTAL THIS MO. 0
DPTR FM NORMAL -4 [PRESSURE DATA]
TOTAL FM JAN 1 0 HIGHEST SLP M ON M
DPTR FM NORMAL -4 LOWEST SLP 29.11 ON 3
[REMARKS]
#FINAL-03-23#