000
CXUS53 KSGF 010800
CF6UNO
PRELIMINARY LOCAL CLIMATOLOGICAL DATA (WS FORM: F-6)

                                          STATION:   WEST PLAINS MO
                                          MONTH:     MARCH
                                          YEAR:      2013
                                          LATITUDE:   36 52 N
                                          LONGITUDE:  91 55 W

  TEMPERATURE IN F:       :PCPN:    SNOW:  WIND      :SUNSHINE: SKY     :PK WND
================================================================================
1   2   3   4   5  6A  6B    7    8   9   10  11  12  13   14  15   16   17  18
                                     12Z  AVG MX 2MIN
DY MAX MIN AVG DEP HDD CDD  WTR  SNW DPTH SPD SPD DIR MIN PSBL S-S WX    SPD DR
================================================================================

 1  32  27  30 -12  35   0    T    M    M  8.8 16 330   M    M  10 18     21 340
 2  35  20  28 -14  37   0 0.01    M    M  8.5 17 340   M    M   4 8      23 360
 3  44  16  30 -13  35   0 0.00    M    M  5.4 14 140   M    M   3        22 160
 4  50  34  42  -1  23   0 0.00    M    M  7.8 13 140   M    M   4        20 180
 5  44  31  38  -6  27   0 0.16    M    M 15.3 29 280   M    M   7 1      43 280
 6  46  28  37  -7  28   0 0.00    M    M  8.7 25 310   M    M   4        35 320
 7  53  27  40  -4  25   0 0.00    M    M  6.2 12 130   M    M   1        15 130
 8  53  30  42  -3  23   0 0.00    M    M  7.4 13 110   M    M   1        20 140
 9  71  45  58  13   7   0    T    M    M 11.9 23 170   M    M   7        33 180
10  58  35  47   2  18   0 1.64    M    M  9.7 23 260   M    M   8 13     31 260
11  39  28  34 -12  31   0    T    M    0  9.7 18 280   M    M   7 16     28 270
12  55  25  40  -6  25   0 0.00  0.0    0  7.7 21 280   M    M   2        33 300
13  48  28  38  -8  27   0 0.00  0.0    0  7.3 18 330   M    M   0        25 350
14  71  27  49   2  16   0 0.00    M    M  6.4 16 240   M    M   0 8      22 240
15  80  43  62  15   3   0 0.00    M    M  9.7 21 230   M    M   0 8      29 240
16  69  42  56   8   9   0 0.00    M    M 10.7 20  30   M    M   2 8      28  30
17  42  35  39  -9  26   0 0.82    M    M 10.4 20  60   M    M   9 138    26  60
18  51  35  43  -5  22   0 0.01    M    0  8.0 18 320   M    M   6 12     25 330
19  52  29  41  -8  24   0 0.00  0.0    0  5.1 17  20   M    M   5        21  20
20  46  26  36 -13  29   0 0.00  0.0    0  9.0 29 280   M    M   1        43 280
21  37  19  28 -21  37   0    M    M    M  4.1 10 120   M    M   7 12     13 120
22  36  29  33 -17  32   0 0.55    M    M  6.9 12 100   M    M  10 126    21  50
23  44  34  39 -11  26   0 0.04    M    M  7.8 14  40   M    M  10 1      17  80
24  41  29  35 -15  30   0 0.40    M    M 13.3 28 320   M    M  10 13     39 310
25  33  25  29 -22  36   0 0.01    M    M 13.5 21 300   M    M   9 8      28 310
26  45  26  36 -15  29   0 0.00    M    M  6.9 15 320   M    M   3        21 330
27  51  21  36 -15  29   0 0.00    M    M  4.3 10 110   M    M   3        14 110
28  62  41  52   0  13   0    T    M    M  6.4 13 120   M    M   6 8      20 110
29  64  46  55   3  10   0 0.07    M    M  3.8 14  10   M    M   6 1      20  30
30  56  45  51  -1  14   0 0.01    M    M  5.7 21 160   M    M   9 128    26 160
31  69  44  57   4   8   0 0.03    M    M  5.8 16 360   M    M   5 12     23 320
================================================================================
SM 1577  970       734   0  3.75     0.0 252.2          M      159
================================================================================
AV 50.9 31.3                               8.1 FASTST   M    M   5    MAX(MPH)
                                 MISC ---->  # 29 280               # 43  280
================================================================================
NOTES:
# LAST OF SEVERAL OCCURRENCES

COLUMN 17 PEAK WIND IN M.P.H.

PRELIMINARY LOCAL CLIMATOLOGICAL DATA (WS FORM: F-6) , PAGE 2

                                          STATION:  WEST PLAINS MO
                                          MONTH:    MARCH
                                          YEAR:     2013
                                          LATITUDE:   36 52 N
                                          LONGITUDE:  91 55 W

[TEMPERATURE DATA]      [PRECIPITATION DATA]       SYMBOLS USED IN COLUMN 16

AVERAGE MONTHLY: 41.1   TOTAL FOR MONTH:   3.75    1 = FOG OR MIST
DPTR FM NORMAL:  -6.4   DPTR FM NORMAL:   -0.54    2 = FOG REDUCING VISIBILITY
HIGHEST:    80 ON 15    GRTST 24HR  1.64 ON 10-10      TO 1/4 MILE OR LESS
LOWEST:     16 ON  3                               3 = THUNDER
                        SNOW, ICE PELLETS, HAIL    4 = ICE PELLETS
                        TOTAL MONTH:   0.0 INCH    5 = HAIL
                        GRTST 24HR     0.0         6 = FREEZING RAIN OR DRIZZLE
                        GRTST DEPTH:   0           7 = DUSTSTORM OR SANDSTORM:
                                                       VSBY 1/2 MILE OR LESS
                                                   8 = SMOKE OR HAZE
[NO. OF DAYS WITH]      [WEATHER - DAYS WITH]      9 = BLOWING SNOW
                                                   X = TORNADO
MAX 32 OR BELOW:   1    0.01 INCH OR MORE:  12
MAX 90 OR ABOVE:   0    0.10 INCH OR MORE:   5
MIN 32 OR BELOW:  19    0.50 INCH OR MORE:   3
MIN  0 OR BELOW:   0    1.00 INCH OR MORE:   1

[HDD (BASE 65) ]
TOTAL THIS MO.   734    CLEAR  (SCALE 0-3)   9
DPTR FM NORMAL   188    PTCLDY (SCALE 4-7)  15
TOTAL FM JUL 1  4046    CLOUDY (SCALE 8-10)  7
DPTR FM NORMAL    36

[CDD (BASE 65) ]
TOTAL THIS MO.     0
DPTR FM NORMAL    -4    [PRESSURE DATA]
TOTAL FM JAN 1     0    HIGHEST SLP M ON M
DPTR FM NORMAL    -4    LOWEST  SLP 29.58 ON 24

[REMARKS]
#FINAL-03-13#
