000
CXUS53 KSGF 080652
CF6UNO
PRELIMINARY LOCAL CLIMATOLOGICAL DATA (WS FORM: F-6)

                                          STATION:   WEST PLAINS MO
                                          MONTH:     JUNE
                                          YEAR:      2013
                                          LATITUDE:   36 52 N
                                          LONGITUDE:  91 55 W

  TEMPERATURE IN F:       :PCPN:    SNOW:  WIND      :SUNSHINE: SKY     :PK WND
================================================================================
1   2   3   4   5  6A  6B    7    8   9   10  11  12  13   14  15   16   17  18
                                     12Z  AVG MX 2MIN
DY MAX MIN AVG DEP HDD CDD  WTR  SNW DPTH SPD SPD DIR MIN PSBL S-S WX    SPD DR
================================================================================

 1  74  57  66  -4   0   1 2.27    M    M  6.9 21 160   M    M   7 13     30 150
 2  65  52  59 -11   6   0 0.00    M    M  5.0 15 320   M    M   7        23  80
 3  73  53  63  -7   2   0 0.00    M    M  2.3  9  80   M    M   5        14 200
 4  77  50  64  -7   1   0 0.00    M    M  3.6 10  80   M    M   3        14  90
 5  80  56  68  -3   0   3 0.15    M    M  3.7 13 350   M    M   4 1      18  50
 6  77  59  68  -3   0   3 0.00    M    M  5.8 13 350   M    M   5 1      17 350
 7   M  56   M   M   M   M 0.00    M    M  6.8 12 360   M    M   0        21 350
 8   M   M   M   M   M   M    M    M    M   M   M   M   M    M   M         M  M
 9   M   M   M   M   M   M    M    M    M   M   M   M   M    M   M         M  M
10   M   M   M   M   M   M    M    M    M   M   M   M   M    M   M         M  M
11   M   M   M   M   M   M    M    M    M   M   M   M   M    M   M         M  M
12   M   M   M   M   M   M    M    M    M   M   M   M   M    M   M         M  M
13   M   M   M   M   M   M    M    M    M   M   M   M   M    M   M         M  M
14   M   M   M   M   M   M    M    M    M   M   M   M   M    M   M         M  M
15   M   M   M   M   M   M    M    M    M   M   M   M   M    M   M         M  M
16   M   M   M   M   M   M    M    M    M   M   M   M   M    M   M         M  M
17   M   M   M   M   M   M    M    M    M   M   M   M   M    M   M         M  M
18   M   M   M   M   M   M    M    M    M   M   M   M   M    M   M         M  M
19  87  56  72  -3   0   7 0.00  0.0    M  4.0 13 320   M    M   1        18 330
20  87  64  76   1   0  11 0.00    M    M  4.6 10 150   M    M   1        18 150
21  89  70  80   5   0  15 0.00    M    M  7.0 13 170   M    M   2        18 160
22  87  70  79   3   0  14 0.63    M    M  5.8 22 240   M    M   3 3      29 230
23  88  67  78   2   0  13 0.00    M    M  6.0 14 190   M    M   1 1      18 180
24  89  72  81   5   0  16 0.00    M    M  7.4 14 220   M    M   0        20 170
25  89  74  82   6   0  17 0.00    M    M  8.1 16 190   M    M   1        22 180
26  94  74  84   8   0  19 0.00    M    M  8.3 17 230   M    M   1        24 220
27   M  74   M   M   M   M    T    M    M  5.4 10 310   M    M   0 13     16 310
28  88  68  78   1   0  13 0.62    M    M  7.4 33 330   M    M   3 138    47 320
29  85  64  75  -2   0  10    T    M    M  8.2 26 350   M    M   2        38 340
30  78  63  71  -6   0   6    T    M    M  9.0 17 340   M    M   6        24  20
================================================================================
SM 1407 1199         9 148  3.67     0.0 115.3          M       52
================================================================================
AV 82.8 63.1                               6.1 FASTST   M    M   3    MAX(MPH)
                                 MISC ---->  # 33 330               # 47  320
================================================================================
NOTES:
# LAST OF SEVERAL OCCURRENCES

COLUMN 17 PEAK WIND IN M.P.H.

PRELIMINARY LOCAL CLIMATOLOGICAL DATA (WS FORM: F-6) , PAGE 2

                                          STATION:  WEST PLAINS MO
                                          MONTH:    JUNE
                                          YEAR:     2013
                                          LATITUDE:   36 52 N
                                          LONGITUDE:  91 55 W

[TEMPERATURE DATA]      [PRECIPITATION DATA]       SYMBOLS USED IN COLUMN 16

AVERAGE MONTHLY: 72.9   TOTAL FOR MONTH:   3.67    1 = FOG OR MIST
DPTR FM NORMAL:  -0.8   DPTR FM NORMAL:   -0.35    2 = FOG REDUCING VISIBILITY
HIGHEST:    94 ON 26    GRTST 24HR  2.27 ON  1- 1      TO 1/4 MILE OR LESS
LOWEST:     50 ON  4                               3 = THUNDER
                        SNOW, ICE PELLETS, HAIL    4 = ICE PELLETS
                        TOTAL MONTH:   0.0 INCH    5 = HAIL
                        GRTST 24HR     0.0         6 = FREEZING RAIN OR DRIZZLE
                        GRTST DEPTH:  M  ON   M    7 = DUSTSTORM OR SANDSTORM:
                                                       VSBY 1/2 MILE OR LESS
                                                   8 = SMOKE OR HAZE
[NO. OF DAYS WITH]      [WEATHER - DAYS WITH]      9 = BLOWING SNOW
                                                   X = TORNADO
MAX 32 OR BELOW:   0    0.01 INCH OR MORE:   4
MAX 90 OR ABOVE:   1    0.10 INCH OR MORE:   4
MIN 32 OR BELOW:   0    0.50 INCH OR MORE:   3
MIN  0 OR BELOW:   0    1.00 INCH OR MORE:   1

[HDD (BASE 65) ]
TOTAL THIS MO.     9    CLEAR  (SCALE 0-3)  13
DPTR FM NORMAL     4    PTCLDY (SCALE 4-7)   6
TOTAL FM JUL 1  4496    CLOUDY (SCALE 8-10)  0
DPTR FM NORMAL   149

[CDD (BASE 65) ]
TOTAL THIS MO.   148
DPTR FM NORMAL  -118    [PRESSURE DATA]
TOTAL FM JAN 1   260    HIGHEST SLP 30.08 ON  3
DPTR FM NORMAL  -128    LOWEST  SLP 29.72 ON 29

[REMARKS]
#FINAL-06-13#
