000
CXUS53 KSGF 010844
CF6UNO
PRELIMINARY LOCAL CLIMATOLOGICAL DATA (WS FORM: F-6)

                                          STATION:   WEST PLAINS MO
                                          MONTH:     MAY
                                          YEAR:      2013
                                          LATITUDE:   36 52 N
                                          LONGITUDE:  91 55 W

  TEMPERATURE IN F:       :PCPN:    SNOW:  WIND      :SUNSHINE: SKY     :PK WND
================================================================================
1   2   3   4   5  6A  6B    7    8   9   10  11  12  13   14  15   16   17  18
                                     12Z  AVG MX 2MIN
DY MAX MIN AVG DEP HDD CDD  WTR  SNW DPTH SPD SPD DIR MIN PSBL S-S WX    SPD DR
================================================================================

 1  79  55  67   5   0   2 0.00    M    M  5.3 17 150   M    M   2 3      23 140
 2  70  40  55  -7  10   0 0.82    M    M  6.6 16 350   M    M   7 1      23 340
 3  40  34  37 -25  28   0 0.30    M    M  9.5 16 300   M    M  10 1      23 310
 4  47  34  41 -21  24   0 0.01    M    M  4.0 14  20   M    M   9 1      17  20
 5  54  35  45 -18  20   0 0.23    M    M  7.5 14 320   M    M   6 1       M  M
 6  70  54  62  -1   3   0 0.02    M    M  8.5 17  10   M    M  10 1      23  60
 7  75  52  64   1   1   0 0.07    M    M  3.3 10  10   M    M   6        14 330
 8  77  51  64   1   1   0 0.00    M    M  4.6 12  90   M    M   3        28 360
 9  79  61  70   6   0   5 0.11    M    M  6.9 22 220   M    M   5 13     29 210
10  74  51  63  -1   2   0 0.01    M    M  6.3 15 310   M    M   5        22 320
11  74  48  61  -3   4   0 0.00    M    M  8.3 18 340   M    M   2 1      28 340
12  66  38  52 -12  13   0 0.00    M    M  4.0 15 320   M    M   0        22 280
13  74  44  59  -6   6   0 0.00    M    M  4.3 14 170   M    M   2        21 160
14  90  58  74   9   0   9 0.00    M    M  9.2 20 270   M    M   0        26 260
15  80  62  71   6   0   6 0.00    M    M  7.2 13 220   M    M   1 3      18 190
16  70  62  66   1   0   1 0.07    M    M  7.1 17 170   M    M   7 1      25 170
17  74  59  67   1   0   2 0.07    M    M  1.3  7  60   M    M   7 12     15  40
18  79  60  70   4   0   5 0.00    M    M  5.2 12 110   M    M   9 128    16 150
19  84  70  77  11   0  12 0.00    M    M  9.6 22 170   M    M   4 128    30 160
20  77  63  70   4   0   5 0.97    M    M  7.1 29 240   M    M   8 13     39 270
21  69  58  64  -3   1   0 0.23    M    M  7.2 24 270   M    M   4 13     33 280
22  76  57  67   0   0   2 0.00    M    M  7.4 16 260   M    M   3        23 250
23  76  53  65  -2   0   0 0.00    M    M  7.3 15  10   M    M   0        22 320
24  71  45  58 -10   7   0 0.00    M    M  5.5 15 110   M    M   0 1      21  50
25  75  44  60  -8   5   0 0.00    M    M  5.5 13 190   M    M   1        17 160
26  83  54  69   1   0   4 0.00    M    M  6.9 16 170   M    M   1        22 160
27  82  62  72   4   0   7 0.00    M    M  9.6 18 180   M    M   1        24 170
28  82  67  75   6   0  10 0.00    M    M 10.0 20 180   M    M   0        28 160
29  82  65  74   5   0   9 0.00    M    M 10.2 18 170   M    M   2        25 180
30  80  63  72   3   0   7 2.01    M    M 12.1 29 290   M    M   7 1238   44 220
31  80  63  72   2   0   7 0.62    M    M  9.4 18 150   M    M   8 13     24  40
================================================================================
SM 2289 1662       125  93  5.54    M    216.9          M      130
================================================================================
AV 73.8 53.6                               7.0 FASTST   M    M   4    MAX(MPH)
                                 MISC ---->  # 29 240               # 44  220
================================================================================
NOTES:
# LAST OF SEVERAL OCCURRENCES

COLUMN 17 PEAK WIND IN M.P.H.

PRELIMINARY LOCAL CLIMATOLOGICAL DATA (WS FORM: F-6) , PAGE 2

                                          STATION:  WEST PLAINS MO
                                          MONTH:    MAY
                                          YEAR:     2013
                                          LATITUDE:   36 52 N
                                          LONGITUDE:  91 55 W

[TEMPERATURE DATA]      [PRECIPITATION DATA]       SYMBOLS USED IN COLUMN 16

AVERAGE MONTHLY: 63.7   TOTAL FOR MONTH:   5.54    1 = FOG OR MIST
DPTR FM NORMAL:  -1.7   DPTR FM NORMAL:    0.60    2 = FOG REDUCING VISIBILITY
HIGHEST:    90 ON 14    GRTST 24HR  2.63 ON 30-31      TO 1/4 MILE OR LESS
LOWEST:     34 ON  4, 3                            3 = THUNDER
                        SNOW, ICE PELLETS, HAIL    4 = ICE PELLETS
                        TOTAL MONTH:    M          5 = HAIL
                        GRTST 24HR    M  ON   M    6 = FREEZING RAIN OR DRIZZLE
                        GRTST DEPTH:  M  ON   M    7 = DUSTSTORM OR SANDSTORM:
                                                       VSBY 1/2 MILE OR LESS
                                                   8 = SMOKE OR HAZE
[NO. OF DAYS WITH]      [WEATHER - DAYS WITH]      9 = BLOWING SNOW
                                                   X = TORNADO
MAX 32 OR BELOW:   0    0.01 INCH OR MORE:  14
MAX 90 OR ABOVE:   1    0.10 INCH OR MORE:   8
MIN 32 OR BELOW:   0    0.50 INCH OR MORE:   4
MIN  0 OR BELOW:   0    1.00 INCH OR MORE:   1

[HDD (BASE 65) ]
TOTAL THIS MO.   125    CLEAR  (SCALE 0-3)  13
DPTR FM NORMAL    45    PTCLDY (SCALE 4-7)  13
TOTAL FM JUL 1  4487    CLOUDY (SCALE 8-10)  5
DPTR FM NORMAL   145

[CDD (BASE 65) ]
TOTAL THIS MO.    93
DPTR FM NORMAL    -1    [PRESSURE DATA]
TOTAL FM JAN 1   112    HIGHEST SLP 30.37 ON 24
DPTR FM NORMAL   -10    LOWEST  SLP 29.65 ON 21

[REMARKS]
#FINAL-05-13#
