000
CXUS53 KSGF 010800
CF6UNO
PRELIMINARY LOCAL CLIMATOLOGICAL DATA (WS FORM: F-6)

                                          STATION:   WEST PLAINS MO
                                          MONTH:     APRIL
                                          YEAR:      2013
                                          LATITUDE:   36 52 N
                                          LONGITUDE:  91 55 W

  TEMPERATURE IN F:       :PCPN:    SNOW:  WIND      :SUNSHINE: SKY     :PK WND
================================================================================
1   2   3   4   5  6A  6B    7    8   9   10  11  12  13   14  15   16   17  18
                                     12Z  AVG MX 2MIN
DY MAX MIN AVG DEP HDD CDD  WTR  SNW DPTH SPD SPD DIR MIN PSBL S-S WX    SPD DR
================================================================================

 1  59  41  50  -3  15   0    T    M    M  8.4 16  10   M    M   4        20  30
 2  43  32  38 -15  27   0 0.05    M    M  4.4 14  20   M    M   9        17  20
 3  54  30  42 -12  23   0 0.00    M    M  8.6 17  60   M    M   1        24  80
 4  63  38  51  -3  14   0 0.01    M    M  6.2 15 340   M    M   6        20  30
 5  70  35  53  -1  12   0 0.00    M    M  4.1 12 220   M    M   0        15 230
 6  71  50  61   6   4   0 0.00    M    M 11.6 26 180   M    M   1        33 190
 7  75  53  64   9   1   0 0.00    M    M  8.3 20 160   M    M   4        25 180
 8  75  58  67  12   0   2 0.02    M    M  9.4 18 170   M    M   8        25 180
 9  79  60  70  14   0   5 0.00    M    M 11.7 22 160   M    M   5        28 150
10  79  42  61   5   4   0 1.84    M    M 13.9 30 290   M    M   7 13     40 280
11  50  34  42 -14  23   0 0.00    M    M  8.7 17 260   M    M   6 1      24 270
12  58  33  46 -10  19   0 0.00    M    M  8.0 21 260   M    M   0         M  M
13  64  33  49  -8  16   0 0.00    M    M  4.5 14 190   M    M   1 8      18 170
14  74  48  61   4   4   0 0.00    M    M 11.8 23 160   M    M   2        30 160
15  77  56  67  10   0   2 0.00    M    M  8.7 17 210   M    M   7 1      23 220
16  79  54  67   9   0   2 0.00    M    M  7.4 15  50   M    M   5 1      18  40
17  81  56  69  11   0   4 0.00    M    M 12.2 25 170   M    M   5 1      32 170
18  73  39  56  -2   9   0 1.00    M    M 13.9 26 270   M    M  10 123    37 230
19  54  35  45 -13  20   0 0.00    M    M 12.0 24 260   M    M   5        33 290
20  64  30  47 -12  18   0 0.00    M    M  3.4 10  50   M    M   0        14 180
21  65  42  54  -5  11   0 0.00    M    M  7.2 15 120   M    M   1        21 130
22  70  37  54  -5  11   0 0.00    M    M  6.5 18 180   M    M   1        23 170
23  70  38  54  -6  11   0 0.45    M    M  6.5  9 310   M    M   6 13     13 310
24  56  34  45 -15  20   0 0.25    M    M  8.2 20 340   M    M   5 13     25 340
25  69  31  50 -10  15   0    T    M    M  4.8 13 280   M    M   0        22 270
26  55  46  51  -9  14   0 1.13    M    M  6.9 17 160   M    M   9 13     25 160
27  55  47  51 -10  14   0 0.46    M    M  6.0 15 130   M    M  10 123    28 160
28  65  49  57  -4   8   0 0.00    M    M  5.1 15 310   M    M   6 1      18 320
29  80  44  62   1   3   0 0.00    M    M  6.4 16 150   M    M   0 128    22 160
30  80  58  69   8   0   4 0.00    M    M  7.8 20 180   M    M   0        26 170
================================================================================
SM 2007 1283       316  19  5.21    M    242.6          M      124
================================================================================
AV 66.9 42.8                               8.1 FASTST   M    M   4    MAX(MPH)
                                 MISC ---->  # 30 290               # 40  280
================================================================================
NOTES:
# LAST OF SEVERAL OCCURRENCES

COLUMN 17 PEAK WIND IN M.P.H.

PRELIMINARY LOCAL CLIMATOLOGICAL DATA (WS FORM: F-6) , PAGE 2

                                          STATION:  WEST PLAINS MO
                                          MONTH:    APRIL
                                          YEAR:     2013
                                          LATITUDE:   36 52 N
                                          LONGITUDE:  91 55 W

[TEMPERATURE DATA]      [PRECIPITATION DATA]       SYMBOLS USED IN COLUMN 16

AVERAGE MONTHLY: 54.8   TOTAL FOR MONTH:   5.21    1 = FOG OR MIST
DPTR FM NORMAL:  -2.6   DPTR FM NORMAL:    0.73    2 = FOG REDUCING VISIBILITY
HIGHEST:    81 ON 17    GRTST 24HR  1.85 ON 10-11      TO 1/4 MILE OR LESS
LOWEST:     30 ON 20, 3                            3 = THUNDER
                        SNOW, ICE PELLETS, HAIL    4 = ICE PELLETS
                        TOTAL MONTH:    M          5 = HAIL
                        GRTST 24HR    M  ON   M    6 = FREEZING RAIN OR DRIZZLE
                        GRTST DEPTH:  M  ON   M    7 = DUSTSTORM OR SANDSTORM:
                                                       VSBY 1/2 MILE OR LESS
                                                   8 = SMOKE OR HAZE
[NO. OF DAYS WITH]      [WEATHER - DAYS WITH]      9 = BLOWING SNOW
                                                   X = TORNADO
MAX 32 OR BELOW:   0    0.01 INCH OR MORE:   9
MAX 90 OR ABOVE:   0    0.10 INCH OR MORE:   6
MIN 32 OR BELOW:   4    0.50 INCH OR MORE:   3
MIN  0 OR BELOW:   0    1.00 INCH OR MORE:   3

[HDD (BASE 65) ]
TOTAL THIS MO.   316    CLEAR  (SCALE 0-3)  12
DPTR FM NORMAL    64    PTCLDY (SCALE 4-7)  14
TOTAL FM JUL 1  4362    CLOUDY (SCALE 8-10)  4
DPTR FM NORMAL   100

[CDD (BASE 65) ]
TOTAL THIS MO.    19
DPTR FM NORMAL    -5    [PRESSURE DATA]
TOTAL FM JAN 1    19    HIGHEST SLP M ON M
DPTR FM NORMAL    -9    LOWEST  SLP 29.50 ON 14

[REMARKS]
#FINAL-04-13#
