000
CXUS53 KSGF 010800
CF6UNO
PRELIMINARY LOCAL CLIMATOLOGICAL DATA (WS FORM: F-6)

                                          STATION:   WEST PLAINS MO
                                          MONTH:     JANUARY
                                          YEAR:      2013
                                          LATITUDE:   36 52 N
                                          LONGITUDE:  91 55 W

  TEMPERATURE IN F:       :PCPN:    SNOW:  WIND      :SUNSHINE: SKY     :PK WND
================================================================================
1   2   3   4   5  6A  6B    7    8   9   10  11  12  13   14  15   16   17  18
                                     12Z  AVG MX 2MIN
DY MAX MIN AVG DEP HDD CDD  WTR  SNW DPTH SPD SPD DIR MIN PSBL S-S WX    SPD DR
================================================================================

 1  35  21  28  -6  37   0 0.01    M    0  6.8 12  30   M    M   8 18     16 340
 2  35  15  25  -9  40   0 0.00    M    0  2.5  7 280   M    M   0 18     25 310
 3  43  19  31  -3  34   0 0.00    M    M  3.8  M   M   M    M   0 18      M  M
 4  43  23  33  -1  32   0 0.00    M    M  4.4 14 300   M    M   2 18     18 320
 5  43  26  35   1  30   0    T    M    M  4.9 13 250   M    M   7         M  M
 6  44  22  33  -1  32   0 0.00    M    M  7.2  M   M   M    M   0         M  M
 7  45  17  31  -3  34   0 0.00    M    M  4.8 13 150   M    M   0         M  M
 8  53  23  38   4  27   0 0.04    M    M  0.0  0 140   M    M   4 1       0   0
 9  55  40  48  14  17   0 0.01    M    M  6.9 18  70   M    M   4 1       M  M
10  59  42  51  17  14   0 0.21    M    M  8.8 18  80   M    M  10 12     25  80
11  61  44  53  19  12   0 0.00    M    M  9.8 18 180   M    M   1        24 160
12  57  32  45  11  20   0 1.65    M    M  7.7 24  20   M    M   7 1236   33 340
13  32  18  25  -9  40   0    T    M    M 10.7 20 320   M    M   7 1      25 330
14  28  14  21 -13  44   0 0.00    M    M  6.7 14  20   M    M   2        16  10
15  30  16  23 -11  42   0 0.00    M    M  6.9 13  30   M    M   5        17  30
16  43  15  29  -5  36   0 0.00    M    M  4.5 12 270   M    M   1 1      17 270
17  43  24  34   0  31   0 0.00    M    M  6.7 16 350   M    M   2        22 350
18  51  21  36   2  29   0 0.00    M    M  6.3 15 200   M    M   0        21 190
19  64  32  48  14  17   0 0.00    M    M  8.3 18 230   M    M   0        25 230
20  52  28  40   6  25   0 0.00    M    M  5.4 13  30   M    M   0        17 360
21  37  19  28  -6  37   0 0.00    M    M  8.3 17 300   M    M   0        23 310
22  29  17  23 -11  42   0 0.00    M    M  3.3  8 110   M    M   5        15 110
23  54  16  35   1  30   0 0.00    M    M  3.6 13  20   M    M   0 8      22 230
24  36  23  30  -4  35   0 0.00    M    M   M   M   M   M    M   7         M  M
25  49  27  38   4  27   0 0.00    M    M  4.8 13 320   M    M   5        17 300
26  54  27  41   7  24   0 0.00    M    M   M   M   M   M    M   2         M  M
27  54  37  46  12  19   0 0.08    M    M  8.3 15 160   M    M  10 12     20 150
28  72  54  63  28   2   0 0.00    M    M 10.6 20 220   M    M   8 1      28 230
29  64  50  57  22   8   0 1.27    M    M 12.6 26 310   M    M  10 13     37 300
30  51  27  39   4  26   0 0.11    M    M 14.3 25 300   M    M   9 1      36 300
31  45  15  30  -5  35   0    T    M    M 10.6 22 320   M    M   4 1      28 320
================================================================================
SM 1461  804       878   0  3.38    M    199.5          M      120
================================================================================
AV 47.1 25.9                               6.9 FASTST   M    M   4    MAX(MPH)
                                 MISC ---->  # 26 310               # 37  300
================================================================================
NOTES:
# LAST OF SEVERAL OCCURRENCES

COLUMN 17 PEAK WIND IN M.P.H.

PRELIMINARY LOCAL CLIMATOLOGICAL DATA (WS FORM: F-6) , PAGE 2

                                          STATION:  WEST PLAINS MO
                                          MONTH:    JANUARY
                                          YEAR:     2013
                                          LATITUDE:   36 52 N
                                          LONGITUDE:  91 55 W

[TEMPERATURE DATA]      [PRECIPITATION DATA]       SYMBOLS USED IN COLUMN 16

AVERAGE MONTHLY: 36.5   TOTAL FOR MONTH:   3.38    1 = FOG OR MIST
DPTR FM NORMAL:   2.5   DPTR FM NORMAL:    0.66    2 = FOG REDUCING VISIBILITY
HIGHEST:    72 ON 28    GRTST 24HR  1.65 ON 11-12      TO 1/4 MILE OR LESS
LOWEST:     14 ON 14                               3 = THUNDER
                        SNOW, ICE PELLETS, HAIL    4 = ICE PELLETS
                        TOTAL MONTH:    M          5 = HAIL
                        GRTST 24HR    M  ON   M    6 = FREEZING RAIN OR DRIZZLE
                        GRTST DEPTH:   0           7 = DUSTSTORM OR SANDSTORM:
                                                       VSBY 1/2 MILE OR LESS
                                                   8 = SMOKE OR HAZE
[NO. OF DAYS WITH]      [WEATHER - DAYS WITH]      9 = BLOWING SNOW
                                                   X = TORNADO
MAX 32 OR BELOW:   4    0.01 INCH OR MORE:   8
MAX 90 OR ABOVE:   0    0.10 INCH OR MORE:   4
MIN 32 OR BELOW:  25    0.50 INCH OR MORE:   2
MIN  0 OR BELOW:   0    1.00 INCH OR MORE:   2

[HDD (BASE 65) ]
TOTAL THIS MO.   878    CLEAR  (SCALE 0-3)  15
DPTR FM NORMAL   -81    PTCLDY (SCALE 4-7)  12
TOTAL FM JUL 1  2546    CLOUDY (SCALE 8-10)  4
DPTR FM NORMAL  -158

[CDD (BASE 65) ]
TOTAL THIS MO.     0
DPTR FM NORMAL     0    [PRESSURE DATA]
TOTAL FM JAN 1     0    HIGHEST SLP M ON M
DPTR FM NORMAL     0    LOWEST  SLP 29.42 ON M

[REMARKS]
#FINAL-01-13#
