000
CXUS53 KSGF 310800
CF6UNO
PRELIMINARY LOCAL CLIMATOLOGICAL DATA (WS FORM: F-6)

                                          STATION:   WEST PLAINS MO
                                          MONTH:     DECEMBER
                                          YEAR:      2012
                                          LATITUDE:   36 52 N
                                          LONGITUDE:  91 55 W

  TEMPERATURE IN F:       :PCPN:    SNOW:  WIND      :SUNSHINE: SKY     :PK WND
================================================================================
1   2   3   4   5  6A  6B    7    8   9   10  11  12  13   14  15   16   17  18
                                     12Z  AVG MX 2MIN
DY MAX MIN AVG DEP HDD CDD  WTR  SNW DPTH SPD SPD DIR MIN PSBL S-S WX    SPD DR
================================================================================

 1  68  51  60  20   5   0 0.00    M    M 10.1 21 200   M    M   M 18     28 200
 2  73  49  61  21   4   0 0.00    M    M  7.1 17 230   M    M   M 12     25 230
 3  71  59  65  25   0   0 0.00    M    M 11.6 23 190   M    M   M 1      31 200
 4  61  37  49  10  16   0 0.32    M    M  5.7 17  50   M    M   M 13     23  40
 5  59  33  46   7  19   0 0.00    M    M  4.0 14  50   M    M   M        17 120
 6  58  36  47   9  18   0 0.00    M    M  5.6 13 160   M    M   M 1      16 170
 7  62  46  54  16  11   0 0.00    M    M  3.2  9 250   M    M   M 12     12 220
 8  55  48  52  14  13   0    T    M    M  6.2 12 110   M    M   M 18     16 110
 9  58  39  49  11  16   0 0.22    M    M  6.8 16 350   M    M   M 123    23 330
10  39  18  29  -8  36   0 0.00    M    M  8.4 17 310   M    M   M        23 310
11  42  15  29  -8  36   0 0.00    M    M  3.1 18 240   M    M   M 18      M  M
12  49  18  34  -3  31   0 0.00    M    M  3.7 10 160   M    M   M        16 200
13  53  31  42   6  23   0 0.00    M    M  6.9 15 180   M    M   M        18 180
14  51  25  38   2  27   0 0.07    M    M  6.0 16 160   M    M   M        22 140
15  66  45  56  20   9   0 0.21    M    M 11.1 22 220   M    M   M 1      32 230
16  59  36  48  12  17   0 0.00    M    M  2.2  9 200   M    M   M        13 200
17  47  28  38   2  27   0 0.00    M    M  6.6 15 280   M    M   5 12     22 290
18  59  27  43   8  22   0 0.00    M    M  4.5 13 200   M    M   0 18     20 180
19  59  32  46  11  19   0 0.36    M    M  8.9 17 160   M    M   5 13     25 160
20  57  27  42   7  23   0 0.62    M    M 19.7 37 270   M    M   5 136    48 280
21  46  25  36   1  29   0 0.00    M    M  8.6 20 280   M    M   0        29 290
22  57  20  39   4  26   0 0.00    M    M  5.6 13 200   M    M   0        18 200
23  61  39  50  15  15   0 0.00    M    M  4.1 13 260   M    M   4        17 230
24  50  23  37   3  28   0 0.00    M    M  7.8 15  30   M    M   1 18     21  30
25  31  23  27  -7  38   0    T    M    M 16.3 26  10   M    M   8 18     38 360
26  37  23  30  -4  35   0    T    M    M 10.8 26 360   M    M   5        38 350
27  33  17  25  -9  40   0 0.00    M    M  4.7 14 170   M    M   1 1       M  M
28  35  29  32  -2  33   0 0.10    M    M  4.3 12 310   M    M  10 128    17 300
29  31  17  24 -10  41   0 0.00    M    M   M   M   M   M    M   6 18      M  M
30  40  18  29  -5  36   0 0.00    M    M   M   M   M   M    M   0         M  M
================================================================================
SM 1567  934       693   0  1.90    M    203.6          M       50
================================================================================
AV 52.2 31.1                               7.3 FASTST   M    M   4    MAX(MPH)
                                 MISC ---->  # 37 270               # 48  280
================================================================================
NOTES:
# LAST OF SEVERAL OCCURRENCES

COLUMN 17 PEAK WIND IN M.P.H.

PRELIMINARY LOCAL CLIMATOLOGICAL DATA (WS FORM: F-6) , PAGE 2

                                          STATION:  WEST PLAINS MO
                                          MONTH:    DECEMBER
                                          YEAR:     2012
                                          LATITUDE:   36 52 N
                                          LONGITUDE:  91 55 W

[TEMPERATURE DATA]      [PRECIPITATION DATA]       SYMBOLS USED IN COLUMN 16

AVERAGE MONTHLY: 41.7   TOTAL FOR MONTH:   1.90    1 = FOG OR MIST
DPTR FM NORMAL:   5.4   DPTR FM NORMAL:   -1.68    2 = FOG REDUCING VISIBILITY
HIGHEST:    73 ON  2    GRTST 24HR  0.98 ON 19-20      TO 1/4 MILE OR LESS
LOWEST:     15 ON 11                               3 = THUNDER
                        SNOW, ICE PELLETS, HAIL    4 = ICE PELLETS
                        TOTAL MONTH:    M          5 = HAIL
                        GRTST 24HR    M  ON   M    6 = FREEZING RAIN OR DRIZZLE
                        GRTST DEPTH:  M  ON   M    7 = DUSTSTORM OR SANDSTORM:
                                                       VSBY 1/2 MILE OR LESS
                                                   8 = SMOKE OR HAZE
[NO. OF DAYS WITH]      [WEATHER - DAYS WITH]      9 = BLOWING SNOW
                                                   X = TORNADO
MAX 32 OR BELOW:   2    0.01 INCH OR MORE:   7
MAX 90 OR ABOVE:   0    0.10 INCH OR MORE:   6
MIN 32 OR BELOW:  18    0.50 INCH OR MORE:   1
MIN  0 OR BELOW:   0    1.00 INCH OR MORE:   0

[HDD (BASE 65) ]
TOTAL THIS MO.   693    CLEAR  (SCALE 0-3)   6
DPTR FM NORMAL  -171    PTCLDY (SCALE 4-7)   7
TOTAL FM JUL 1  1637    CLOUDY (SCALE 8-10)  1
DPTR FM NORMAL   -79

[CDD (BASE 65) ]
TOTAL THIS MO.     0
DPTR FM NORMAL     0    [PRESSURE DATA]
TOTAL FM JAN 1  1739    HIGHEST SLP M ON M
DPTR FM NORMAL   385    LOWEST  SLP 29.34 ON 20

[REMARKS]
