000
CXUS53 KSGF 010800
CF6UNO
PRELIMINARY LOCAL CLIMATOLOGICAL DATA (WS FORM: F-6)

                                          STATION:   WEST PLAINS MO
                                          MONTH:     FEBRUARY
                                          YEAR:      2013
                                          LATITUDE:   36 52 N
                                          LONGITUDE:  91 55 W

  TEMPERATURE IN F:       :PCPN:    SNOW:  WIND      :SUNSHINE: SKY     :PK WND
================================================================================
1   2   3   4   5  6A  6B    7    8   9   10  11  12  13   14  15   16   17  18
                                     12Z  AVG MX 2MIN
DY MAX MIN AVG DEP HDD CDD  WTR  SNW DPTH SPD SPD DIR MIN PSBL S-S WX    SPD DR
================================================================================

 1  31   8  20 -15  45   0 0.00    M    M  5.8 17 330   M    M   0        24 320
 2  52  22  37   2  28   0    T    M    M  8.4 21 290   M    M   4        26 290
 3  51  34  43   8  22   0 0.00    M    M  9.4 28 330   M    M   0        37 310
 4  53  35  44   9  21   0 0.12    M    0  6.8 15 240   M    M   5 1      24 230
 5  64  26  45   9  20   0 0.00  0.0    0   M   M   M   M    M   0 1       M  M
 6  54  31  43   7  22   0 0.00  0.0    0  6.9 13 150   M    M   0        21 110
 7  64  34  49  13  16   0 0.51    M    M  5.9 21 340   M    M   6 1      29 340
 8  47  28  38   2  27   0 0.00    M    M  9.2 18 360   M    M   5 18     30 330
 9  40  28  34  -2  31   0 0.03    M    M  7.1 14 120   M    M   9 1      18 120
10  65  38  52  16  13   0 0.69    M    M 10.9 26 280   M    M   5 13     36 270
11  54  30  42   5  23   0 0.00  0.0    0  7.7 23 280   M    M   0        36 280
12  47  26  37   0  28   0 0.03    M    0  4.6 12 340   M    M   5 16      M  M
13  51  33  42   5  23   0 0.13    M    0  7.5 18 280   M    M   5 168    24 260
14  59  32  46   9  19   0 0.00  0.0    0  7.3 18 270   M    M   1        24 270
15  44  25  35  -3  30   0 0.00  0.0    0  8.6 16 330   M    M   2        23 350
16  39  22  31  -7  34   0    T    M    0  6.2 14 320   M    M   5        25 220
17  55  31  43   5  22   0 0.00  0.0    0  8.4 16 160   M    M   3        22 160
18  51  34  43   5  22   0 0.37    M    M 13.5 26 300   M    M   7 138    38 300
19  44  25  35  -4  30   0 0.00    M    M 10.9 22 310   M    M   0        30 300
20  33  23  28 -11  37   0 0.00    M    M  6.4  9  90   M    M   5        13  40
21  31  25  28 -11  37   0 0.15    M    M 11.2 24 100   M    M  10 1236   33 100
22  33  21  27 -13  38   0    M    M    M  7.5 15 260   M    M   6 1      20 280
23  40  19  30 -10  35   0    M    M    M  2.3 12 250   M    M   0 18     24 210
24  50  21  36  -4  29   0    M    M    M  5.4 23  30   M    M   0        75 150
25  51  34  43   2  22   0 1.43    M    M 14.5 26  40   M    M   4 13     36  40
26  37  32  35  -6  30   0 0.47    M    M 10.4 22  50   M    M  10 16     30 290
27  37  32  35  -6  30   0 0.01    M    M 12.0 20 310   M    M  10 8      28 330
28  35  30  33  -9  32   0 0.00    M    M 11.2 20 310   M    M  10        30 330
================================================================================
SM 1312  779       766   0  3.94     0.0 226.0          M      117
================================================================================
AV 46.9 27.8                               8.4 FASTST   M    M   4    MAX(MPH)
                                 MISC ---->  # 28 330               # 75  150
================================================================================
NOTES:
# LAST OF SEVERAL OCCURRENCES

COLUMN 17 PEAK WIND IN M.P.H.

PRELIMINARY LOCAL CLIMATOLOGICAL DATA (WS FORM: F-6) , PAGE 2

                                          STATION:  WEST PLAINS MO
                                          MONTH:    FEBRUARY
                                          YEAR:     2013
                                          LATITUDE:   36 52 N
                                          LONGITUDE:  91 55 W

[TEMPERATURE DATA]      [PRECIPITATION DATA]       SYMBOLS USED IN COLUMN 16

AVERAGE MONTHLY: 37.3   TOTAL FOR MONTH:   3.94    1 = FOG OR MIST
DPTR FM NORMAL:  -0.6   DPTR FM NORMAL:    1.10    2 = FOG REDUCING VISIBILITY
HIGHEST:    65 ON 10    GRTST 24HR  1.90 ON 25-26      TO 1/4 MILE OR LESS
LOWEST:      8 ON  1                               3 = THUNDER
                        SNOW, ICE PELLETS, HAIL    4 = ICE PELLETS
                        TOTAL MONTH:   0.0 INCH    5 = HAIL
                        GRTST 24HR     0.0         6 = FREEZING RAIN OR DRIZZLE
                        GRTST DEPTH:   0           7 = DUSTSTORM OR SANDSTORM:
                                                       VSBY 1/2 MILE OR LESS
                                                   8 = SMOKE OR HAZE
[NO. OF DAYS WITH]      [WEATHER - DAYS WITH]      9 = BLOWING SNOW
                                                   X = TORNADO
MAX 32 OR BELOW:   2    0.01 INCH OR MORE:  11
MAX 90 OR ABOVE:   0    0.10 INCH OR MORE:   8
MIN 32 OR BELOW:  21    0.50 INCH OR MORE:   3
MIN  0 OR BELOW:   0    1.00 INCH OR MORE:   1

[HDD (BASE 65) ]
TOTAL THIS MO.   766    CLEAR  (SCALE 0-3)  10
DPTR FM NORMAL     6    PTCLDY (SCALE 4-7)  13
TOTAL FM JUL 1  3312    CLOUDY (SCALE 8-10)  5
DPTR FM NORMAL  -152

[CDD (BASE 65) ]
TOTAL THIS MO.     0
DPTR FM NORMAL     0    [PRESSURE DATA]
TOTAL FM JAN 1     0    HIGHEST SLP M ON M
DPTR FM NORMAL     0    LOWEST  SLP 29.35 ON 26

[REMARKS]
#FINAL-02-13#
