000
CXUS53 KSGF 010800
CF6UNO
PRELIMINARY LOCAL CLIMATOLOGICAL DATA (WS FORM: F-6)

                                          STATION:   WEST PLAINS MO
                                          MONTH:     OCTOBER
                                          YEAR:      2012
                                          LATITUDE:   36 52 N
                                          LONGITUDE:  91 55 W

  TEMPERATURE IN F:       :PCPN:    SNOW:  WIND      :SUNSHINE: SKY     :PK WND
================================================================================
1   2   3   4   5  6A  6B    7    8   9   10  11  12  13   14  15   16   17  18
                                     12Z  AVG MX 2MIN
DY MAX MIN AVG DEP HDD CDD  WTR  SNW DPTH SPD SPD DIR MIN PSBL S-S WX    SPD DR
================================================================================

 1  69  49  59  -3   6   0 0.00    M    M  7.9 20  20   M    M   0 8      26  20
 2  73  46  60  -2   5   0 0.00    M    M  3.5 14 310   M    M   0        17 310
 3  69  55  62   0   3   0 0.00    M    M  3.7  9 170   M    M   1        13 210
 4  78  50  64   3   1   0 0.00    M    M  4.3 13 190   M    M   1 1      17 180
 5  67  39  53  -8  12   0 0.73    M    M  9.4 22  20   M    M   7 13     32  20
 6  51  36  44 -16  21   0 0.02    M    M  6.1 14 350   M    M   5        22 340
 7  55  32  44 -16  21   0 0.00    M    M  3.0 12 350   M    M   2        22 330
 8  57  36  47 -13  18   0 0.00    M    M  4.6 13 180   M    M   0        18 200
 9  64  40  52  -7  13   0 0.00    M    M  5.6 17 180   M    M   3        21 200
10  61  39  50  -9  15   0 0.01    M    M  5.3 20 350   M    M   2 1      28 350
11  56  40  48 -11  17   0    T    M    M  4.3 10 160   M    M   8        15 160
12  58  52  55  -3  10   0 0.52    M    M  6.1 17  50   M    M   9 13     22  50
13  73  56  65   7   0   0 0.32    M    M 10.1 21 170   M    M   8 123    30 260
14  71  51  61   3   4   0 0.57    M    M 11.0 22 250   M    M   5 13     32 240
15  75  46  61   3   4   0 0.00    M    M  2.8 12 260   M    M   0        15 260
16  77  48  63   6   2   0 0.00    M    M  8.1 18 220   M    M   0        25 210
17  66  49  58   1   7   0 0.38    M    M  7.5 22 300   M    M   5 138    33 290
18  62  42  52  -5  13   0 0.00    M    M 10.0 24 260   M    M   1        36 280
19  54  44  49  -7  16   0 0.00    M    M  9.2 22 280   M    M   8        31 290
20  69  38  54  -2  11   0 0.00  0.0    0  4.2 10 170   M    M   0        24 200
21  76  47  62   6   3   0 0.00    M    M  5.7 15 180   M    M   3        22 170
22  79  62  71  15   0   6    T    M    M  9.7 18 180   M    M   4        25 200
23  80  60  70  15   0   5 0.18  0.0    0  7.8 17 170   M    M   3 13     31 200
24  80  60  70  15   0   5 0.00  0.0    M  9.2 17 190   M    M   M        23 210
25  78  44  61   6   4   0 0.41    M    M 10.9 23 320   M    M   M 13     30 340
26  52  37  45  -9  20   0 0.00    M    M 12.3  M   M   M    M   M         M  M
27  54  31  43 -11  22   0 0.00    M    M  9.5 16  10   M    M   M        22  30
28  54  31  43 -11  22   0 0.00    M    M  7.1 16 330   M    M   M        21 330
29  57  31  44  -9  21   0 0.00    M    M  3.6 12  10   M    M   M        18 350
30  61  30  46  -7  19   0 0.00  0.0    M  4.9 13 310   M    M   M        16 320
31  63  39  51  -2  14   0 0.00  0.0    M  5.5 16 360   M    M   M        23 350
================================================================================
SM 2039 1360       324  16  3.14     0.0 212.9          M       75
================================================================================
AV 65.8 43.9                               6.9 FASTST   M    M   3    MAX(MPH)
                                 MISC ---->  # 24 260               # 36  280
================================================================================
NOTES:
# LAST OF SEVERAL OCCURRENCES

COLUMN 17 PEAK WIND IN M.P.H.

PRELIMINARY LOCAL CLIMATOLOGICAL DATA (WS FORM: F-6) , PAGE 2

                                          STATION:  WEST PLAINS MO
                                          MONTH:    OCTOBER
                                          YEAR:     2012
                                          LATITUDE:   36 52 N
                                          LONGITUDE:  91 55 W

[TEMPERATURE DATA]      [PRECIPITATION DATA]       SYMBOLS USED IN COLUMN 16

AVERAGE MONTHLY: 54.8   TOTAL FOR MONTH:   3.14    1 = FOG OR MIST
DPTR FM NORMAL:  -2.6   DPTR FM NORMAL:   -0.70    2 = FOG REDUCING VISIBILITY
HIGHEST:    80 ON 24,23 GRTST 24HR  0.89 ON 13-14      TO 1/4 MILE OR LESS
LOWEST:     30 ON 30                               3 = THUNDER
                        SNOW, ICE PELLETS, HAIL    4 = ICE PELLETS
                        TOTAL MONTH:   0.0 INCH    5 = HAIL
                        GRTST 24HR     0.0         6 = FREEZING RAIN OR DRIZZLE
                        GRTST DEPTH:   0           7 = DUSTSTORM OR SANDSTORM:
                                                       VSBY 1/2 MILE OR LESS
                                                   8 = SMOKE OR HAZE
[NO. OF DAYS WITH]      [WEATHER - DAYS WITH]      9 = BLOWING SNOW
                                                   X = TORNADO
MAX 32 OR BELOW:   0    0.01 INCH OR MORE:   9
MAX 90 OR ABOVE:   0    0.10 INCH OR MORE:   7
MIN 32 OR BELOW:   5    0.50 INCH OR MORE:   3
MIN  0 OR BELOW:   0    1.00 INCH OR MORE:   0

[HDD (BASE 65) ]
TOTAL THIS MO.   324    CLEAR  (SCALE 0-3)  13
DPTR FM NORMAL    63    PTCLDY (SCALE 4-7)   9
TOTAL FM JUL 1   368    CLOUDY (SCALE 8-10)  1
DPTR FM NORMAL    65

[CDD (BASE 65) ]
TOTAL THIS MO.    16
DPTR FM NORMAL    -8    [PRESSURE DATA]
TOTAL FM JAN 1  1739    HIGHEST SLP M ON M
DPTR FM NORMAL   387    LOWEST  SLP 29.43 ON 17

[REMARKS]
#FINAL-10-12#
