000
CXUS53 KSGF 010800
CF6UNO
PRELIMINARY LOCAL CLIMATOLOGICAL DATA (WS FORM: F-6)

                                          STATION:   WEST PLAINS MO
                                          MONTH:     JUNE
                                          YEAR:      2014
                                          LATITUDE:   36 52 N
                                          LONGITUDE:  91 55 W

  TEMPERATURE IN F:       :PCPN:    SNOW:  WIND      :SUNSHINE: SKY     :PK WND
================================================================================
1   2   3   4   5  6A  6B    7    8   9   10  11  12  13   14  15   16   17  18
                                     12Z  AVG MX 2MIN
DY MAX MIN AVG DEP HDD CDD  WTR  SNW DPTH SPD SPD DIR MIN PSBL S-S WX    SPD DR
================================================================================

 1  80  64  72   2   0   7 0.03    M    M  7.8 17 180   M    M   4 12     24 200
 2  79  69  74   4   0   9 0.00    M    M  7.4 13 220   M    M   6 1      18 180
 3  87  66  77   7   0  12 0.00    M    M  5.2 12 170   M    M   3 12     18 170
 4  85  72  79   8   0  14 0.08    M    M  7.9 16 230   M    M   2 3      22 230
 5  75  65  70  -1   0   5 0.90    M    M  5.8 23 260   M    M   8 123    31 280
 6  74  65  70  -1   0   5 0.00    M    M  3.9  9  70   M    M   8 128    12 210
 7  84  66  75   3   0  10 0.16    M    M  6.7 18 270   M    M   7 123    28 260
 8  72  61  67  -5   0   2 0.28    M    M  5.2 16  30   M    M   4 1      20  30
 9  68  62  65  -7   0   0 0.35  0.0    0  7.8 13 120   M    M  10 1      16 120
10  76  62  69  -3   0   4 0.01  0.0    0  5.2 14 220   M    M   7 13     18 220
11  78  58  68  -5   0   3 0.00  0.0    0  3.9 13 330   M    M   6 1      17 260
12  74  57  66  -7   0   1 0.12    M    M  3.5 15  60   M    M   5 13     18  60
13  79  53  66  -7   0   1 0.00    M    M  4.8 15  30   M    M   1        19  20
14  78  48  63 -11   2   0 0.00    M    M  7.2 17 170   M    M   0        24 160
15  80  66  73  -1   0   8 0.33    M    M  8.6 15 270   M    M   4 13     20 270
16  87  69  78   4   0  13 0.00    M    M 11.6 17 190   M    M   1        23 190
17  86  73  80   6   0  15 0.00    M    M 10.3 17 220   M    M   2        26 180
18  87  73  80   6   0  15 0.00    M    M  9.0 17 170   M    M   1        24 220
19  87  70  79   4   0  14 0.00    M    M  6.9 16 190   M    M   0        22 180
20  89  67  78   3   0  13    T    M    M  6.8 21 320   M    M   1 3      27 320
21  90  67  79   4   0  14 0.00    M    M  4.7 16 200   M    M   1 3      19 150
22  88  66  77   1   0  12 0.00    M    M  4.0 12 230   M    M   1        15 220
23  83  68  76   0   0  11 1.28    M    M  5.9 17 200   M    M   4 13     22 180
24  84  65  75  -1   0  10 0.10    M    M  6.0 14 300   M    M   4 1      18 300
25  84  63  74  -2   0   9 0.00    M    M  2.8 10 220   M    M   1        16 220
26  84  66  75  -1   0  10 0.00    M    M  4.4 13 180   M    M   1        18 180
27  82  69  76   0   0  11 0.00  0.0    0  8.2 17 170   M    M   5 1      25 200
28  83  68  76  -1   0  11 0.63    M    M 10.4 26 260   M    M   8 13     37 250
29  79  70  75  -2   0  10 0.96    M    M  7.0 15 170   M    M  10 13     21 180
30  88  73  81   4   0  16 0.00    M    M  8.1 16 190   M    M   3 1      22 200
================================================================================
SM 2450 1961         2 265  5.23     0.0 197.0          M      118
================================================================================
AV 81.7 65.4                               6.6 FASTST   M    M   4    MAX(MPH)
                                 MISC ---->  # 26 260               # 37  250
================================================================================
NOTES:
# LAST OF SEVERAL OCCURRENCES

COLUMN 17 PEAK WIND IN M.P.H.

PRELIMINARY LOCAL CLIMATOLOGICAL DATA (WS FORM: F-6) , PAGE 2

                                          STATION:  WEST PLAINS MO
                                          MONTH:    JUNE
                                          YEAR:     2014
                                          LATITUDE:   36 52 N
                                          LONGITUDE:  91 55 W

[TEMPERATURE DATA]      [PRECIPITATION DATA]       SYMBOLS USED IN COLUMN 16

AVERAGE MONTHLY: 73.5   TOTAL FOR MONTH:   5.23    1 = FOG OR MIST
DPTR FM NORMAL:  -0.2   DPTR FM NORMAL:    1.21    2 = FOG REDUCING VISIBILITY
HIGHEST:    90 ON 21    GRTST 24HR  1.59 ON 28-29      TO 1/4 MILE OR LESS
LOWEST:     48 ON 14                               3 = THUNDER
                        SNOW, ICE PELLETS, HAIL    4 = ICE PELLETS
                        TOTAL MONTH:   0.0 INCH    5 = HAIL
                        GRTST 24HR     0.0         6 = FREEZING RAIN OR DRIZZLE
                        GRTST DEPTH:   0           7 = DUSTSTORM OR SANDSTORM:
                                                       VSBY 1/2 MILE OR LESS
                                                   8 = SMOKE OR HAZE
[NO. OF DAYS WITH]      [WEATHER - DAYS WITH]      9 = BLOWING SNOW
                                                   X = TORNADO
MAX 32 OR BELOW:   0    0.01 INCH OR MORE:  13
MAX 90 OR ABOVE:   1    0.10 INCH OR MORE:  10
MIN 32 OR BELOW:   0    0.50 INCH OR MORE:   4
MIN  0 OR BELOW:   0    1.00 INCH OR MORE:   1

[HDD (BASE 65) ]
TOTAL THIS MO.     2    CLEAR  (SCALE 0-3)  13
DPTR FM NORMAL    -3    PTCLDY (SCALE 4-7)  15
TOTAL FM JUL 1  4859    CLOUDY (SCALE 8-10)  2
DPTR FM NORMAL   512

[CDD (BASE 65) ]
TOTAL THIS MO.   265
DPTR FM NORMAL    -1    [PRESSURE DATA]
TOTAL FM JAN 1   415    HIGHEST SLP M ON M
DPTR FM NORMAL    27    LOWEST  SLP 29.65 ON M

[REMARKS]
#FINAL-06-14#
