000
CXUS53 KSGF 010800
CF6UNO
PRELIMINARY LOCAL CLIMATOLOGICAL DATA (WS FORM: F-6)

                                          STATION:   WEST PLAINS MO
                                          MONTH:     JANUARY
                                          YEAR:      2016
                                          LATITUDE:   36 52 N
                                          LONGITUDE:  91 55 W

  TEMPERATURE IN F:       :PCPN:    SNOW:  WIND      :SUNSHINE: SKY     :PK WND
================================================================================
1   2   3   4   5  6A  6B    7    8   9   10  11  12  13   14  15   16   17  18
                                     12Z  AVG MX 2MIN
DY MAX MIN AVG DEP HDD CDD  WTR  SNW DPTH SPD SPD DIR MIN PSBL S-S WX    SPD DR
================================================================================

 1  44  23  34   0  31   0 0.00    M    M  6.8 16 300   M    M   0        23 310
 2  52  25  39   5  26   0 0.00    M    M  7.7 17 270   M    M   0        23 280
 3  51  25  38   4  27   0 0.00    M    M  7.6 16 350   M    M   0        21 360
 4  39  24  32  -2  33   0 0.00    M    M  7.3 21  30   M    M   4        26  30
 5  39  18  29  -5  36   0 0.00    M    M  5.2 16 160   M    M   0        19 160
 6  47  27  37   3  28   0    T    M    M  6.4 15 170   M    M   4        19 210
 7  43  38  41   7  24   0 0.34    M    M  7.8 13 120   M    M  10 1      18 140
 8  58  39  49  15  16   0 0.00    M    M  7.3 14 230   M    M   7 12     20 180
 9  42  20  31  -3  34   0 0.46    M    M 11.9 23 320   M    M  10 1      32 310
10  29  10  20 -14  45   0    T    M    M  8.4 18 320   M    M   1        25 320
11  46  15  31  -3  34   0 0.00    M    M  9.5 20 250   M    M   4        26 250
12  45  22  34   0  31   0 0.00    M    M  8.0 22 310   M    M   1        30 320
13  50  17  34   0  31   0 0.00    M    M  5.6 16 220   M    M   0        21 180
14  63  34  49  15  16   0 0.00    M    M 10.3 23 210   M    M   0        31 210
15  52  32  42   8  23   0 0.00    M    M 10.7 20 320   M    M   8        27 320
16  42  22  32  -2  33   0 0.00    M    M  6.4 16 330   M    M   1        21 330
17  32  14  23 -11  42   0 0.00    M    M  7.4 16 360   M    M   5        21 360
18  27   4  16 -18  49   0 0.00    M    M  4.7 15 350   M    M   2        19 350
19  23  17  20 -14  45   0 0.06    M    M  7.3 17 120   M    M   9 168    23 110
20  30  22  26  -8  39   0 0.06    M    M  3.5 13  70   M    M  10 1      15  60
21  27  23  25  -9  40   0 0.01    M    M  8.6 16  10   M    M   9 18     21  10
22  38  22  30  -4  35   0    T    M    M 13.1 22 340   M    M   5 8      28 340
23  40  24  32  -2  33   0 0.00    M    M  6.4 17 360   M    M   4 8      24  10
24  47  23  35   1  30   0 0.00    M    M  8.9 17 160   M    M   0 18     22 160
25  60  33  47  13  18   0 0.00    M    M 12.1 22 280   M    M   6        31 280
26  43  21  32  -2  33   0 0.00    M    M  9.2 18 310   M    M   4        26 320
27  47  17  32  -2  33   0 0.00    M    M  3.2  9 260   M    M   0 18     12 280
28  62  34  48  13  17   0 0.00    M    M 10.5 22 280   M    M   2        33 280
29  59  25  42   7  23   0 0.00    M    M  6.3 14 150   M    M   0        19 170
30  68  33  51  16  14   0 0.00    M    M  7.3 14 170   M    M   0        18 210
31  72  47  60  25   5   0 0.00    M    M 10.7 20 230   M    M   4        29 210
================================================================================
SM 1417  750       924   0  0.93    M    246.1          M      110
================================================================================
AV 45.7 24.2                               7.9 FASTST   M    M   4    MAX(MPH)
                                 MISC ---->  # 23 320               # 33  280
================================================================================
NOTES:
# LAST OF SEVERAL OCCURRENCES

COLUMN 17 PEAK WIND IN M.P.H.

PRELIMINARY LOCAL CLIMATOLOGICAL DATA (WS FORM: F-6) , PAGE 2

                                          STATION:  WEST PLAINS MO
                                          MONTH:    JANUARY
                                          YEAR:     2016
                                          LATITUDE:   36 52 N
                                          LONGITUDE:  91 55 W

[TEMPERATURE DATA]      [PRECIPITATION DATA]       SYMBOLS USED IN COLUMN 16

AVERAGE MONTHLY: 35.0   TOTAL FOR MONTH:   0.93    1 = FOG OR MIST
DPTR FM NORMAL:   1.0   DPTR FM NORMAL:   -1.79    2 = FOG REDUCING VISIBILITY
HIGHEST:    72 ON 31    GRTST 24HR  0.46 ON  9- 9      TO 1/4 MILE OR LESS
LOWEST:      4 ON 18                               3 = THUNDER
                        SNOW, ICE PELLETS, HAIL    4 = ICE PELLETS
                        TOTAL MONTH:    M          5 = HAIL
                        GRTST 24HR    M  ON   M    6 = FREEZING RAIN OR DRIZZLE
                        GRTST DEPTH:  M  ON   M    7 = DUSTSTORM OR SANDSTORM:
                                                       VSBY 1/2 MILE OR LESS
                                                   8 = SMOKE OR HAZE
[NO. OF DAYS WITH]      [WEATHER - DAYS WITH]      9 = BLOWING SNOW
                                                   X = TORNADO
MAX 32 OR BELOW:   6    0.01 INCH OR MORE:   5
MAX 90 OR ABOVE:   0    0.10 INCH OR MORE:   2
MIN 32 OR BELOW:  24    0.50 INCH OR MORE:   0
MIN  0 OR BELOW:   0    1.00 INCH OR MORE:   0

[HDD (BASE 65) ]
TOTAL THIS MO.   924    CLEAR  (SCALE 0-3)  15
DPTR FM NORMAL   -35    PTCLDY (SCALE 4-7)  11
TOTAL FM JUL 1  2169    CLOUDY (SCALE 8-10)  5
DPTR FM NORMAL  -535

[CDD (BASE 65) ]
TOTAL THIS MO.     0
DPTR FM NORMAL     0    [PRESSURE DATA]
TOTAL FM JAN 1     0    HIGHEST SLP M ON M
DPTR FM NORMAL     0    LOWEST  SLP 29.48 ON 15

[REMARKS]
#FINAL-01-16#
