000
CXUS53 KSGF 010800
CF6UNO
PRELIMINARY LOCAL CLIMATOLOGICAL DATA (WS FORM: F-6)

                                          STATION:   WEST PLAINS MO
                                          MONTH:     JUNE
                                          YEAR:      2016
                                          LATITUDE:   36 52 N
                                          LONGITUDE:  91 55 W

  TEMPERATURE IN F:       :PCPN:    SNOW:  WIND      :SUNSHINE: SKY     :PK WND
================================================================================
1   2   3   4   5  6A  6B    7    8   9   10  11  12  13   14  15   16   17  18
                                     12Z  AVG MX 2MIN
DY MAX MIN AVG DEP HDD CDD  WTR  SNW DPTH SPD SPD DIR MIN PSBL S-S WX    SPD DR
================================================================================

 1  79  62  71   1   0   6 0.03    M    M  2.4 12 330   M    M   2 13     15 330
 2  77  63  70   0   0   5 0.03    M    M  2.7 14  60   M    M   6 1      19  70
 3  72  65  69  -1   0   4 0.46    M    M  4.8 12 110   M    M   9 1      15  60
 4  80  62  71   0   0   6 1.51    M    M  4.7 13 270   M    M   7 123    17 270
 5  81  58  70  -1   0   5 0.00    M    M  7.0 18 310   M    M   0        26 300
 6  89  55  72   1   0   7 0.00    M    M  4.6 13 310   M    M   0        17 300
 7  82  55  69  -3   0   4 0.00    M    M  5.5 15 180   M    M   1 8      19 330
 8  81  53  67  -5   0   2 0.00    M    M  2.6  8 120   M    M   0        12 180
 9  86  64  75   3   0  10 0.00    M    M  4.4 13 170   M    M   0        17 150
10  88  63  76   4   0  11 0.00    M    M  3.8 13 170   M    M   0        16 160
11  89  64  77   4   0  12 0.00    M    M  2.4 10 220   M    M   2        13 270
12  90  68  79   6   0  14 1.66    M    M  4.3 21 260   M    M   1 138    26 250
13  88  66  77   4   0  12 0.00    M    M  3.8 12 210   M    M   1        19 210
14  87  70  79   5   0  14 0.00    M    M  5.1 13 180   M    M   2        17 250
15  93  76  85  11   0  20    T    M    M  6.4 14 270   M    M   1 18     19 270
16  94  75  85  11   0  20 0.01    M    M  4.7 13 220   M    M   0 1      18 220
17  92  71  82   8   0  17 0.00    M    M  4.9 16 280   M    M   1 3      24 270
18  87  65  76   2   0  11 0.00    M    M  5.0 13 100   M    M   1        18  90
19  86  66  76   1   0  11 0.00    M    M  4.5 12 170   M    M   2        14 150
20  89  73  81   6   0  16 0.00    M    M  5.4 12 200   M    M   2        14 200
21  91  72  82   7   0  17 0.00    M    M  5.9 14 320   M    M   0        17 290
22  92  74  83   7   0  18 0.00    M    M  8.6 16 220   M    M   1        25 210
23  93  70  82   6   0  17 0.01    M    M  8.0 36 310   M    M   4 38     49 310
24  87  69  78   2   0  13 0.07    M    M  2.7 10 360   M    M   2 13     15  20
25  90  73  82   6   0  17 0.00    M    M  4.9 13 230   M    M   2        18 220
26  92  72  82   6   0  17 0.45    M    M  5.5 31 260   M    M   3 13     49 260
27  88  67  78   2   0  13    T    M    M  4.6 13  20   M    M   3 128    18  10
28  91  64  78   1   0  13 0.00    M    M  4.1 13 350   M    M   1        20 350
29  86  61  74  -3   0   9 0.00    M    M  3.5 12  90   M    M   0        14  80
30  82  66  74  -3   0   9 0.18    M    M  5.8 14 260   M    M   3 13     29 330
================================================================================
SM 2602 1982         0 350  4.41    M    142.6          M       57
================================================================================
AV 86.7 66.1                               4.8 FASTST   M    M   2    MAX(MPH)
                                 MISC ---->  # 36 310               # 49  310
================================================================================
NOTES:
# LAST OF SEVERAL OCCURRENCES

COLUMN 17 PEAK WIND IN M.P.H.

PRELIMINARY LOCAL CLIMATOLOGICAL DATA (WS FORM: F-6) , PAGE 2

                                          STATION:  WEST PLAINS MO
                                          MONTH:    JUNE
                                          YEAR:     2016
                                          LATITUDE:   36 52 N
                                          LONGITUDE:  91 55 W

[TEMPERATURE DATA]      [PRECIPITATION DATA]       SYMBOLS USED IN COLUMN 16

AVERAGE MONTHLY: 76.4   TOTAL FOR MONTH:   4.41    1 = FOG OR MIST
DPTR FM NORMAL:   2.7   DPTR FM NORMAL:    0.39    2 = FOG REDUCING VISIBILITY
HIGHEST:    94 ON 16    GRTST 24HR  1.72 ON  3- 4      TO 1/4 MILE OR LESS
LOWEST:     53 ON  8                               3 = THUNDER
                        SNOW, ICE PELLETS, HAIL    4 = ICE PELLETS
                        TOTAL MONTH:    M          5 = HAIL
                        GRTST 24HR    M  ON   M    6 = FREEZING RAIN OR DRIZZLE
                        GRTST DEPTH:  M  ON   M    7 = DUSTSTORM OR SANDSTORM:
                                                       VSBY 1/2 MILE OR LESS
                                                   8 = SMOKE OR HAZE
[NO. OF DAYS WITH]      [WEATHER - DAYS WITH]      9 = BLOWING SNOW
                                                   X = TORNADO
MAX 32 OR BELOW:   0    0.01 INCH OR MORE:  10
MAX 90 OR ABOVE:  10    0.10 INCH OR MORE:   5
MIN 32 OR BELOW:   0    0.50 INCH OR MORE:   2
MIN  0 OR BELOW:   0    1.00 INCH OR MORE:   2

[HDD (BASE 65) ]
TOTAL THIS MO.     0    CLEAR  (SCALE 0-3)  26
DPTR FM NORMAL    -5    PTCLDY (SCALE 4-7)   3
TOTAL FM JUL 1  3525    CLOUDY (SCALE 8-10)  1
DPTR FM NORMAL  -822

[CDD (BASE 65) ]
TOTAL THIS MO.   350
DPTR FM NORMAL    84    [PRESSURE DATA]
TOTAL FM JAN 1   443    HIGHEST SLP M ON M
DPTR FM NORMAL    55    LOWEST  SLP 29.73 ON 14

[REMARKS]
#FINAL-06-16#
