000
CXUS53 KSGF 010800
CF6UNO
PRELIMINARY LOCAL CLIMATOLOGICAL DATA (WS FORM: F-6)

                                          STATION:   WEST PLAINS MO
                                          MONTH:     MARCH
                                          YEAR:      2016
                                          LATITUDE:   36 52 N
                                          LONGITUDE:  91 55 W

  TEMPERATURE IN F:       :PCPN:    SNOW:  WIND      :SUNSHINE: SKY     :PK WND
================================================================================
1   2   3   4   5  6A  6B    7    8   9   10  11  12  13   14  15   16   17  18
                                     12Z  AVG MX 2MIN
DY MAX MIN AVG DEP HDD CDD  WTR  SNW DPTH SPD SPD DIR MIN PSBL S-S WX    SPD DR
================================================================================

 1  55  32  44   2  21   0 0.53    M    M  9.9 25 320   M    M   4 13     36 320
 2  52  24  38  -4  27   0 0.00    M    M  6.5 17 160   M    M   2        23 160
 3  60  40  50   7  15   0 0.04    M    M  6.1 18 120   M    M   7        22 120
 4  58  30  44   1  21   0 0.00    M    M  4.9 13 160   M    M   2 18     17 160
 5  69  40  55  11  10   0 0.00    M    M  8.3 22 320   M    M   1 18     29 300
 6  68  36  52   8  13   0 0.00    M    M 10.4 20 160   M    M   0        26 200
 7  70  57  64  20   1   0 0.00    M    M 13.8 24 180   M    M   3        31 170
 8  64  54  59  14   6   0 1.12    M    M  8.9 26 110   M    M   7 13     37 250
 9  64  52  58  13   7   0 0.12    M    M  4.0 12  70   M    M   9 1      15  90
10  58  45  52   7  13   0 0.43    M    M  9.5 23  20   M    M   8 1      30  20
11  58  42  50   4  15   0 0.00    M    M  8.7 16  50   M    M   7        20  50
12  59  50  55   9  10   0 0.11    M    M  4.3  9  90   M    M  10 12     11  90
13  70  54  62  16   3   0 0.02    M    M  5.3 14 190   M    M   8 123    19 150
14  75  48  62  15   3   0 0.00    M    M  5.5 12 260   M    M   4 1      16 250
15  86  52  69  22   0   4 0.00    M    M 10.9 25 300   M    M   0        40 310
16  65  43  54   6  11   0 0.00    M    M  8.3 21 280   M    M   2        29 290
17  66  38  52   4  13   0 0.00    M    M  4.8 14 350   M    M   5        19  20
18  56  34  45  -3  20   0 0.01    M    M  9.7 17  20   M    M   7        24  20
19  52  35  44  -5  21   0 0.00    M    M 10.3 21 320   M    M   7        29 340
20  48  31  40  -9  25   0 0.00    M    M  9.1 20 320   M    M   7        29 320
21  58  25  42  -7  23   0 0.00    M    M  8.0 15 180   M    M   0 8      22 210
22  70  43  57   7   8   0 0.00    M    M 13.8 24 180   M    M   0        33 180
23  71  56  64  14   1   0 0.00    M    M 13.9 24 180   M    M   4        36 210
24  63  39  51   1  14   0 0.47    M    M 12.5 23 260   M    M  10 138    33 250
25  54  36  45  -6  20   0 0.00    M    M  6.5 12  80   M    M   5        17  10
26  67  30  49  -2  16   0 0.00    M    M  5.1 14 160   M    M   0 18     17 160
27  68  36  52   1  13   0    T    M    M  7.0 21 330   M    M   4        29 340
28  67  31  49  -3  16   0 0.00    M    M  3.0 10  20   M    M   0        14  50
29  65  31  48  -4  17   0 0.00    M    M  8.7 18 120   M    M   0        27 150
30  65  53  59   7   6   0 0.94    M    M  9.6 17 170   M    M   9 13     25 180
31  74  45  60   7   5   0 0.14    M    M 11.0 24 260   M    M   4 123    30 260
================================================================================
SM 1975 1262       394   4  3.93    M    258.3          M      136
================================================================================
AV 63.7 40.7                               8.3 FASTST   M    M   4    MAX(MPH)
                                 MISC ---->  # 26 110               # 40  310
================================================================================
NOTES:
# LAST OF SEVERAL OCCURRENCES

COLUMN 17 PEAK WIND IN M.P.H.

PRELIMINARY LOCAL CLIMATOLOGICAL DATA (WS FORM: F-6) , PAGE 2

                                          STATION:  WEST PLAINS MO
                                          MONTH:    MARCH
                                          YEAR:     2016
                                          LATITUDE:   36 52 N
                                          LONGITUDE:  91 55 W

[TEMPERATURE DATA]      [PRECIPITATION DATA]       SYMBOLS USED IN COLUMN 16

AVERAGE MONTHLY: 52.2   TOTAL FOR MONTH:   3.93    1 = FOG OR MIST
DPTR FM NORMAL:   4.7   DPTR FM NORMAL:   -0.36    2 = FOG REDUCING VISIBILITY
HIGHEST:    86 ON 15    GRTST 24HR  1.12 ON  8- 8      TO 1/4 MILE OR LESS
LOWEST:     24 ON  2                               3 = THUNDER
                        SNOW, ICE PELLETS, HAIL    4 = ICE PELLETS
                        TOTAL MONTH:    M          5 = HAIL
                        GRTST 24HR    M  ON   M    6 = FREEZING RAIN OR DRIZZLE
                        GRTST DEPTH:  M  ON   M    7 = DUSTSTORM OR SANDSTORM:
                                                       VSBY 1/2 MILE OR LESS
                                                   8 = SMOKE OR HAZE
[NO. OF DAYS WITH]      [WEATHER - DAYS WITH]      9 = BLOWING SNOW
                                                   X = TORNADO
MAX 32 OR BELOW:   0    0.01 INCH OR MORE:  11
MAX 90 OR ABOVE:   0    0.10 INCH OR MORE:   8
MIN 32 OR BELOW:   8    0.50 INCH OR MORE:   3
MIN  0 OR BELOW:   0    1.00 INCH OR MORE:   1

[HDD (BASE 65) ]
TOTAL THIS MO.   394    CLEAR  (SCALE 0-3)  12
DPTR FM NORMAL  -152    PTCLDY (SCALE 4-7)  15
TOTAL FM JUL 1  3227    CLOUDY (SCALE 8-10)  4
DPTR FM NORMAL  -783

[CDD (BASE 65) ]
TOTAL THIS MO.     4
DPTR FM NORMAL     0    [PRESSURE DATA]
TOTAL FM JAN 1     4    HIGHEST SLP M ON M
DPTR FM NORMAL     0    LOWEST  SLP 29.45 ON 31

[REMARKS]
#FINAL-03-16#
