000
CXUS53 KSGF 010800
CF6UNO
PRELIMINARY LOCAL CLIMATOLOGICAL DATA (WS FORM: F-6)

                                          STATION:   WEST PLAINS MO
                                          MONTH:     MARCH
                                          YEAR:      2014
                                          LATITUDE:   36 52 N
                                          LONGITUDE:  91 55 W

  TEMPERATURE IN F:       :PCPN:    SNOW:  WIND      :SUNSHINE: SKY     :PK WND
================================================================================
1   2   3   4   5  6A  6B    7    8   9   10  11  12  13   14  15   16   17  18
                                     12Z  AVG MX 2MIN
DY MAX MIN AVG DEP HDD CDD  WTR  SNW DPTH SPD SPD DIR MIN PSBL S-S WX    SPD DR
================================================================================

 1  56  37  47   5  18   0 0.00    M    M  4.5 17 360   M    M   8 8      23 360
 2  36   8  22 -20  43   0 0.75    M    M 13.5 21  10   M    M  10 12368  28  30
 3  26   2  14 -29  51   0 0.33    M    0   M   M   M   M    M   3 28      M  M
 4  35   4  20 -23  45   0 0.00  0.0    0  3.7  8 160   M    M   0        11 160
 5  44  13  29 -15  36   0 0.00  0.0    0  2.9 10 120   M    M   0        13 120
 6  51  25  38  -6  27   0 0.00    M    M  4.8 14  20   M    M   1        16  30
 7  53  24  39  -5  26   0 0.00    M    M  4.9 12 150   M    M   0        16 150
 8  51  33  42  -3  23   0 0.12    M    M  7.7 14  20   M    M   6 18     19 340
 9  52  33  43  -2  22   0 0.00    M    M  5.9 12 230   M    M   6 18     15 230
10  73  35  54   9  11   0 0.00    M    M  8.7 17 230   M    M   1 128    24 240
11  77  37  57  11   8   0 0.00    M    M  9.1 21 190   M    M   1        28 180
12  61  29  45  -1  20   0    T    M    M 14.9 29 350   M    M   4        40 340
13  66  29  48   2  17   0 0.00    M    M  8.5 18 280   M    M   0        26 270
14  65  39  52   5  13   0 0.00    M    M  8.9 23 220   M    M   0 8      29 220
15  67  33  50   3  15   0 0.00    M    M  6.3 16 180   M    M   3 8      22 170
16  56  25  41  -7  24   0 1.48    M    M 17.2 30  30   M    M  10 1      41  30
17  50  20  35 -13  30   0 0.00    M    M  5.9 20  10   M    M   0        29  10
18  56  32  44  -4  21   0 0.00    M    M 11.9 24 160   M    M   1 1      33 170
19  53  35  44  -5  21   0 0.00    M    M 10.9 24 240   M    M   4 8      32 250
20  64  29  47  -2  18   0 0.00    M    M  6.6 16 190   M    M   0        21 190
21  69  40  55   6  10   0 0.00    M    M  8.2 16 190   M    M   1 8      24 170
22  58  41  50   0  15   0 0.00    M    M 11.6 18  30   M    M   2        23  30
23  50  29  40 -10  25   0 0.00    M    M 10.7 21  20   M    M   2 8      26  20
24  51  22  37 -13  28   0 0.00    M    M  4.9 13 300   M    M   5        17 320
25  44  25  35 -16  30   0    T    M    M 10.0 22 300   M    M   5 8      31 320
26  51  20  36 -15  29   0 0.06    M    M  9.6 20 170   M    M   2 8      30 170
27  59  42  51   0  14   0 0.11    M    M 14.0 24 190   M    M   9 13     34 200
28  63  39  51  -1  14   0 0.32    M    M  7.8 16  20   M    M   3 1      19  20
29  57  32  45  -7  20   0 0.00    M    M  8.8 20 360   M    M   3 18     26 340
30  65  29  47  -5  18   0 0.00    M    M  7.1 16 150   M    M   0 18     20 150
31  61  48  55   2  10   0 0.05    M    0 10.6 24 180   M    M   4 3      31 170
================================================================================
SM 1720  889       702   0  3.22     0.0 260.1          M       94
================================================================================
AV 55.5 28.7                               8.7 FASTST   M    M   3    MAX(MPH)
                                 MISC ---->  # 30  30               # 41   30
================================================================================
NOTES:
# LAST OF SEVERAL OCCURRENCES

COLUMN 17 PEAK WIND IN M.P.H.

PRELIMINARY LOCAL CLIMATOLOGICAL DATA (WS FORM: F-6) , PAGE 2

                                          STATION:  WEST PLAINS MO
                                          MONTH:    MARCH
                                          YEAR:     2014
                                          LATITUDE:   36 52 N
                                          LONGITUDE:  91 55 W

[TEMPERATURE DATA]      [PRECIPITATION DATA]       SYMBOLS USED IN COLUMN 16

AVERAGE MONTHLY: 42.1   TOTAL FOR MONTH:   3.22    1 = FOG OR MIST
DPTR FM NORMAL:  -5.4   DPTR FM NORMAL:   -1.07    2 = FOG REDUCING VISIBILITY
HIGHEST:    77 ON 11    GRTST 24HR  1.48 ON 16-16      TO 1/4 MILE OR LESS
LOWEST:      2 ON  3                               3 = THUNDER
                        SNOW, ICE PELLETS, HAIL    4 = ICE PELLETS
                        TOTAL MONTH:   0.0 INCH    5 = HAIL
                        GRTST 24HR     0.0         6 = FREEZING RAIN OR DRIZZLE
                        GRTST DEPTH:   0           7 = DUSTSTORM OR SANDSTORM:
                                                       VSBY 1/2 MILE OR LESS
                                                   8 = SMOKE OR HAZE
[NO. OF DAYS WITH]      [WEATHER - DAYS WITH]      9 = BLOWING SNOW
                                                   X = TORNADO
MAX 32 OR BELOW:   1    0.01 INCH OR MORE:   8
MAX 90 OR ABOVE:   0    0.10 INCH OR MORE:   6
MIN 32 OR BELOW:  18    0.50 INCH OR MORE:   2
MIN  0 OR BELOW:   0    1.00 INCH OR MORE:   1

[HDD (BASE 65) ]
TOTAL THIS MO.   702    CLEAR  (SCALE 0-3)  19
DPTR FM NORMAL   156    PTCLDY (SCALE 4-7)   8
TOTAL FM JUL 1  4500    CLOUDY (SCALE 8-10)  4
DPTR FM NORMAL   490

[CDD (BASE 65) ]
TOTAL THIS MO.     0
DPTR FM NORMAL    -4    [PRESSURE DATA]
TOTAL FM JAN 1     0    HIGHEST SLP M ON M
DPTR FM NORMAL    -4    LOWEST  SLP 29.44 ON 11

[REMARKS]
#FINAL-03-14#
