000
CXUS53 KSGF 011644 CCA
CF6UNO

PRELIMINARY LOCAL CLIMATOLOGICAL DATA (WS FORM: F-6)

                                          STATION:   WEST PLAINS MO
                                          MONTH:     NOVEMBER
                                          YEAR:      2016
                                          LATITUDE:   36 52 N
                                          LONGITUDE:  91 55 W

  TEMPERATURE IN F:       :PCPN:    SNOW:  WIND      :SUNSHINE: SKY     :PK WND
================================================================================
1   2   3   4   5  6A  6B    7    8   9   10  11  12  13   14  15   16   17  18
                                     12Z  AVG MX 2MIN
DY MAX MIN AVG DEP HDD CDD  WTR  SNW DPTH SPD SPD DIR MIN PSBL S-S WX    SPD DR
================================================================================

 1  81  59  70  18   0   5    T  0.0    0  9.0 18 180   M    M   0        26 220
 2  80  61  71  19   0   6    T  0.0    0  7.3 17 180   M    M   2        23 170
 3  75  54  65  13   0   0 0.00    M    M  6.1 15  10   M    M   6 1      22  20
 4  72  43  58   7   7   0 0.00    M    M  4.6 13  50   M    M   0 1      16  60
 5  65  39  52   1  13   0 0.00    M    M  2.6  9  30   M    M   0        12  30
 6  68  35  52   1  13   0 0.00    M    M  3.9 13 160   M    M   0        16 170
 7  67  48  58   8   7   0 0.02    M    0  2.7  9 210   M    M   8        12 180
 8  68  54  61  11   4   0    T  0.0    0  3.2 13  20   M    M   9 1      17  30
 9  66  37  52   2  13   0 0.00  0.0    0  4.9 12  40   M    M   0        16  60
10  68  34  51   2  14   0 0.00    M    M  4.3 10 260   M    M   0 8      14 210
11  70  42  56   7   9   0 0.00    M    M  8.6 17  30   M    M   0        22  30
12  59  30  45  -3  20   0 0.00    M    M  4.0 10  80   M    M   0        14  30
13  61  25  43  -5  22   0 0.00    M    M  2.5 12 210   M    M   0        14 220
14  67  33  50   2  15   0 0.00    M    M  3.7 10 200   M    M   3        14 220
15  74  43  59  12   6   0 0.00    M    M  3.6 13 340   M    M   0 1      16 330
16  77  42  60  13   5   0 0.00    M    M  3.9 10 200   M    M   0        15 190
17  80  59  70  24   0   5 0.00    M    M 11.3 23 190   M    M   0        33 170
18  66  41  54   8  11   0 0.38    M    M 12.3 25 310   M    M   3 13     37 300
19  51  31  41  -4  24   0 0.00    M    M  9.4 20 310   M    M   0        28 310
20  52  26  39  -6  26   0 0.00    M    M  3.7  9 170   M    M   0        13 190
21  58  28  43  -1  22   0 0.00    M    M  4.9 13 110   M    M   0        18 120
22  57  39  48   4  17   0 0.21    M    M  8.7 17 140   M    M   7 138    24 150
23  57  44  51   7  14   0 0.10    M    M  9.1 17 130   M    M  10 12     50 330
24  46  40  43   0  22   0    T    M    M  5.5 12 320   M    M  10 1      14 320
25  58  33  46   3  19   0 0.00    M    M  4.5 13 360   M    M   4 12     19 300
26  42  33  38  -4  27   0 0.00    M    M  4.1  9 180   M    M   9 12     13 220
27  47  32  40  -2  25   0    M    M    M  9.7 17 170   M    M   8 1238   26 160
28  52  44  48   6  17   0    M    M    M 10.0 16 160   M    M   7 13     22 150
29  63  42  53  12  12   0 0.00    M    M  7.3 18 220   M    M   2 1      24 220
30  48  33  41   0  24   0 0.00    M    M  8.9 21 280   M    M   0        31 280
================================================================================
SM 1895 1204       408  16  0.71     0.0 184.3          M       88
================================================================================
AV 63.2 40.1                               6.1 FASTST   M    M   3    MAX(MPH)
                                 MISC ---->  # 25 310               # 50  330
================================================================================
NOTES:
# LAST OF SEVERAL OCCURRENCES

COLUMN 17 PEAK WIND IN M.P.H.

PRELIMINARY LOCAL CLIMATOLOGICAL DATA (WS FORM: F-6) , PAGE 2

                                          STATION:  WEST PLAINS MO
                                          MONTH:    NOVEMBER
                                          YEAR:     2016
                                          LATITUDE:   36 52 N
                                          LONGITUDE:  91 55 W

[TEMPERATURE DATA]      [PRECIPITATION DATA]       SYMBOLS USED IN COLUMN 16

AVERAGE MONTHLY: 51.7   TOTAL FOR MONTH:   0.71    1 = FOG OR MIST
DPTR FM NORMAL:   4.9   DPTR FM NORMAL:       M    2 = FOG REDUCING VISIBILITY
HIGHEST:    81 ON  1    GRTST 24HR  M ON M             TO 1/4 MILE OR LESS
LOWEST:     25 ON 13                               3 = THUNDER
                        SNOW, ICE PELLETS, HAIL    4 = ICE PELLETS
                        TOTAL MONTH:   0.0 INCH    5 = HAIL
                        GRTST 24HR     0.0         6 = FREEZING RAIN OR DRIZZLE
                        GRTST DEPTH:   0           7 = DUSTSTORM OR SANDSTORM:
                                                       VSBY 1/2 MILE OR LESS
                                                   8 = SMOKE OR HAZE
[NO. OF DAYS WITH]      [WEATHER - DAYS WITH]      9 = BLOWING SNOW
                                                   X = TORNADO
MAX 32 OR BELOW:   0    0.01 INCH OR MORE:   4
MAX 90 OR ABOVE:   0    0.10 INCH OR MORE:   3
MIN 32 OR BELOW:   6    0.50 INCH OR MORE:   0
MIN  0 OR BELOW:   0    1.00 INCH OR MORE:   0

[HDD (BASE 65) ]
TOTAL THIS MO.   408    CLEAR  (SCALE 0-3)  20
DPTR FM NORMAL  -141    PTCLDY (SCALE 4-7)   5
TOTAL FM JUL 1   520    CLOUDY (SCALE 8-10)  5
DPTR FM NORMAL  -332

[CDD (BASE 65) ]
TOTAL THIS MO.    16
DPTR FM NORMAL    14    [PRESSURE DATA]
TOTAL FM JAN 1  1604    HIGHEST SLP 30.52 ON 19
DPTR FM NORMAL   250    LOWEST  SLP 29.26 ON 28

[REMARKS]ASOS NOT WORKING FOR PRECIP TOTALS FOR NOV 27 AND 28. COOP SITE
FPR AUTOMATED GAUGE LOCATED 10 MILES SOUTH RECORDED 0.09" FOR THE 27TH AND
0.80" FOR THE 28TH. TEO
#FINAL-11-16#
