000
CXUS53 KSGF 010710
CF6UNO
PRELIMINARY LOCAL CLIMATOLOGICAL DATA (WS FORM: F-6)
STATION: WEST PLAINS MO
MONTH: AUGUST
YEAR: 2022
LATITUDE: 36 52 N
LONGITUDE: 91 55 W
TEMPERATURE IN F: :PCPN: SNOW: WIND :SUNSHINE: SKY :PK WND
================================================================================
1 2 3 4 5 6A 6B 7 8 9 10 11 12 13 14 15 16 17 18
12Z AVG MX 2MIN
DY MAX MIN AVG DEP HDD CDD WTR SNW DPTH SPD SPD DIR MIN PSBL S-S WX SPD DR
================================================================================
1 96 72 84 6 0 19 0.00 M M 6.6 15 220 M M 3 1 23 230
2 94 73 84 6 0 19 0.00 M M 6.1 13 180 M M 1 19 170
3 97 75 86 8 0 21 0.10 M M 7.9 18 190 M M 1 13 28 200
4 89 69 79 1 0 14 1.82 M M 6.8 22 20 M M 6 13 38 10
5 92 72 82 4 0 17 0.00 M M 4.4 12 150 M M 3 12 16 150
6 91 74 83 5 0 18 0.00 M M 5.8 13 170 M M 1 21 190
7 91 75 83 5 0 18 T M M 5.1 13 190 M M 2 19 170
8 91 72 82 4 0 17 0.08 M M 6.0 15 260 M M 2 38 23 260
9 89 68 79 1 0 14 0.00 M M 3.0 13 340 M M 3 17 340
10 88 67 78 0 0 13 0.00 M M 4.8 13 30 M M 4 12 19 40
11 86 62 74 -4 0 9 0.00 M M 3.8 12 80 M M 0 1 19 80
12 87 63 75 -3 0 10 T M M 4.0 13 90 M M 2 18 110
13 85 63 74 -4 0 9 0.00 M M 3.3 8 180 M M 0 14 180
14 92 69 81 3 0 16 0.00 M M 5.6 12 220 M M 0 18 230
15 91 70 81 4 0 16 0.00 M M 5.8 12 90 M M 0 17 90
16 71 66 69 -8 0 4 0.83 M M 5.1 12 50 M M 9 13 M M
17 79 64 72 -5 0 7 0.19 M M 3.0 12 90 M M 8 18 17 130
18 84 61 73 -4 0 8 0.00 M M 1.9 8 90 M M 0 1 12 50
19 84 60 72 -5 0 7 0.00 M M 2.3 9 160 M M 2 13 150
20 86 65 76 -1 0 11 0.84 M M 5.4 20 320 M M 2 13 28 320
21 84 68 76 0 0 11 0.02 M M 3.3 13 320 M M 3 13 19 310
22 84 63 74 -2 0 9 0.00 M M 3.5 10 80 M M 1 18 80
23 84 63 74 -2 0 9 0.00 M M 4.6 10 80 M M 1 1 17 70
24 85 62 74 -2 0 9 0.00 M M 3.7 12 60 M M 2 18 40
25 89 60 75 -1 0 10 0.00 M M 2.1 10 30 M M 0 16 350
26 91 65 78 2 0 13 T M M 1.9 10 80 M M 1 16 70
27 88 65 77 2 0 12 0.00 M M 4.0 12 180 M M 1 16 150
28 88 72 80 5 0 15 0.02 M M 5.3 21 160 M M 2 3 30 160
29 88 69 79 4 0 14 0.34 M M 5.1 15 10 M M 4 13 23 10
30 88 66 77 3 0 12 0.00 M M 3.9 13 40 M M 2 12 18 50
31 87 58 73 -1 0 8 0.00 M M 1.0 7 30 M M 0 10 130
================================================================================
SM 2719 2071 0 389 4.24 M 135.1 M 66
================================================================================
AV 87.7 66.8 4.4 FASTST M M 2 MAX(MPH)
MISC ----> 22 20 38 10
================================================================================
NOTES:
# LAST OF SEVERAL OCCURRENCES
COLUMN 17 PEAK WIND IN M.P.H.
PRELIMINARY LOCAL CLIMATOLOGICAL DATA (WS FORM: F-6) , PAGE 2
STATION: WEST PLAINS MO
MONTH: AUGUST
YEAR: 2022
LATITUDE: 36 52 N
LONGITUDE: 91 55 W
[TEMPERATURE DATA] [PRECIPITATION DATA] SYMBOLS USED IN COLUMN 16
AVERAGE MONTHLY: 77.3 TOTAL FOR MONTH: 4.24 1 = FOG OR MIST
DPTR FM NORMAL: 0.4 DPTR FM NORMAL: 0.88 2 = FOG REDUCING VISIBILITY
HIGHEST: 97 ON 3 GRTST 24HR 1.92 ON 3- 4 TO 1/4 MILE OR LESS
LOWEST: 58 ON 31 3 = THUNDER
SNOW, ICE PELLETS, HAIL 4 = ICE PELLETS
TOTAL MONTH: M 5 = HAIL
GRTST 24HR M ON M 6 = FREEZING RAIN OR DRIZZLE
GRTST DEPTH: M ON M 7 = DUSTSTORM OR SANDSTORM:
VSBY 1/2 MILE OR LESS
8 = SMOKE OR HAZE
[NO. OF DAYS WITH] [WEATHER - DAYS WITH] 9 = BLOWING SNOW
X = TORNADO
MAX 32 OR BELOW: 0 0.01 INCH OR MORE: 9
MAX 90 OR ABOVE: 10 0.10 INCH OR MORE: 6
MIN 32 OR BELOW: 0 0.50 INCH OR MORE: 3
MIN 0 OR BELOW: 0 1.00 INCH OR MORE: 1
[HDD (BASE 65) ]
TOTAL THIS MO. 0 CLEAR (SCALE 0-3) 25
DPTR FM NORMAL -1 PTCLDY (SCALE 4-7) 5
TOTAL FM JUL 1 0 CLOUDY (SCALE 8-10) 1
DPTR FM NORMAL 0
[CDD (BASE 65) ]
TOTAL THIS MO. 389
DPTR FM NORMAL 18 [PRESSURE DATA]
TOTAL FM JAN 1 1468 HIGHEST SLP M ON M
DPTR FM NORMAL 296 LOWEST SLP 29.83 ON 28
[REMARKS]
#FINAL-08-22#