000
CXUS53 KSGF 010800
CF6UNO
PRELIMINARY LOCAL CLIMATOLOGICAL DATA (WS FORM: F-6)

                                          STATION:   WEST PLAINS MO
                                          MONTH:     SEPTEMBER
                                          YEAR:      2012
                                          LATITUDE:   36 52 N
                                          LONGITUDE:  91 55 W

  TEMPERATURE IN F:       :PCPN:    SNOW:  WIND      :SUNSHINE: SKY     :PK WND
================================================================================
1   2   3   4   5  6A  6B    7    8   9   10  11  12  13   14  15   16   17  18
                                     12Z  AVG MX 2MIN
DY MAX MIN AVG DEP HDD CDD  WTR  SNW DPTH SPD SPD DIR MIN PSBL S-S WX    SPD DR
================================================================================

 1  83  71  77   3   0  12 0.14    M    M 12.5 22 240   M    M   9 1      31 220
 2  86  70  78   4   0  13 0.00    M    M  6.4 15 280   M    M   7 1      22 270
 3  94  68  81   7   0  16 0.00    M    M  4.2 10 340   M    M   0 1      15  10
 4  92  67  80   6   0  15 0.00    M    M  3.0 14  10   M    M   0 1      18 150
 5  94  72  83  10   0  18 0.00    M    M  3.2 14  50   M    M   1        17  50
 6  92  67  80   7   0  15 0.00    M    M  4.3 18 250   M    M   0 13     32 250
 7  93  65  79   7   0  14 0.93    M    M  8.1 30 320   M    M   1 13     41 320
 8  75  55  65  -7   0   0 0.00    M    M  8.6 20 340   M    M   1        25 340
 9  79  53  66  -6   0   1 0.00    M    M  4.9 14  20   M    M   0        18  10
10  77  49  63  -8   2   0 0.00  0.0    0  3.1 12 100   M    M   0        17 110
11  82  51  67  -4   0   2 0.00    M    M  4.1 12 140   M    M   0 1      17 120
12  82  56  69  -1   0   4 0.00    M    M  5.7 16 160   M    M   2        23 170
13  86  54  70   0   0   5 0.00    M    M  3.8 15  30   M    M   2 1      20  20
14  69  59  64  -6   1   0 0.06    M    M  9.1 14  30   M    M   6 1      17  30
15  62  58  60  -9   5   0 1.08    M    M  5.8 10  30   M    M  10 1      14  70
16  71  61  66  -3   0   1    T    M    M  1.6  8 220   M    M  10 128     M  M
17  73  62  68   0   0   3 0.00  0.0    0  1.4 14 350   M    M   8 12     20 350
18  70  45  58 -10   7   0 0.00  0.0    0  8.9 20 360   M    M   2 18     28  10
19  73  42  58  -9   7   0 0.00  0.0    0  5.8 14 160   M    M   0 18     18 140
20  81  54  68   1   0   3 0.00  0.0    0  5.0 16 270   M    M   0        21 280
21  82  54  68   1   0   3 1.39  0.0    0  7.9 18 160   M    M   3 13     24 210
22  79  49  64  -2   1   0 0.00    M    M  5.8 16 320   M    M   0        21 320
23  69  41  55 -11  10   0 0.00    M    M  2.7  9  40   M    M   0         M  M
24  69  45  57  -8   8   0 0.00  0.0    0  6.9 16 150   M    M   2        21 140
25  87  64  76  11   0  11 0.00  0.0    0  8.7 16 230   M    M   0        24 220
26  77  65  71   7   0   6 0.44  0.0    0  3.4 26 310   M    M   5 138    32 300
27  81  62  72   8   0   7    M  0.0    0  2.4 18 290   M    M   6 138    24 280
28  76  62  69   5   0   4 0.20  0.0    0  4.0 10  20   M    M   8 1      14  20
29  74  57  66   3   0   1 0.00  0.0    0  4.2 12  30   M    M   3        14 100
30  70  54  62  -1   3   0 0.00  0.0    0  3.1 10  20   M    M   0        15  20
================================================================================
SM 2378 1732        44 154  4.24     0.0 158.6          M       86
================================================================================
AV 79.3 57.7                               5.3 FASTST   M    M   3    MAX(MPH)
                                 MISC ---->  # 30 320               # 41  320
================================================================================
NOTES:
# LAST OF SEVERAL OCCURRENCES

COLUMN 17 PEAK WIND IN M.P.H.

PRELIMINARY LOCAL CLIMATOLOGICAL DATA (WS FORM: F-6) , PAGE 2

                                          STATION:  WEST PLAINS MO
                                          MONTH:    SEPTEMBER
                                          YEAR:     2012
                                          LATITUDE:   36 52 N
                                          LONGITUDE:  91 55 W

[TEMPERATURE DATA]      [PRECIPITATION DATA]       SYMBOLS USED IN COLUMN 16

AVERAGE MONTHLY: 68.5   TOTAL FOR MONTH:   4.24    1 = FOG OR MIST
DPTR FM NORMAL:  -0.4   DPTR FM NORMAL:    0.15    2 = FOG REDUCING VISIBILITY
HIGHEST:    94 ON  5, 3 GRTST 24HR  2.03 ON 31- 1      TO 1/4 MILE OR LESS
LOWEST:     41 ON 23                               3 = THUNDER
                        SNOW, ICE PELLETS, HAIL    4 = ICE PELLETS
                        TOTAL MONTH:   0.0 INCH    5 = HAIL
                        GRTST 24HR     0.0         6 = FREEZING RAIN OR DRIZZLE
                        GRTST DEPTH:   0           7 = DUSTSTORM OR SANDSTORM:
                                                       VSBY 1/2 MILE OR LESS
                                                   8 = SMOKE OR HAZE
[NO. OF DAYS WITH]      [WEATHER - DAYS WITH]      9 = BLOWING SNOW
                                                   X = TORNADO
MAX 32 OR BELOW:   0    0.01 INCH OR MORE:   7
MAX 90 OR ABOVE:   5    0.10 INCH OR MORE:   6
MIN 32 OR BELOW:   0    0.50 INCH OR MORE:   3
MIN  0 OR BELOW:   0    1.00 INCH OR MORE:   2

[HDD (BASE 65) ]
TOTAL THIS MO.    44    CLEAR  (SCALE 0-3)  20
DPTR FM NORMAL     3    PTCLDY (SCALE 4-7)   7
TOTAL FM JUL 1    44    CLOUDY (SCALE 8-10)  3
DPTR FM NORMAL     2

[CDD (BASE 65) ]
TOTAL THIS MO.   154
DPTR FM NORMAL    -2    [PRESSURE DATA]
TOTAL FM JAN 1  1723    HIGHEST SLP M ON M
DPTR FM NORMAL   395    LOWEST  SLP 29.65 ON  7

[REMARKS]
#FINAL-09-12#
