000
CXUS53 KSGF 010800
CF6UNO
PRELIMINARY LOCAL CLIMATOLOGICAL DATA (WS FORM: F-6)

                                          STATION:   WEST PLAINS MO
                                          MONTH:     NOVEMBER
                                          YEAR:      2012
                                          LATITUDE:   36 52 N
                                          LONGITUDE:  91 55 W

  TEMPERATURE IN F:       :PCPN:    SNOW:  WIND      :SUNSHINE: SKY     :PK WND
================================================================================
1   2   3   4   5  6A  6B    7    8   9   10  11  12  13   14  15   16   17  18
                                     12Z  AVG MX 2MIN
DY MAX MIN AVG DEP HDD CDD  WTR  SNW DPTH SPD SPD DIR MIN PSBL S-S WX    SPD DR
================================================================================

 1  67  35  51  -1  14   0 0.00  0.0    M  3.6 10 230   M    M   M 8      13 280
 2  69  43  56   4   9   0 0.00  0.0    M  6.3 10 120   M    M   M        17 150
 3  64  41  53   1  12   0 0.00  0.0    M  6.9 17 320   M    M   M        23 320
 4  61  33  47  -4  18   0 0.00  0.0    M  2.9  8 160   M    M   M 18     12 150
 5  47  42  45  -6  20   0 0.31    M    M  4.8 13 140   M    M   M 1      17 130
 6  50  40  45  -6  20   0 0.00    M    M  4.6 13 270   M    M   M 1      17 270
 7  54  31  43  -7  22   0 0.00    M    M  6.0 16 330   M    M   M        25 350
 8  57  29  43  -7  22   0 0.00    M    M  6.1 15 190   M    M   M        18 180
 9  68  43  56   6   9   0 0.00    M    M  9.8 17 190   M    M   M        24 160
10  71  53  62  13   3   0 0.00    M    M 11.8 21 170   M    M   M        30 170
11  63  37  50   1  15   0 0.99    M    M 11.1 20 180   M    M   M 18     30 310
12  48  26  37 -11  28   0 0.00    M    M  7.5 20 280   M    M   M        26 290
13  54  26  40  -8  25   0 0.00    M    M  1.9  8 120   M    M   M        10 130
14  53  27  40  -8  25   0 0.00    M    M  1.0  8  30   M    M   M        16 300
15  57  24  41  -6  24   0 0.00    M    M  0.3  6  40   M    M   M        14 210
16  60  30  45  -2  20   0 0.00    M    M  1.3  9  50   M    M   M        13  50
17  58  27  43  -3  22   0 0.00    M    M  2.5  9 110   M    M   M 8      16 340
18  61  26  44  -2  21   0 0.00    M    M  3.3 10 140   M    M   M        14 130
19  51  43  47   2  18   0 0.03    M    M  3.6 10 210   M    M   M 18     14 210
20  69  41  55  10  10   0 0.00    M    M  5.6 14 290   M    M   M 1      18 270
21  65  37  51   7  14   0 0.00    M    M  2.9  8 170   M    M   M 128    12 180
22  66  44  55  11  10   0 0.30    M    M  6.7 17 190   M    M   M 138    24 210
23  54  29  42  -2  23   0 0.00    M    M 10.5 21 320   M    M   M        28 320
24  45  22  34  -9  31   0 0.00    M    M  3.9  9 170   M    M   M        13 170
25  61  25  43   0  22   0 0.00    M    M  3.3 12 220   M    M   M        18 220
26  49  31  40  -2  25   0 0.03    M    M  7.8 23  20   M    M   M        30  10
27  45  23  34  -8  31   0 0.00  0.0    M  3.9 14  10   M    M   M        20  10
28  51  23  37  -5  28   0 0.00  0.0    M  3.4  8 160   M    M   M        21 220
29  60  29  45   4  20   0 0.00    M    M  5.9 14 180   M    M   M        18 190
30  64  35  50   9  15   0 0.00    M    M  5.5 12 190   M    M   M        15 170
================================================================================
SM 1742  995       576   0  1.66     0.0 154.7          M        M
================================================================================
AV 58.1 33.2                               5.2 FASTST   M    M   0    MAX(MPH)
                                 MISC ---->  # 23  20               # 30  170
================================================================================
NOTES:
# LAST OF SEVERAL OCCURRENCES

COLUMN 17 PEAK WIND IN M.P.H.

PRELIMINARY LOCAL CLIMATOLOGICAL DATA (WS FORM: F-6) , PAGE 2

                                          STATION:  WEST PLAINS MO
                                          MONTH:    NOVEMBER
                                          YEAR:     2012
                                          LATITUDE:   36 52 N
                                          LONGITUDE:  91 55 W

[TEMPERATURE DATA]      [PRECIPITATION DATA]       SYMBOLS USED IN COLUMN 16

AVERAGE MONTHLY: 45.6   TOTAL FOR MONTH:   1.66    1 = FOG OR MIST
DPTR FM NORMAL:  -1.2   DPTR FM NORMAL:   -2.92    2 = FOG REDUCING VISIBILITY
HIGHEST:    71 ON 10    GRTST 24HR  0.99 ON 11-11      TO 1/4 MILE OR LESS
LOWEST:     22 ON 24                               3 = THUNDER
                        SNOW, ICE PELLETS, HAIL    4 = ICE PELLETS
                        TOTAL MONTH:   0.0 INCH    5 = HAIL
                        GRTST 24HR     0.0         6 = FREEZING RAIN OR DRIZZLE
                        GRTST DEPTH:  M  ON   M    7 = DUSTSTORM OR SANDSTORM:
                                                       VSBY 1/2 MILE OR LESS
                                                   8 = SMOKE OR HAZE
[NO. OF DAYS WITH]      [WEATHER - DAYS WITH]      9 = BLOWING SNOW
                                                   X = TORNADO
MAX 32 OR BELOW:   0    0.01 INCH OR MORE:   5
MAX 90 OR ABOVE:   0    0.10 INCH OR MORE:   3
MIN 32 OR BELOW:  16    0.50 INCH OR MORE:   1
MIN  0 OR BELOW:   0    1.00 INCH OR MORE:   0

[HDD (BASE 65) ]
TOTAL THIS MO.   576    CLEAR  (SCALE 0-3)   0
DPTR FM NORMAL    27    PTCLDY (SCALE 4-7)   0
TOTAL FM JUL 1   944    CLOUDY (SCALE 8-10)  0
DPTR FM NORMAL    92

[CDD (BASE 65) ]
TOTAL THIS MO.     0
DPTR FM NORMAL    -2    [PRESSURE DATA]
TOTAL FM JAN 1  1739    HIGHEST SLP M ON M
DPTR FM NORMAL   385    LOWEST  SLP 29.75 ON 11

[REMARKS]
#FINAL-11-12#
