000
CXUS53 KSGF 010800
CF6UNO
PRELIMINARY LOCAL CLIMATOLOGICAL DATA (WS FORM: F-6)

                                          STATION:   WEST PLAINS MO
                                          MONTH:     JULY
                                          YEAR:      2012
                                          LATITUDE:   36 52 N
                                          LONGITUDE:  91 55 W

  TEMPERATURE IN F:       :PCPN:    SNOW:  WIND      :SUNSHINE: SKY     :PK WND
================================================================================
1   2   3   4   5  6A  6B    7    8   9   10  11  12  13   14  15   16   17  18
                                     12Z  AVG MX 2MIN
DY MAX MIN AVG DEP HDD CDD  WTR  SNW DPTH SPD SPD DIR MIN PSBL S-S WX    SPD DR
================================================================================

 1 100  76  88  11   0  23 0.00    M    M  6.1 15 220   M    M   0        25 210
 2  98  73  86   9   0  21 0.00    M    M  6.3 17  20   M    M   1        22  30
 3  98  72  85   8   0  20 0.00    M    M  6.1 21 230   M    M   1        25 280
 4 101  70  86   9   0  21 0.00    M    M  5.6 15 200   M    M   0        23 200
 5 102  75  89  11   0  24 0.00    M    M  4.4 14 280   M    M   0        18 280
 6 104  73  89  11   0  24 0.01    M    M  3.6 24  40   M    M   2        30  40
 7 102  70  86   8   0  21    T    M    M  3.0 21 350   M    M   0 3      30 340
 8 102  69  86   8   0  21 0.28    M    M  5.6 35 170   M    M   3 13     51 150
 9  91  70  81   3   0  16    T    M    M  5.6 17  50   M    M   5 1      23  80
10  94  67  81   3   0  16 0.00    M    M  6.1 18  30   M    M   2 18     24  40
11  93  65  79   1   0  14 0.00    M    M  6.0 15  50   M    M   1 18     23 100
12  94  65  80   2   0  15 0.00    M    M  5.9 17 120   M    M   1 1      22  50
13  91  64  78   0   0  13 0.00    M    M  3.7 12 120   M    M   1        16 120
14  83  65  74  -4   0   9 0.00    M    M  2.8 12  90   M    M   2 123     M  M
15  92  66  79   1   0  14 0.00    M    M  4.6 15 110   M    M   4 128    21 160
16  93  69  81   3   0  16 0.00  0.0    0  5.5 15 130   M    M   2 1      22 180
17  98  73  86   8   0  21 0.00  0.0    0  6.0 14 230   M    M   1        20 240
18 101  74  88  10   0  23 0.00  0.0    0  5.5 15 280   M    M   2        22 220
19 105  76  91  13   0  26 0.00  0.0    0  6.9 17 320   M    M   0 3      23 270
20 100  72  86   8   0  21 0.00  0.0    0  7.8 17  20   M    M   0        22  40
21  96  67  82   4   0  17 0.00  0.0    0  6.4 17  10   M    M   0        29 340
22  98  64  81   3   0  16 0.00  0.0    0  4.4 14 110   M    M   0 8      20 110
23  99  73  86   8   0  21 0.00    M    M  5.9 13 180   M    M   1        18 220
24 100  76  88  10   0  23 0.00    M    M  6.8 15 190   M    M   1 8      20 210
25 101  75  88  10   0  23 0.00    M    M  8.1 16 230   M    M   1        23 220
26 103  71  87   9   0  22 0.21    M    M  5.9 29 330   M    M   3 13     44 330
27  99  70  85   7   0  20 0.02    M    M  5.4 24 290   M    M   1 1      32 290
28 100  66  83   5   0  18 0.00    M    M  4.8 14  20   M    M   0        21  10
29  98  69  84   6   0  19    T    M    M  6.5 15 170   M    M   1        21 140
30 107  69  88  10   0  23 0.01    M    M  7.2 20 270   M    M   0 8      25 300
31  90  74  82   4   0  17 0.07    M    M  2.5 14  20   M    M   1 138    24 180
================================================================================
SM 3033 2178         0 598  0.60     0.0 171.0          M       37
================================================================================
AV 97.8 70.3                               5.5 FASTST   M    M   1    MAX(MPH)
                                 MISC ---->  # 35 170               # 51  150
================================================================================
NOTES:
# LAST OF SEVERAL OCCURRENCES

COLUMN 17 PEAK WIND IN M.P.H.

PRELIMINARY LOCAL CLIMATOLOGICAL DATA (WS FORM: F-6) , PAGE 2

                                          STATION:  WEST PLAINS MO
                                          MONTH:    JULY
                                          YEAR:     2012
                                          LATITUDE:   36 52 N
                                          LONGITUDE:  91 55 W

[TEMPERATURE DATA]      [PRECIPITATION DATA]       SYMBOLS USED IN COLUMN 16

AVERAGE MONTHLY: 84.0   TOTAL FOR MONTH:   0.60    1 = FOG OR MIST
DPTR FM NORMAL:   6.0   DPTR FM NORMAL:   -2.95    2 = FOG REDUCING VISIBILITY
HIGHEST:   107 ON 30    GRTST 24HR  0.28 ON  8- 8      TO 1/4 MILE OR LESS
LOWEST:     64 ON 22,13                            3 = THUNDER
                        SNOW, ICE PELLETS, HAIL    4 = ICE PELLETS
                        TOTAL MONTH:   0.0 INCH    5 = HAIL
                        GRTST 24HR     0.0         6 = FREEZING RAIN OR DRIZZLE
                        GRTST DEPTH:   0           7 = DUSTSTORM OR SANDSTORM:
                                                       VSBY 1/2 MILE OR LESS
                                                   8 = SMOKE OR HAZE
[NO. OF DAYS WITH]      [WEATHER - DAYS WITH]      9 = BLOWING SNOW
                                                   X = TORNADO
MAX 32 OR BELOW:   0    0.01 INCH OR MORE:   6
MAX 90 OR ABOVE:  30    0.10 INCH OR MORE:   2
MIN 32 OR BELOW:   0    0.50 INCH OR MORE:   0
MIN  0 OR BELOW:   0    1.00 INCH OR MORE:   0

[HDD (BASE 65) ]
TOTAL THIS MO.     0    CLEAR  (SCALE 0-3)  28
DPTR FM NORMAL     0    PTCLDY (SCALE 4-7)   3
TOTAL FM JUL 1     0    CLOUDY (SCALE 8-10)  0
DPTR FM NORMAL     0

[CDD (BASE 65) ]
TOTAL THIS MO.   598
DPTR FM NORMAL   193    [PRESSURE DATA]
TOTAL FM JAN 1  1188    HIGHEST SLP M ON M
DPTR FM NORMAL   395    LOWEST  SLP 29.73 ON 25

[REMARKS]
#FINAL-07-12#
