000
CXUS53 KSGF 010800
CF6UNO
PRELIMINARY LOCAL CLIMATOLOGICAL DATA (WS FORM: F-6)

                                          STATION:   WEST PLAINS MO
                                          MONTH:     JUNE
                                          YEAR:      2012
                                          LATITUDE:   36 52 N
                                          LONGITUDE:  91 55 W

  TEMPERATURE IN F:       :PCPN:    SNOW:  WIND      :SUNSHINE: SKY     :PK WND
================================================================================
1   2   3   4   5  6A  6B    7    8   9   10  11  12  13   14  15   16   17  18
                                     12Z  AVG MX 2MIN
DY MAX MIN AVG DEP HDD CDD  WTR  SNW DPTH SPD SPD DIR MIN PSBL S-S WX    SPD DR
================================================================================

 1  70  52  61  -9   4   0 0.00    M    M  7.2 16 350   M    M   5        23 330
 2  80  50  65  -5   0   0 0.00    M    M  2.7 14 280   M    M   3        18 280
 3  80  54  67  -3   0   2 0.21    M    M  3.6 15 240   M    M   2 38     21 230
 4  89  65  77   6   0  12 0.00  0.0    0  5.8 15  40   M    M   0 1      18 260
 5  85  61  73   2   0   8 0.00  0.0    0  9.0 17  50   M    M   0        24  50
 6  84  55  70  -1   0   5 0.00  0.0    0  4.6 14  50   M    M   1        22  90
 7  79  49  64  -8   1   0 0.00    M    M  3.8 17  50   M    M   0        22 130
 8  83  50  67  -5   0   2 0.00    M    M  3.2  M   M   M    M   0         M  M
 9  86  58  72   0   0   7 0.00    M    M  5.8 16 160   M    M   2        23 170
10  83  69  76   4   0  11 0.00    M    M  8.1 20 110   M    M   7        24 130
11  80  63  72  -1   0   7 1.97  0.0    0  4.9 31 340   M    M   5 123    43 340
12  84  59  72  -1   0   7 0.00  0.0    0  6.4 13 330   M    M   0 1      18  10
13  81  51  66  -7   0   1 0.00  0.0    0  2.7  9 140   M    M   0        15  20
14  87  52  70  -4   0   5 0.00  0.0    0  3.6 12 130   M    M   0        31  60
15  87  58  73  -1   0   8 0.00  0.0    0  5.4 17 160   M    M   1        22 160
16  90  69  80   6   0  15 0.00  0.0    0  7.3 16 160   M    M   1        22 150
17  90  66  78   4   0  13 0.49  0.0    0  6.6 16  30   M    M   3 13     21 200
18  90  69  80   6   0  15 0.00    M    M 10.2 18 190   M    M   0        24 180
19  86  72  79   4   0  14 0.00    M    M 10.3 17 170   M    M   3        25 180
20  91  70  81   6   0  16 0.00    M    M  8.2 15 210   M    M   2        22 140
21  87  68  78   3   0  13 0.00    M    M  6.3 16 340   M    M   3        21 340
22  89  64  77   1   0  12 0.00    M    M  4.9 12  90   M    M   2        17  80
23  90  59  75  -1   0  10 0.00    M    M  4.6 12 120   M    M   0        15 120
24  97  61  79   3   0  14 0.00    M    M  2.2 10 150   M    M   0        13 150
25 101  67  84   8   0  19 0.00    M    M  5.6 14  60   M    M   0        20  70
26  92  65  79   3   0  14 0.00    M    M  6.5 13 120   M    M   1        18  50
27  98  56  77   1   0  12 0.00    M    M  4.4 10 150   M    M   0 8      20 200
28 106  67  87  10   0  22 0.00    M    M  5.9 15 270   M    M   0        20 250
29 103  72  88  11   0  23 0.00    M    M  6.1 15 190   M    M   0        20 190
30 101  71  86   9   0  21 0.00    M    M  5.8 16 270   M    M   0 8      22 180
================================================================================
SM 2649 1842         5 308  2.67     0.0 171.7          M       41
================================================================================
AV 88.3 61.4                               5.7 FASTST   M    M   1    MAX(MPH)
                                 MISC ---->  # 31 340               # 43  340
================================================================================
NOTES:
# LAST OF SEVERAL OCCURRENCES

COLUMN 17 PEAK WIND IN M.P.H.

PRELIMINARY LOCAL CLIMATOLOGICAL DATA (WS FORM: F-6) , PAGE 2

                                          STATION:  WEST PLAINS MO
                                          MONTH:    JUNE
                                          YEAR:     2012
                                          LATITUDE:   36 52 N
                                          LONGITUDE:  91 55 W

[TEMPERATURE DATA]      [PRECIPITATION DATA]       SYMBOLS USED IN COLUMN 16

AVERAGE MONTHLY: 74.9   TOTAL FOR MONTH:   2.67    1 = FOG OR MIST
DPTR FM NORMAL:   1.2   DPTR FM NORMAL:   -1.35    2 = FOG REDUCING VISIBILITY
HIGHEST:   106 ON 28    GRTST 24HR  1.98 ON 11-12      TO 1/4 MILE OR LESS
LOWEST:     49 ON  7                               3 = THUNDER
                        SNOW, ICE PELLETS, HAIL    4 = ICE PELLETS
                        TOTAL MONTH:   0.0 INCH    5 = HAIL
                        GRTST 24HR     0.0         6 = FREEZING RAIN OR DRIZZLE
                        GRTST DEPTH:   0           7 = DUSTSTORM OR SANDSTORM:
                                                       VSBY 1/2 MILE OR LESS
                                                   8 = SMOKE OR HAZE
[NO. OF DAYS WITH]      [WEATHER - DAYS WITH]      9 = BLOWING SNOW
                                                   X = TORNADO
MAX 32 OR BELOW:   0    0.01 INCH OR MORE:   3
MAX 90 OR ABOVE:  12    0.10 INCH OR MORE:   3
MIN 32 OR BELOW:   0    0.50 INCH OR MORE:   1
MIN  0 OR BELOW:   0    1.00 INCH OR MORE:   1

[HDD (BASE 65) ]
TOTAL THIS MO.     5    CLEAR  (SCALE 0-3)  24
DPTR FM NORMAL     0    PTCLDY (SCALE 4-7)   6
TOTAL FM JUL 1  3441    CLOUDY (SCALE 8-10)  0
DPTR FM NORMAL  -906

[CDD (BASE 65) ]
TOTAL THIS MO.   308
DPTR FM NORMAL    42    [PRESSURE DATA]
TOTAL FM JAN 1   590    HIGHEST SLP M ON M
DPTR FM NORMAL   202    LOWEST  SLP 29.74 ON 10

[REMARKS]
#FINAL-06-12#
