000
CXUS53 KSGF 010800
CF6UNO
PRELIMINARY LOCAL CLIMATOLOGICAL DATA (WS FORM: F-6)

                                          STATION:   WEST PLAINS MO
                                          MONTH:     APRIL
                                          YEAR:      2012
                                          LATITUDE:   36 52 N
                                          LONGITUDE:  91 55 W

  TEMPERATURE IN F:       :PCPN:    SNOW:  WIND      :SUNSHINE: SKY     :PK WND
================================================================================
1   2   3   4   5  6A  6B    7    8   9   10  11  12  13   14  15   16   17  18
                                     12Z  AVG MX 2MIN
DY MAX MIN AVG DEP HDD CDD  WTR  SNW DPTH SPD SPD DIR MIN PSBL S-S WX    SPD DR
================================================================================

 1  86  60  73  20   0   8 0.00    M    M  8.2 17 210   M    M   0        23 190
 2  87  63  75  22   0  10 0.00    M    M  7.1 15 250   M    M   0 18     21 240
 3  77  59  68  14   0   3 0.00    M    M  5.2 13 190   M    M   3        18 150
 4  77  54  66  12   0   1 0.00    M    M  4.5 15 210   M    M   4 12     20 230
 5  69  47  58   4   7   0 0.01    M    M  6.3 22 350   M    M   6 13     25 340
 6  65  38  52  -3  13   0 0.00    M    M  5.3 14  50   M    M   0        17  50
 7  66  34  50  -5  15   0 0.00    M    M  4.2 14 350   M    M   3        21 340
 8  69  43  56   1   9   0 0.00    M    M  5.3 17  20   M    M   1 8      23  20
 9  75  43  59   3   6   0 0.00    M    M  3.7 14  20   M    M   1        21 340
10  69  48  59   3   6   0 0.00    M    M  6.8 14 330   M    M   4        20  20
11  64  40  52  -4  13   0 0.00    M    M  6.0 14 300   M    M   1        20 330
12  63  30  47  -9  18   0 0.00    M    M  4.9 14 100   M    M   4        18 150
13  72  48  60   3   5   0 0.00    M    M  9.5 18 160   M    M   7 3      24 160
14  78  63  71  14   0   6 0.00    M    M 10.2 22 170   M    M   5        32 170
15  74  53  64   7   1   0 1.08    M    M 14.1 28 160   M    M   8 138    40 160
16  70  46  58   0   7   0 0.00    M    M  7.1 17 320   M    M   0        23 280
17  69  44  57  -1   8   0 0.00    M    M  4.4 13 130   M    M   0        20  90
18  70  41  56  -2   9   0 0.00    M    M  4.2 12 170   M    M   0 1      26 180
19  75  49  62   4   3   0 0.00    M    M  8.1 20 160   M    M   0        25 160
20  61  45  53  -6  12   0 0.20    M    M  8.1 16  10   M    M   8 1      24 350
21  64  38  51  -8  14   0 0.00    M    M  4.4 17  30   M    M   3        22  40
22  59  41  50  -9  15   0    T    M    M 10.0 24 320   M    M   4        35 310
23  64  38  51  -9  14   0 0.00    M    M  7.3 18 340   M    M   1        23 320
24  77  38  58  -2   7   0 0.00    M    M  6.9 18 220   M    M   0        25 220
25  88  59  74  14   0   9 0.00    M    M  8.0 20 220   M    M   0        26 210
26  84  61  73  13   0   8 0.00    M    M  7.2 15  20   M    M   0        21  20
27  64  51  58  -3   7   0 0.48    M    M 10.9 23 100   M    M   4 13     29 110
28  76  53  65   4   0   0 0.00    M    M  4.3 10 190   M    M   5 1      16 230
29  79  65  72  11   0   7 0.00    M    M  7.0 15 180   M    M   3        21 190
30  75  61  68   7   0   3 0.04  0.0    0  6.0 20 280   M    M   4 1      25 270
================================================================================
SM 2166 1453       189  55  1.81     0.0 205.2          M       79
================================================================================
AV 72.2 48.4                               6.8 FASTST   M    M   3    MAX(MPH)
                                 MISC ---->  # 28 160               # 40  160
================================================================================
NOTES:
# LAST OF SEVERAL OCCURRENCES

COLUMN 17 PEAK WIND IN M.P.H.

PRELIMINARY LOCAL CLIMATOLOGICAL DATA (WS FORM: F-6) , PAGE 2

                                          STATION:  WEST PLAINS MO
                                          MONTH:    APRIL
                                          YEAR:     2012
                                          LATITUDE:   36 52 N
                                          LONGITUDE:  91 55 W

[TEMPERATURE DATA]      [PRECIPITATION DATA]       SYMBOLS USED IN COLUMN 16

AVERAGE MONTHLY: 60.3   TOTAL FOR MONTH:   1.81    1 = FOG OR MIST
DPTR FM NORMAL:   2.9   DPTR FM NORMAL:   -2.67    2 = FOG REDUCING VISIBILITY
HIGHEST:    88 ON 25    GRTST 24HR  1.08 ON 15-15      TO 1/4 MILE OR LESS
LOWEST:     30 ON 12                               3 = THUNDER
                        SNOW, ICE PELLETS, HAIL    4 = ICE PELLETS
                        TOTAL MONTH:   0.0 INCH    5 = HAIL
                        GRTST 24HR     0.0         6 = FREEZING RAIN OR DRIZZLE
                        GRTST DEPTH:   0           7 = DUSTSTORM OR SANDSTORM:
                                                       VSBY 1/2 MILE OR LESS
                                                   8 = SMOKE OR HAZE
[NO. OF DAYS WITH]      [WEATHER - DAYS WITH]      9 = BLOWING SNOW
                                                   X = TORNADO
MAX 32 OR BELOW:   0    0.01 INCH OR MORE:   5
MAX 90 OR ABOVE:   0    0.10 INCH OR MORE:   3
MIN 32 OR BELOW:   1    0.50 INCH OR MORE:   1
MIN  0 OR BELOW:   0    1.00 INCH OR MORE:   1

[HDD (BASE 65) ]
TOTAL THIS MO.   189    CLEAR  (SCALE 0-3)  18
DPTR FM NORMAL   -63    PTCLDY (SCALE 4-7)  11
TOTAL FM JUL 1  3416    CLOUDY (SCALE 8-10)  1
DPTR FM NORMAL  -846

[CDD (BASE 65) ]
TOTAL THIS MO.    55
DPTR FM NORMAL    31    [PRESSURE DATA]
TOTAL FM JAN 1   100    HIGHEST SLP M ON M
DPTR FM NORMAL    72    LOWEST  SLP 29.57 ON  1

[REMARKS]
#FINAL-04-12#
