000
CXUS53 KSGF 010800
CF6UNO
PRELIMINARY LOCAL CLIMATOLOGICAL DATA (WS FORM: F-6)

                                          STATION:   WEST PLAINS MO
                                          MONTH:     MAY
                                          YEAR:      2012
                                          LATITUDE:   36 52 N
                                          LONGITUDE:  91 55 W

  TEMPERATURE IN F:       :PCPN:    SNOW:  WIND      :SUNSHINE: SKY     :PK WND
================================================================================
1   2   3   4   5  6A  6B    7    8   9   10  11  12  13   14  15   16   17  18
                                     12Z  AVG MX 2MIN
DY MAX MIN AVG DEP HDD CDD  WTR  SNW DPTH SPD SPD DIR MIN PSBL S-S WX    SPD DR
================================================================================

 1  83  60  72  10   0   7 0.14    M    M 10.0 18 210   M    M   1 13     26 220
 2  85  67  76  14   0  11 0.00    M    M 10.0 20 180   M    M   0        28 190
 3  75  66  71   9   0   6 0.00    M    M  8.3 16 150   M    M   6        23 150
 4  84  62  73  11   0   8 0.00    M    M  6.5 16 170   M    M   4 12     21 160
 5  87  63  75  12   0  10 0.00    M    M  5.4 14 180   M    M   1 18     18 150
 6  86  66  76  13   0  11 0.00    M    M  5.8 16 170   M    M   2        22 150
 7  78  61  70   7   0   5 0.01    M    M  6.8 17 320   M    M   5 3      25 330
 8  72  54  63   0   2   0 0.00    M    M  4.6 12 350   M    M   3        16  30
 9  74  48  61  -3   4   0 0.00    M    M  5.9 20 320   M    M   0        30  90
10  76  43  60  -4   5   0 0.00    M    M  2.1  9  70   M    M   0        15  50
11  74  44  59  -5   6   0 0.00    M    M  3.6 14 190   M    M   0        17 110
12  78  53  66   2   0   1 0.00    M    M  3.0 13  70   M    M   6        20  30
13  81  50  66   1   0   1 0.00    M    M  6.2 15 340   M    M   1        22 340
14  80  54  67   2   0   2 0.00    M    M  5.1 15  30   M    M   0        25  40
15  83  45  64  -1   1   0 0.00    M    M  2.6 13 260   M    M   0        23 260
16  88  50  69   4   0   4 0.00    M    M  5.1 15 320   M    M   0        21 270
17  83  51  67   1   0   2 0.00    M    M  3.6 10 100   M    M   0        15  70
18  86  49  68   2   0   3 0.00    M    M  4.2 13 150   M    M   1        28 160
19  86  56  71   5   0   6 0.00    M    M  6.4 16 160   M    M   1        23 160
20  87  62  75   9   0  10 0.12    M    M  4.8 24 280   M    M   1 138    32 280
21  79  51  65  -2   0   0 0.00    M    M  8.0 18  20   M    M   1        25  10
22  80  45  63  -4   2   0 0.00    M    M  2.1 13  60   M    M   0        18  50
23  85  47  66  -1   0   1 0.00    M    M  7.6 17 170   M    M   0        23 180
24  86  65  76   8   0  11 0.00    M    M   M   M   M   M    M   2         M  M
25  89  70  80  12   0  15 0.00    M    M  6.8 18 150   M    M   1        24 160
26  95  68  82  14   0  17 0.00    M    M  7.0 17 180   M    M   0        22 220
27  92  68  80  12   0  15 0.00    M    M  9.6 20 190   M    M   0        24 210
28  94  70  82  13   0  17 0.00    M    M  9.2 23 220   M    M   1        31 230
29  93  62  78   9   0  13 0.14    M    M  2.9 21 310   M    M   2 13     30 350
30  80  59  70   1   0   5 0.77    M    M  6.4 17  20   M    M   1 138    24  50
31  77  55  66  -4   0   1 0.24    M    M  6.7 21 280   M    M   5 3      28 300
================================================================================
SM 2576 1764        20 182  1.42    M    176.3          M       45
================================================================================
AV 83.1 56.9                               5.9 FASTST   M    M   1    MAX(MPH)
                                 MISC ---->  # 24 280               # 32  280
================================================================================
NOTES:
# LAST OF SEVERAL OCCURRENCES

COLUMN 17 PEAK WIND IN M.P.H.

PRELIMINARY LOCAL CLIMATOLOGICAL DATA (WS FORM: F-6) , PAGE 2

                                          STATION:  WEST PLAINS MO
                                          MONTH:    MAY
                                          YEAR:     2012
                                          LATITUDE:   36 52 N
                                          LONGITUDE:  91 55 W

[TEMPERATURE DATA]      [PRECIPITATION DATA]       SYMBOLS USED IN COLUMN 16

AVERAGE MONTHLY: 70.0   TOTAL FOR MONTH:   1.42    1 = FOG OR MIST
DPTR FM NORMAL:   4.6   DPTR FM NORMAL:   -3.52    2 = FOG REDUCING VISIBILITY
HIGHEST:    95 ON 26    GRTST 24HR  0.78 ON 29-30      TO 1/4 MILE OR LESS
LOWEST:     43 ON 10                               3 = THUNDER
                        SNOW, ICE PELLETS, HAIL    4 = ICE PELLETS
                        TOTAL MONTH:    M          5 = HAIL
                        GRTST 24HR    M  ON   M    6 = FREEZING RAIN OR DRIZZLE
                        GRTST DEPTH:  M  ON   M    7 = DUSTSTORM OR SANDSTORM:
                                                       VSBY 1/2 MILE OR LESS
                                                   8 = SMOKE OR HAZE
[NO. OF DAYS WITH]      [WEATHER - DAYS WITH]      9 = BLOWING SNOW
                                                   X = TORNADO
MAX 32 OR BELOW:   0    0.01 INCH OR MORE:   6
MAX 90 OR ABOVE:   4    0.10 INCH OR MORE:   5
MIN 32 OR BELOW:   0    0.50 INCH OR MORE:   1
MIN  0 OR BELOW:   0    1.00 INCH OR MORE:   0

[HDD (BASE 65) ]
TOTAL THIS MO.    20    CLEAR  (SCALE 0-3)  26
DPTR FM NORMAL   -60    PTCLDY (SCALE 4-7)   5
TOTAL FM JUL 1  3436    CLOUDY (SCALE 8-10)  0
DPTR FM NORMAL  -906

[CDD (BASE 65) ]
TOTAL THIS MO.   182
DPTR FM NORMAL    88    [PRESSURE DATA]
TOTAL FM JAN 1   282    HIGHEST SLP M ON M
DPTR FM NORMAL   160    LOWEST  SLP 29.53 ON 24

[REMARKS]
#FINAL-05-12#
