000
CXUS53 KSGF 010800
CF6UNO
PRELIMINARY LOCAL CLIMATOLOGICAL DATA (WS FORM: F-6)

                                          STATION:   WEST PLAINS MO
                                          MONTH:     MARCH
                                          YEAR:      2012
                                          LATITUDE:   36 52 N
                                          LONGITUDE:  91 55 W

  TEMPERATURE IN F:       :PCPN:    SNOW:  WIND      :SUNSHINE: SKY     :PK WND
================================================================================
1   2   3   4   5  6A  6B    7    8   9   10  11  12  13   14  15   16   17  18
                                     12Z  AVG MX 2MIN
DY MAX MIN AVG DEP HDD CDD  WTR  SNW DPTH SPD SPD DIR MIN PSBL S-S WX    SPD DR
================================================================================

 1  69  32  51   9  14   0 0.00    M    M  8.1 21 160   M    M   0        26 170
 2  71  32  52  10  13   0 0.00    M    M 11.9 32 280   M    M   2 138    43 260
 3  50  27  39  -4  26   0 0.00    M    M  9.6 24 290   M    M   1        35 310
 4  64  27  46   3  19   0 0.00    M    M 11.1 25 300   M    M   2        37 270
 5  55  32  44   0  21   0 0.00    M    M  8.4 24 320   M    M   0        33 320
 6  70  39  55  11  10   0 0.00    M    M 13.9 32 220   M    M   0 8      49 210
 7  67  53  60  16   5   0 0.00    M    M 13.8 26 190   M    M   7        40 190
 8  66  34  50   5  15   0 0.96    M    M 10.0 22  10   M    M   8 13     31  20
 9  61  34  48   3  17   0 0.00    M    M  7.8 18  30   M    M   0        23  40
10  61  29  45   0  20   0 0.00    M    M  4.6 13 110   M    M   0        16 130
11  59  41  50   4  15   0 0.91    M    M 10.0 20 160   M    M   8 18     28 160
12  77  55  66  20   0   1 0.00    M    M 10.6 18 200   M    M   2        25 190
13  79  52  66  20   0   1 0.00    M    M  6.8 15 180   M    M   0        22 190
14  81  56  69  22   0   4 0.00    M    M  8.4 21 190   M    M   2 18     30 190
15  79  63  71  24   0   6 0.04    M    M  5.8 21 230   M    M   6 3      25 230
16  76  57  67  19   0   2 0.23    M    M  8.4 17 160   M    M   6 13     22  60
17  79  60  70  22   0   5 0.02    M    M  8.9 18 190   M    M   2 138    25 200
18  77  62  70  22   0   5 0.00    M    M 11.1 21 170   M    M   2 8      30 150
19  77  63  70  21   0   5    T    M    M 14.2 26 180   M    M   3        36 150
20  74  60  67  18   0   2 0.65    M    M 12.2 25 160   M    M   8 13     38 150
21  64  53  59  10   6   0 2.10    M    M 10.0 24 130   M    M  10 1      40 120
22  66  49  58   8   7   0 0.10    M    M  6.8 23 220   M    M   7 13     29 220
23  57  49  53   3  12   0 0.23    M    M  8.1 15 250   M    M   7 13     23 250
24  74  46  60  10   5   0 0.00    M    M  7.7 21 310   M    M   4        29 330
25  79  55  67  16   0   2 0.00    M    M  5.8 14  20   M    M   0        18  20
26  77  49  63  12   2   0 0.00    M    M  4.3 12 180   M    M   0 18     15 160
27  79  56  68  17   0   3 0.00  0.0    0  7.2 16 180   M    M   0        22 190
28  79  56  68  16   0   3 0.00  0.0    0  4.6 13 260   M    M   3 8      16 260
29  78  52  65  13   0   0 0.00    M    M  4.6 14 170   M    M   1        21 210
30  80  55  68  16   0   3 0.00    M    M  4.8 13 170   M    M   2 1      20 240
31  83  53  68  15   0   3 0.00    M    M  2.7 10 270   M    M   1 1      14 270
================================================================================
SM 2208 1481       207  45  5.24     0.0 262.2          M       94
================================================================================
AV 71.2 47.8                               8.5 FASTST   M    M   3    MAX(MPH)
                                 MISC ---->  # 32 280               # 49  210
================================================================================
NOTES:
# LAST OF SEVERAL OCCURRENCES

COLUMN 17 PEAK WIND IN M.P.H.

PRELIMINARY LOCAL CLIMATOLOGICAL DATA (WS FORM: F-6) , PAGE 2

                                          STATION:  WEST PLAINS MO
                                          MONTH:    MARCH
                                          YEAR:     2012
                                          LATITUDE:   36 52 N
                                          LONGITUDE:  91 55 W

[TEMPERATURE DATA]      [PRECIPITATION DATA]       SYMBOLS USED IN COLUMN 16

AVERAGE MONTHLY: 59.5   TOTAL FOR MONTH:   5.24    1 = FOG OR MIST
DPTR FM NORMAL:  12.0   DPTR FM NORMAL:    0.95    2 = FOG REDUCING VISIBILITY
HIGHEST:    83 ON 31    GRTST 24HR  2.10 ON 21-21      TO 1/4 MILE OR LESS
LOWEST:     27 ON  4, 3                            3 = THUNDER
                        SNOW, ICE PELLETS, HAIL    4 = ICE PELLETS
                        TOTAL MONTH:   0.0 INCH    5 = HAIL
                        GRTST 24HR     0.0         6 = FREEZING RAIN OR DRIZZLE
                        GRTST DEPTH:   0           7 = DUSTSTORM OR SANDSTORM:
                                                       VSBY 1/2 MILE OR LESS
                                                   8 = SMOKE OR HAZE
[NO. OF DAYS WITH]      [WEATHER - DAYS WITH]      9 = BLOWING SNOW
                                                   X = TORNADO
MAX 32 OR BELOW:   0    0.01 INCH OR MORE:   9
MAX 90 OR ABOVE:   0    0.10 INCH OR MORE:   7
MIN 32 OR BELOW:   6    0.50 INCH OR MORE:   4
MIN  0 OR BELOW:   0    1.00 INCH OR MORE:   1

[HDD (BASE 65) ]
TOTAL THIS MO.   207    CLEAR  (SCALE 0-3)  21
DPTR FM NORMAL  -339    PTCLDY (SCALE 4-7)   9
TOTAL FM JUL 1  3227    CLOUDY (SCALE 8-10)  1
DPTR FM NORMAL  -783

[CDD (BASE 65) ]
TOTAL THIS MO.    45
DPTR FM NORMAL    41    [PRESSURE DATA]
TOTAL FM JAN 1    45    HIGHEST SLP M ON M
DPTR FM NORMAL    41    LOWEST  SLP 29.36 ON  2

[REMARKS]
#FINAL-03-12#
