000
CXUS53 KSGF 011726
CF6UNO
PRELIMINARY LOCAL CLIMATOLOGICAL DATA (WS FORM: F-6)

                                          STATION:   WEST PLAINS MO
                                          MONTH:     DECEMBER
                                          YEAR:      2015
                                          LATITUDE:   36 52 N
                                          LONGITUDE:  91 55 W

  TEMPERATURE IN F:       :PCPN:    SNOW:  WIND      :SUNSHINE: SKY     :PK WND
================================================================================
1   2   3   4   5  6A  6B    7    8   9   10  11  12  13   14  15   16   17  18
                                     12Z  AVG MX 2MIN
DY MAX MIN AVG DEP HDD CDD  WTR  SNW DPTH SPD SPD DIR MIN PSBL S-S WX    SPD DR
================================================================================

 1  51  32  42   2  23   0 0.00    M    M  6.7 17 290   M    M   1        21 300
 2  46  33  40   0  25   0 0.00    M    M  8.0 17 270   M    M   5        23 270
 3  51  26  39  -1  26   0 0.00    M    M  1.9  7 260   M    M   1 18     12 160
 4  52  23  38  -1  27   0 0.00    M    M  3.2 10 100   M    M   0 18     13 100
 5  55  22  39   0  26   0 0.00    M    M  4.1 12 140   M    M   0        15 180
 6  54  32  43   5  22   0 0.00    M    M  5.4 15 260   M    M   3        20 260
 7  59  27  43   5  22   0 0.00    M    M  3.3  9 230   M    M   1 1      12 250
 8  63  33  48  10  17   0 0.00    M    M  7.6 18 170   M    M   0        24 170
 9  64  40  52  14  13   0 0.00    M    M  6.1 13 270   M    M   0        17 270
10  71  43  57  20   8   0 0.00    M    M  6.8 17 210   M    M   0        23 200
11  66  39  53  16  12   0 0.00    M    M  5.9 18 190   M    M   4 12     25 190
12  71  59  65  28   0   0    T    M    M 10.0 20 150   M    M   6 1      28 140
13  65  51  58  22   7   0 1.98    M    M 14.7 24 220   M    M  10 1      36 160
14  51  36  44   8  21   0 0.10    M    M 11.9 25 250   M    M   6 1      37 260
15  61  31  46  10  19   0 0.05    M    M  7.0 16 160   M    M   4 12     21 150
16  53  31  42   6  23   0 0.15    M    M  9.4 18 250   M    M   3 1      24 260
17  46  25  36   0  29   0 0.00    M    M  5.2 14 320   M    M   2        18 320
18  42  27  35   0  30   0 0.00    M    M  8.0 16 310   M    M   3        23 330
19  53  25  39   4  26   0 0.00    M    M  6.9 14 150   M    M   0        17 170
20  51  36  44   9  21   0 0.06    M    M 10.4 18 170   M    M   4        26 190
21  69  42  56  21   9   0 0.01    M    M 10.6 22 190   M    M   6        30 220
22  53  36  45  10  20   0 0.00    M    M  6.5 14 170   M    M   6 12     21 180
23  66  41  54  19  11   0 0.85    M    M 11.4 28 180   M    M   6 13     39 180
24  61  32  47  13  18   0 0.00    M    M  5.8 15 160   M    M   2        20 130
25  59  39  49  15  16   0 0.00    M    M  9.6 16  50   M    M   1        22  60
26  68  47  58  24   7   0 0.51    M    M  8.6 18 160   M    M   9 123    26 160
27  68  38  53  19  12   0 3.25    M    M 16.6 28  50   M    M   9 13     37  50
28  50  32  41   7  24   0 2.08    M    M 13.7 24  40   M    M  10 18     33 220
29  35  28  32  -2  33   0    T    M    M  6.5 16 270   M    M   8 1      22 280
30  38  30  34   0  31   0 0.00    M    M  4.7 13 310   M    M  10 1      17 320
31  39  26  33  -1  32   0 0.00    M    M  4.1 12 350   M    M   2        14 340
================================================================================
SM 1731 1062       610   0  9.04    M    240.6          M      122
================================================================================
AV 55.8 34.3                               7.8 FASTST   M    M   4    MAX(MPH)
                                 MISC ---->  # 28 180               # 39  180
================================================================================
NOTES:
# LAST OF SEVERAL OCCURRENCES

COLUMN 17 PEAK WIND IN M.P.H.

PRELIMINARY LOCAL CLIMATOLOGICAL DATA (WS FORM: F-6) , PAGE 2

                                          STATION:  WEST PLAINS MO
                                          MONTH:    DECEMBER
                                          YEAR:     2015
                                          LATITUDE:   36 52 N
                                          LONGITUDE:  91 55 W

[TEMPERATURE DATA]      [PRECIPITATION DATA]       SYMBOLS USED IN COLUMN 16

AVERAGE MONTHLY: 45.0   TOTAL FOR MONTH:   9.04    1 = FOG OR MIST
DPTR FM NORMAL:   8.8   DPTR FM NORMAL:    5.40    2 = FOG REDUCING VISIBILITY
HIGHEST:    71 ON 12,10 GRTST 24HR  4.22 ON 27-28      TO 1/4 MILE OR LESS
LOWEST:     22 ON  5                               3 = THUNDER
                        SNOW, ICE PELLETS, HAIL    4 = ICE PELLETS
                        TOTAL MONTH:    M          5 = HAIL
                        GRTST 24HR    M  ON   M    6 = FREEZING RAIN OR DRIZZLE
                        GRTST DEPTH:  M  ON   M    7 = DUSTSTORM OR SANDSTORM:
                                                       VSBY 1/2 MILE OR LESS
                                                   8 = SMOKE OR HAZE
[NO. OF DAYS WITH]      [WEATHER - DAYS WITH]      9 = BLOWING SNOW
                                                   X = TORNADO
MAX 32 OR BELOW:   0    0.01 INCH OR MORE:  10
MAX 90 OR ABOVE:   0    0.10 INCH OR MORE:   7
MIN 32 OR BELOW:  16    0.50 INCH OR MORE:   5
MIN  0 OR BELOW:   0    1.00 INCH OR MORE:   3

[HDD (BASE 65) ]
TOTAL THIS MO.   610    CLEAR  (SCALE 0-3)  16
DPTR FM NORMAL  -283    PTCLDY (SCALE 4-7)  10
TOTAL FM JUL 1  1245    CLOUDY (SCALE 8-10)  5
DPTR FM NORMAL  -500

[CDD (BASE 65) ]
TOTAL THIS MO.     0
DPTR FM NORMAL     0    [PRESSURE DATA]
TOTAL FM JAN 1  1366    HIGHEST SLP 30.59 ON  5
DPTR FM NORMAL    12    LOWEST  SLP 29.26 ON 23

[REMARKS]
#FINAL-12-15#
