000
CXUS53 KSGF 010800
CF6UNO
PRELIMINARY LOCAL CLIMATOLOGICAL DATA (WS FORM: F-6)

                                          STATION:   WEST PLAINS MO
                                          MONTH:     MAY
                                          YEAR:      2014
                                          LATITUDE:   36 52 N
                                          LONGITUDE:  91 55 W

  TEMPERATURE IN F:       :PCPN:    SNOW:  WIND      :SUNSHINE: SKY     :PK WND
================================================================================
1   2   3   4   5  6A  6B    7    8   9   10  11  12  13   14  15   16   17  18
                                     12Z  AVG MX 2MIN
DY MAX MIN AVG DEP HDD CDD  WTR  SNW DPTH SPD SPD DIR MIN PSBL S-S WX    SPD DR
================================================================================

 1  62  36  49 -13  16   0 0.00    M    M  9.7 21 280   M    M   5        30 310
 2  65  35  50 -12  15   0 0.00    M    M  6.0 15 270   M    M   3        22 230
 3  82  45  64   2   1   0 0.00    M    M  8.4 18 240   M    M   1        23 270
 4  90  47  69   7   0   4 0.00    M    M  7.8 16 190   M    M   0        25 190
 5  88  61  75  12   0  10 0.00    M    M 10.4 18 210   M    M   0        25 190
 6  83  56  70   7   0   5 0.00    M    M  9.4 21 170   M    M   0        27 160
 7  81  62  72   9   0   7 0.00    M    M 10.6 22 170   M    M   0 38     29 170
 8  77  64  71   8   0   6 0.53    M    M 11.7 24 190   M    M   4 138    31 200
 9  76  58  67   3   0   2 0.22    M    M  6.1 20  90   M    M   5 13     24 110
10  82  60  71   7   0   6 0.00    M    M  6.5 15 170   M    M   5 12     21 180
11  81  67  74  10   0   9 0.00    M    M 10.3 21 170   M    M   5 1      28 170
12  82  64  73   9   0   8 1.20    M    M 10.2 23 170   M    M   7 13     30 170
13  66  49  58  -7   7   0 0.45    M    M  7.1 15 350   M    M   9 1      21 360
14  53  42  48 -17  17   0 0.24    M    M  9.4 20 360   M    M   9 1      30 350
15  65  39  52 -13  13   0    T    M    M  6.9 20 310   M    M   3 3      27 280
16  65  36  51 -14  14   0 0.03    M    M  5.9 20 270   M    M   5        28 280
17  63  45  54 -12  11   0 0.01    M    M  4.5 10  20   M    M   5        16  40
18  68  44  56 -10   9   0 0.00    M    M  6.7 14 120   M    M   1        18 120
19  77  48  63  -3   2   0 0.00    M    M 10.7 24 170   M    M   4 12     31 160
20  82  58  70   4   0   5 0.00    M    M 10.5 21 180   M    M   0        26 190
21  82  65  74   7   0   9 0.00    M    M  7.4 16 200   M    M   0        22 200
22  84  62  73   6   0   8 0.00    M    M  4.9 13 280   M    M   1        18 280
23  81  61  71   4   0   6    T    M    M  3.9 12  50   M    M   2 3      14  50
24  79  63  71   3   0   6 0.10    M    M  4.4 13 230   M    M   5 13     18 190
25  83  57  70   2   0   5 0.00    M    M  3.8 10 210   M    M   2 12     15 170
26  83  62  73   5   0   8    T    M    M  4.2 17 160   M    M   1 1      22 170
27  81  64  73   5   0   8 0.03    M    M  5.1 20 160   M    M   5 18     24 160
28  80  63  72   3   0   7    T    M    M  3.0 10 140   M    M   6 12     15 140
29  78  64  71   2   0   6    T    M    M  7.1 15 110   M    M   7 1      20 120
30  81  65  73   4   0   8    M    M    M  6.6 16 120   M    M   6 13     21 110
31  82  64  73   3   0   8 0.00    M    M  5.6 14 110   M    M   3        20 160
================================================================================
SM 2382 1706       105 141  2.81    M    224.8          M      109
================================================================================
AV 76.8 55.0                               7.3 FASTST   M    M   4    MAX(MPH)
                                 MISC ---->  # 24 190               # 31  200
================================================================================
NOTES:
# LAST OF SEVERAL OCCURRENCES

COLUMN 17 PEAK WIND IN M.P.H.

PRELIMINARY LOCAL CLIMATOLOGICAL DATA (WS FORM: F-6) , PAGE 2

                                          STATION:  WEST PLAINS MO
                                          MONTH:    MAY
                                          YEAR:     2014
                                          LATITUDE:   36 52 N
                                          LONGITUDE:  91 55 W

[TEMPERATURE DATA]      [PRECIPITATION DATA]       SYMBOLS USED IN COLUMN 16

AVERAGE MONTHLY: 65.9   TOTAL FOR MONTH:   2.81    1 = FOG OR MIST
DPTR FM NORMAL:   0.5   DPTR FM NORMAL:   -2.13    2 = FOG REDUCING VISIBILITY
HIGHEST:    90 ON  4    GRTST 24HR  1.65 ON 12-13      TO 1/4 MILE OR LESS
LOWEST:     35 ON  2                               3 = THUNDER
                        SNOW, ICE PELLETS, HAIL    4 = ICE PELLETS
                        TOTAL MONTH:    M          5 = HAIL
                        GRTST 24HR    M  ON   M    6 = FREEZING RAIN OR DRIZZLE
                        GRTST DEPTH:  M  ON   M    7 = DUSTSTORM OR SANDSTORM:
                                                       VSBY 1/2 MILE OR LESS
                                                   8 = SMOKE OR HAZE
[NO. OF DAYS WITH]      [WEATHER - DAYS WITH]      9 = BLOWING SNOW
                                                   X = TORNADO
MAX 32 OR BELOW:   0    0.01 INCH OR MORE:   9
MAX 90 OR ABOVE:   1    0.10 INCH OR MORE:   6
MIN 32 OR BELOW:   0    0.50 INCH OR MORE:   2
MIN  0 OR BELOW:   0    1.00 INCH OR MORE:   1

[HDD (BASE 65) ]
TOTAL THIS MO.   105    CLEAR  (SCALE 0-3)  15
DPTR FM NORMAL    25    PTCLDY (SCALE 4-7)  14
TOTAL FM JUL 1  4857    CLOUDY (SCALE 8-10)  2
DPTR FM NORMAL   515

[CDD (BASE 65) ]
TOTAL THIS MO.   141
DPTR FM NORMAL    47    [PRESSURE DATA]
TOTAL FM JAN 1   150    HIGHEST SLP M ON M
DPTR FM NORMAL    28    LOWEST  SLP 29.61 ON  6

[REMARKS]
#FINAL-05-14#
