000
CXUS53 KSGF 010800
CF6UNO
PRELIMINARY LOCAL CLIMATOLOGICAL DATA (WS FORM: F-6)

                                          STATION:   WEST PLAINS MO
                                          MONTH:     DECEMBER
                                          YEAR:      2016
                                          LATITUDE:   36 52 N
                                          LONGITUDE:  91 55 W

  TEMPERATURE IN F:       :PCPN:    SNOW:  WIND      :SUNSHINE: SKY     :PK WND
================================================================================
1   2   3   4   5  6A  6B    7    8   9   10  11  12  13   14  15   16   17  18
                                     12Z  AVG MX 2MIN
DY MAX MIN AVG DEP HDD CDD  WTR  SNW DPTH SPD SPD DIR MIN PSBL S-S WX    SPD DR
================================================================================

 1  52  28  40   0  25   0 0.00    M    M  5.8 15 270   M    M   0        20 270
 2  57  28  43   3  22   0 0.00    M    M  2.3  9  30   M    M   2        11  30
 3  44  37  41   1  24   0 0.09    M    M  6.3 12 110   M    M   6 1      16 140
 4  44  29  37  -2  28   0 0.07    M    M  4.5 13 100   M    M   8 1      16 100
 5  46  27  37  -2  28   0 0.03    M    M  5.0 15 100   M    M   5 12     18 100
 6  45  34  40   2  25   0 0.05    M    M  7.4 18 340   M    M   6 1      26 360
 7  39  25  32  -6  33   0 0.00    M    M  6.5 15 330   M    M   7        21 340
 8  34  20  27 -11  38   0 0.00    M    M  9.6 18 310   M    M   1        26 320
 9  34  11  23 -15  42   0 0.00    M    M  2.3  8 330   M    M   1        11 310
10  36  16  26 -11  39   0 0.00    M    M  7.5 17 160   M    M   7        23 160
11  46  36  41   4  24   0 0.06    M    M 10.4 20 170   M    M  10 128    28 180
12  46  31  39   2  26   0 0.00    M    M  5.6 18 320   M    M   4 1      23 310
13  51  30  41   5  24   0 0.01    M    M  7.1 17  10   M    M   8 1      28  80
14  37  25  31  -5  34   0 0.00    M    M  6.2 16 360   M    M   7 18     23 350
15  30  21  26 -10  39   0 0.00    M    M  6.9 14 360   M    M   1        19 340
16  41  22  32  -4  33   0 0.00    M    M 10.4 17 150   M    M  10 12     25 150
17  59  17  38   2  27   0 0.01    M    M 11.3 25 320   M    M   9 128    36 320
18  22   7  15 -20  50   0    T    M    M  9.3 22 330   M    M   4 8      30 340
19  31   4  18 -17  47   0 0.00    M    M  3.3  8  20   M    M   0        11  10
20  50  15  33  -2  32   0 0.00    M    M  4.5 13 200   M    M   0        16 210
21  51  21  36   1  29   0 0.00    M    M  3.9 10 210   M    M   0 8      13 200
22  51  31  41   6  24   0 0.00    M    M  6.2 15 350   M    M   2        21 330
23  47  37  42   7  23   0 0.56    M    M  6.3 14 160   M    M   9 1      18 140
24  50  42  46  12  19   0 0.00    M    M  5.8  9 180   M    M   9 128    14 170
25  64  45  55  21  10   0 0.01    M    M 11.6 22 170   M    M  10 12     32 170
26  66  41  54  20  11   0 0.13    M    M  7.8 20 160   M    M   8 1      27 160
27  54  27  41   7  24   0 0.00    M    M  3.8 12 340   M    M   0        16 330
28  53  33  43   9  22   0 0.00    M    M  6.2 14 160   M    M   3 8      19 170
29  51  33  42   8  23   0 0.00    M    M 12.7 28 310   M    M   0        41 320
30  53  24  39   5  26   0 0.00    M    M  8.7 16 220   M    M   0        22 210
31  57  35  46  12  19   0 0.00    M    M  7.5 17 230   M    M   4        25 220
================================================================================
SM 1441  832       870   0  1.02    M    212.7          M      141
================================================================================
AV 46.5 26.8                               6.9 FASTST   M    M   5    MAX(MPH)
                                 MISC ---->  # 28 310               # 41  320
================================================================================
NOTES:
# LAST OF SEVERAL OCCURRENCES

COLUMN 17 PEAK WIND IN M.P.H.

PRELIMINARY LOCAL CLIMATOLOGICAL DATA (WS FORM: F-6) , PAGE 2

                                          STATION:  WEST PLAINS MO
                                          MONTH:    DECEMBER
                                          YEAR:     2016
                                          LATITUDE:   36 52 N
                                          LONGITUDE:  91 55 W

[TEMPERATURE DATA]      [PRECIPITATION DATA]       SYMBOLS USED IN COLUMN 16

AVERAGE MONTHLY: 36.7   TOTAL FOR MONTH:   1.02    1 = FOG OR MIST
DPTR FM NORMAL:   0.5   DPTR FM NORMAL:   -2.62    2 = FOG REDUCING VISIBILITY
HIGHEST:    66 ON 26    GRTST 24HR  0.56 ON 23-23      TO 1/4 MILE OR LESS
LOWEST:      4 ON 19                               3 = THUNDER
                        SNOW, ICE PELLETS, HAIL    4 = ICE PELLETS
                        TOTAL MONTH:    M          5 = HAIL
                        GRTST 24HR    M  ON   M    6 = FREEZING RAIN OR DRIZZLE
                        GRTST DEPTH:  M  ON   M    7 = DUSTSTORM OR SANDSTORM:
                                                       VSBY 1/2 MILE OR LESS
                                                   8 = SMOKE OR HAZE
[NO. OF DAYS WITH]      [WEATHER - DAYS WITH]      9 = BLOWING SNOW
                                                   X = TORNADO
MAX 32 OR BELOW:   3    0.01 INCH OR MORE:  10
MAX 90 OR ABOVE:   0    0.10 INCH OR MORE:   2
MIN 32 OR BELOW:  21    0.50 INCH OR MORE:   1
MIN  0 OR BELOW:   0    1.00 INCH OR MORE:   0

[HDD (BASE 65) ]
TOTAL THIS MO.   870    CLEAR  (SCALE 0-3)  13
DPTR FM NORMAL   -23    PTCLDY (SCALE 4-7)  11
TOTAL FM JUL 1  1390    CLOUDY (SCALE 8-10)  7
DPTR FM NORMAL  -355

[CDD (BASE 65) ]
TOTAL THIS MO.     0
DPTR FM NORMAL     0    [PRESSURE DATA]
TOTAL FM JAN 1  1604    HIGHEST SLP M ON M
DPTR FM NORMAL   250    LOWEST  SLP 29.46 ON 17

[REMARKS]
#FINAL-12-16#
