000
CXUS53 KSGF 010800
CF6UNO
PRELIMINARY LOCAL CLIMATOLOGICAL DATA (WS FORM: F-6)

                                          STATION:   WEST PLAINS MO
                                          MONTH:     OCTOBER
                                          YEAR:      2016
                                          LATITUDE:   36 52 N
                                          LONGITUDE:  91 55 W

  TEMPERATURE IN F:       :PCPN:    SNOW:  WIND      :SUNSHINE: SKY     :PK WND
================================================================================
1   2   3   4   5  6A  6B    7    8   9   10  11  12  13   14  15   16   17  18
                                     12Z  AVG MX 2MIN
DY MAX MIN AVG DEP HDD CDD  WTR  SNW DPTH SPD SPD DIR MIN PSBL S-S WX    SPD DR
================================================================================

 1  73  50  62   0   3   0 0.00    M    0  2.9 12 310   M    M   4 1      16 310
 2  77  49  63   1   2   0 0.00    M    0  2.2  9  10   M    M   3 1      13  20
 3  76  49  63   1   2   0 0.00  0.0    0  4.6 10 120   M    M   1 1      15 140
 4  80  56  68   7   0   3 0.00  0.0    0  7.5 17 150   M    M   0 1      24 160
 5  72  60  66   5   0   1 0.53  0.0    0  5.8 21 290   M    M   5 13     31 290
 6  84  64  74  14   0   9 0.00    M    M  5.9 13 150   M    M   0        17 150
 7  71  49  60   0   5   0    T    M    M  8.4 18 340   M    M   2        26 350
 8  71  44  58  -2   7   0 0.00    M    M  6.4 17  40   M    M   0        21  50
 9  73  42  58  -1   7   0 0.00    M    M  1.2 10 170   M    M   0        13 150
10  72  44  58  -1   7   0 0.00    M    M  3.6 15 150   M    M   0        20 130
11  79  45  62   3   3   0 0.00    M    M  5.9 16 180   M    M   0        21 160
12  69  52  61   3   4   0 0.81    M    M  6.9 15 270   M    M   8 138    25 260
13  54  49  52  -6  13   0 0.01    M    M  7.1 16  10   M    M  10 18     20  20
14  64  52  58   0   7   0 0.37    M    M  5.2 14 100   M    M   9 123    19 230
15  77  60  69  11   0   4 0.00    M    M  9.0 17 170   M    M   6 12     24 180
16  82  64  73  16   0   8 0.00    M    M  9.6 17 170   M    M   4        25 200
17  85  66  76  19   0  11 0.00    M    M 12.3 24 200   M    M   1 8      35 180
18  82  67  75  18   0  10 0.00  0.0    0  7.5 16 210   M    M   4 1      22 210
19  86  64  75  19   0  10 0.00    M    M  4.8 16 180   M    M   6 12     20 220
20  67  47  57   1   8   0 0.34    M    M  9.9 23 340   M    M   6 13     31 340
21  65  40  53  -3  12   0 0.00    M    M  4.6 14 350   M    M   0 8      20 340
22  70  37  54  -2  11   0 0.00    M    M  3.4 12 170   M    M   0 8      15 180
23  76  49  63   8   2   0 0.00    M    M  5.7 13 210   M    M   0        18 220
24  77  50  64   9   1   0 0.00    M    M  3.9 10  50   M    M   0 1      13  70
25  74  47  61   6   4   0 0.00    M    M  5.0 10 150   M    M   0        14 170
26  74  48  61   7   4   0    T    M    M  4.3 13 230   M    M   4        18 230
27  78  53  66  12   0   1 0.00    M    M  3.1 10 340   M    M   3 12     14 330
28  79  55  67  13   0   2 0.00    M    M  6.1 15 200   M    M   4 12     21 220
29  81  59  70  17   0   5 0.00    M    M  7.4 17 250   M    M   0        23 250
30  81  60  71  18   0   6 0.00    M    M  6.1 14 260   M    M   3        19 280
31  81  54  68  15   0   3 0.00  0.0    0  5.3 14 210   M    M   3 128    22 220
================================================================================
SM 2330 1625       102  73  2.06     0.0 181.6          M       86
================================================================================
AV 75.2 52.4                               5.9 FASTST   M    M   3    MAX(MPH)
                                 MISC ---->  # 24 200               # 35  180
================================================================================
NOTES:
# LAST OF SEVERAL OCCURRENCES

COLUMN 17 PEAK WIND IN M.P.H.

PRELIMINARY LOCAL CLIMATOLOGICAL DATA (WS FORM: F-6) , PAGE 2

                                          STATION:  WEST PLAINS MO
                                          MONTH:    OCTOBER
                                          YEAR:     2016
                                          LATITUDE:   36 52 N
                                          LONGITUDE:  91 55 W

[TEMPERATURE DATA]      [PRECIPITATION DATA]       SYMBOLS USED IN COLUMN 16

AVERAGE MONTHLY: 63.8   TOTAL FOR MONTH:   2.06    1 = FOG OR MIST
DPTR FM NORMAL:   6.4   DPTR FM NORMAL:   -1.78    2 = FOG REDUCING VISIBILITY
HIGHEST:    86 ON 19    GRTST 24HR  0.82 ON 12-13      TO 1/4 MILE OR LESS
LOWEST:     37 ON 22                               3 = THUNDER
                        SNOW, ICE PELLETS, HAIL    4 = ICE PELLETS
                        TOTAL MONTH:   0.0 INCH    5 = HAIL
                        GRTST 24HR     0.0         6 = FREEZING RAIN OR DRIZZLE
                        GRTST DEPTH:   0           7 = DUSTSTORM OR SANDSTORM:
                                                       VSBY 1/2 MILE OR LESS
                                                   8 = SMOKE OR HAZE
[NO. OF DAYS WITH]      [WEATHER - DAYS WITH]      9 = BLOWING SNOW
                                                   X = TORNADO
MAX 32 OR BELOW:   0    0.01 INCH OR MORE:   5
MAX 90 OR ABOVE:   0    0.10 INCH OR MORE:   4
MIN 32 OR BELOW:   0    0.50 INCH OR MORE:   2
MIN  0 OR BELOW:   0    1.00 INCH OR MORE:   0

[HDD (BASE 65) ]
TOTAL THIS MO.   102    CLEAR  (SCALE 0-3)  19
DPTR FM NORMAL  -159    PTCLDY (SCALE 4-7)  10
TOTAL FM JUL 1   112    CLOUDY (SCALE 8-10)  2
DPTR FM NORMAL  -191

[CDD (BASE 65) ]
TOTAL THIS MO.    73
DPTR FM NORMAL    49    [PRESSURE DATA]
TOTAL FM JAN 1  1588    HIGHEST SLP M ON M
DPTR FM NORMAL   236    LOWEST  SLP 29.55 ON 17

[REMARKS]
#FINAL-10-16#
