000
CXUS53 KSGF 271514
CF6UNO
PRELIMINARY LOCAL CLIMATOLOGICAL DATA (WS FORM: F-6)

                                          STATION:   WEST PLAINS MO
                                          MONTH:     FEBRUARY
                                          YEAR:      2012
                                          LATITUDE:   36 52 N
                                          LONGITUDE:  91 55 W

  TEMPERATURE IN F:       :PCPN:    SNOW:  WIND      :SUNSHINE: SKY     :PK WND
================================================================================
1   2   3   4   5  6A  6B    7    8   9   10  11  12  13   14  15   16   17  18
                                     12Z  AVG MX 2MIN
DY MAX MIN AVG DEP HDD CDD  WTR  SNW DPTH SPD SPD DIR MIN PSBL S-S WX    SPD DR
================================================================================

 1  63  43  53  18  12   0 0.00    M    M  3.9 10  40   M    M   4 12     14  30
 2  62  29  46  11  19   0 0.00    M    M  5.6 15 150   M    M   0        21 150
 3  50  43  47  12  18   0 1.19    M    M  9.8 18 150   M    M   7 13     29 130
 4  52  41  47  12  18   0 0.30    M    M  7.6 21 100   M    M  10 12     24 110
 5  42  30  36   0  29   0 0.00    M    M  6.5 14 320   M    M  10 1      21 310
 6  53  25  39   3  26   0 0.00    M    M  2.6 12 290   M    M   0 1       M  M
 7  50  28  39   3  26   0 0.00    M    M  2.5 12 350   M    M   6        15 330
 8  38  32  35  -1  30   0 0.00    M    M  6.0 14 350   M    M  10        17 360
 9  38  32  35  -1  30   0 0.00    M    M  2.5  8 160   M    M  10        10 150
10  40  19  30  -6  35   0 0.06    M    M  9.4 22 320   M    M   8 18     32 340
11  30  13  22 -15  43   0    T    M    M 12.1 21 340   M    M   3        29 340
12  39  12  26 -11  39   0 0.00    M    M  4.7 12  20   M    M   1        15 330
13  31  25  28  -9  37   0 0.18    M    M  9.5 18 190   M    M  10 16     28 180
14  40  31  36  -1  29   0    T    M    M  4.3 10 170   M    M   6 1      14 170
15  44  34  39   1  26   0 0.50    M    M  5.7 13 110   M    M  10 123    16 120
16  53  29  41   3  24   0 0.00    M    M  6.2 15 330   M    M   5 18     21 320
17  51  30  41   3  24   0 0.00    M    M  3.1 12 160   M    M   1 18     20 180
18  47  39  43   5  22   0 0.01    M    M  8.2 16  20   M    M   9 1      20  20
19  53  32  43   4  22   0 0.00    M    M  6.4 13 300   M    M   3        21 310
20  52  27  40   1  25   0 0.01    M    0 11.0 22 180   M    M   2        30 190
21  57  38  48   9  17   0 0.00    M    M 10.6 30 240   M    M   3        41 270
22  69  33  51  11  14   0 0.00    M    M  6.9 21 260   M    M   0        28 260
23  74  38  56  16   9   0 0.00    M    M  9.5 25 300   M    M   0        38 310
24  49  29  39  -1  26   0 0.00    M    M 12.8 24 300   M    M   6        39 280
25  50  30  40  -1  25   0 0.00    M    M  7.3 17 340   M    M   1        24 350
26  61  35  48   7  17   0 0.00    M    M 10.1 23 180   M    M   0        30 190
27  62  42  52  11  13   0 0.00    M    M  7.5 18  20   M    M   2        25  20
28  63  39  51   9  14   0 0.02    M    M 10.0 20 190   M    M   9 13     29 190
29  67  40  54  12  11   0 0.47    M    0 11.6 31 280   M    M   2 13     45 280
================================================================================
SM 1480  918       680   0  2.74    M    213.9          M      138
================================================================================
AV 51.0 31.7                               7.4 FASTST   M    M   5    MAX(MPH)
                                 MISC ---->  # 31 280               # 45  280
================================================================================
NOTES:
# LAST OF SEVERAL OCCURRENCES

COLUMN 17 PEAK WIND IN M.P.H.

PRELIMINARY LOCAL CLIMATOLOGICAL DATA (WS FORM: F-6) , PAGE 2

                                          STATION:  WEST PLAINS MO
                                          MONTH:    FEBRUARY
                                          YEAR:     2012
                                          LATITUDE:   36 52 N
                                          LONGITUDE:  91 55 W

[TEMPERATURE DATA]      [PRECIPITATION DATA]       SYMBOLS USED IN COLUMN 16

AVERAGE MONTHLY: 41.3   TOTAL FOR MONTH:   2.74    1 = FOG OR MIST
DPTR FM NORMAL:   3.4   DPTR FM NORMAL:   -0.10    2 = FOG REDUCING VISIBILITY
HIGHEST:    74 ON 23    GRTST 24HR  1.49 ON  3- 4      TO 1/4 MILE OR LESS
LOWEST:     12 ON 12                               3 = THUNDER
                        SNOW, ICE PELLETS, HAIL    4 = ICE PELLETS
                        TOTAL MONTH:    M          5 = HAIL
                        GRTST 24HR    M  ON   M    6 = FREEZING RAIN OR DRIZZLE
                        GRTST DEPTH:   0           7 = DUSTSTORM OR SANDSTORM:
                                                       VSBY 1/2 MILE OR LESS
                                                   8 = SMOKE OR HAZE
[NO. OF DAYS WITH]      [WEATHER - DAYS WITH]      9 = BLOWING SNOW
                                                   X = TORNADO
MAX 32 OR BELOW:   2    0.01 INCH OR MORE:   9
MAX 90 OR ABOVE:   0    0.10 INCH OR MORE:   5
MIN 32 OR BELOW:  17    0.50 INCH OR MORE:   2
MIN  0 OR BELOW:   0    1.00 INCH OR MORE:   1

[HDD (BASE 65) ]
TOTAL THIS MO.   680    CLEAR  (SCALE 0-3)  12
DPTR FM NORMAL   -80    PTCLDY (SCALE 4-7)   9
TOTAL FM JUL 1  3020    CLOUDY (SCALE 8-10)  8
DPTR FM NORMAL  -467

[CDD (BASE 65) ]
TOTAL THIS MO.     0
DPTR FM NORMAL     0    [PRESSURE DATA]
TOTAL FM JAN 1     0    HIGHEST SLP 30.62 ON 12
DPTR FM NORMAL     0    LOWEST  SLP 29.24 ON 23

[REMARKS]
#FINAL-02-12#
