000
CXUS53 KSGF 070037
CF6UNO
PRELIMINARY LOCAL CLIMATOLOGICAL DATA (WS FORM: F-6)

                                          STATION:   WEST PLAINS MO
                                          MONTH:     JANUARY
                                          YEAR:      2012
                                          LATITUDE:   36 52 N
                                          LONGITUDE:  91 55 W

  TEMPERATURE IN F:       :PCPN:    SNOW:  WIND      :SUNSHINE: SKY     :PK WND
================================================================================
1   2   3   4   5  6A  6B    7    8   9   10  11  12  13   14  15   16   17  18
                                     12Z  AVG MX 2MIN
DY MAX MIN AVG DEP HDD CDD  WTR  SNW DPTH SPD SPD DIR MIN PSBL S-S WX    SPD DR
================================================================================

 1  53  35  44  10  21   0 0.00    M    M 14.5 26 280   M    M   2        38 270
 2  38  24  31  -3  34   0 0.00    M    M 14.3 29 320   M    M   0        40 300
 3  40  13  27  -7  38   0 0.00    M    M  5.9 14 160   M    M   0        18 190
 4  57  27  42   8  23   0 0.00    M    M  7.9 16 290   M    M   0        21 300
 5  63  30  47  13  18   0 0.00    M    M  7.1 16 260   M    M   0 8      22 230
 6   M  39   M   M   M   M 0.00    M    M  6.8 15 240   M    M   0        22 220
 7  56  40  48  14  17   0 0.00    M    M  8.4 16  20   M    M   2        25  10
 8  46  38  42   8  23   0    T    M    M  7.5 13  30   M    M  10        20 130
 9  54  29  42   8  23   0 0.00    M    M  3.4 12  20   M    M   2 18     15 350
10  50  26  38   4  27   0 0.63    M    M  5.0 17 360   M    M   6 18     22 360
11  59  39  49  15  16   0 0.00    M    M  7.3 18 320   M    M   6 1      26 330
12  39  18  29  -5  36   0 0.03    M    M 15.3 28 280   M    M  10 12     38 280
13  32  15  24 -10  41   0 0.00    M    M  8.0 22 320   M    M   1        26 310
14  48  21  35   1  30   0 0.00    M    M  7.6 28 300   M    M   2        38 300
15  47  21  34   0  31   0 0.00    M    M  9.7 20 160   M    M   0 18     26 150
16  63  42  53  19  12   0 0.00    M    M 12.0 22 190   M    M   4        32 180
17  65  22  44  10  21   0 0.05    M    M 12.3 26 300   M    M   4 13     35 300
18  35  12  24 -10  41   0 0.00    M    M  4.8 12 220   M    M   0        17 230
19  53  26  40   6  25   0 0.00    M    M  4.2 12  50   M    M   0        15  50
20  35  24  30  -4  35   0 0.00    M    M  7.7 15 350   M    M   8 128    21 340
21  34   M   M   M   M   M 0.00    M    M  8.1 16 350   M    M   9 18     23 340
22  53  28  41   7  24   0 0.00    M    M  8.9 15 160   M    M  10 12     23 160
23  53  31  42   8  23   0 0.00    M    M 12.9 30 280   M    M   2        45 280
24  56  25  41   7  24   0 0.00    M    M  4.2 12 110   M    M   0        17 110
25  40  36  38   4  27   0 1.70    M    M  7.5 15  50   M    M   9 1      20 120
26  42  35  39   5  26   0 0.16    M    M  5.7 15 330   M    M   7 1      21 330
27  49  27  38   4  27   0 0.01    M    M  4.3 14 300   M    M   3        20 300
28  46  27  37   2  28   0 0.00    M    M  8.1 23 320   M    M   1        32 310
29  57  25  41   6  24   0 0.00    M    M  7.2 20 250   M    M   0        25 230
30  66  37  52  17  13   0 0.00    M    M 10.7 22 200   M    M   0        31 200
31  60  45  53  18  12   0 0.00    M    M  9.2 20 190   M    M   8        29 190
================================================================================
SM 1489  857       740   0  2.58    M    256.5          M      106
================================================================================
AV 49.6 28.6                               8.3 FASTST   M    M   3    MAX(MPH)
                                 MISC ---->  # 30 280               # 45  280
================================================================================
NOTES:
# LAST OF SEVERAL OCCURRENCES

COLUMN 17 PEAK WIND IN M.P.H.

PRELIMINARY LOCAL CLIMATOLOGICAL DATA (WS FORM: F-6) , PAGE 2

                                          STATION:  WEST PLAINS MO
                                          MONTH:    JANUARY
                                          YEAR:     2012
                                          LATITUDE:   36 52 N
                                          LONGITUDE:  91 55 W

[TEMPERATURE DATA]      [PRECIPITATION DATA]       SYMBOLS USED IN COLUMN 16

AVERAGE MONTHLY: 39.1   TOTAL FOR MONTH:   2.58    1 = FOG OR MIST
DPTR FM NORMAL:   5.1   DPTR FM NORMAL:   -0.14    2 = FOG REDUCING VISIBILITY
HIGHEST:    66 ON 30    GRTST 24HR  1.80 ON 25-26      TO 1/4 MILE OR LESS
LOWEST:     12 ON 18                               3 = THUNDER
                        SNOW, ICE PELLETS, HAIL    4 = ICE PELLETS
                        TOTAL MONTH:    M          5 = HAIL
                        GRTST 24HR    M  ON   M    6 = FREEZING RAIN OR DRIZZLE
                        GRTST DEPTH:  M  ON   M    7 = DUSTSTORM OR SANDSTORM:
                                                       VSBY 1/2 MILE OR LESS
                                                   8 = SMOKE OR HAZE
[NO. OF DAYS WITH]      [WEATHER - DAYS WITH]      9 = BLOWING SNOW
                                                   X = TORNADO
MAX 32 OR BELOW:   1    0.01 INCH OR MORE:   6
MAX 90 OR ABOVE:   0    0.10 INCH OR MORE:   3
MIN 32 OR BELOW:  20    0.50 INCH OR MORE:   2
MIN  0 OR BELOW:   0    1.00 INCH OR MORE:   1

[HDD (BASE 65) ]
TOTAL THIS MO.   740    CLEAR  (SCALE 0-3)  18
DPTR FM NORMAL  -219    PTCLDY (SCALE 4-7)   8
TOTAL FM JUL 1  2340    CLOUDY (SCALE 8-10)  5
DPTR FM NORMAL  -364

[CDD (BASE 65) ]
TOTAL THIS MO.     0
DPTR FM NORMAL     0    [PRESSURE DATA]
TOTAL FM JAN 1     0    HIGHEST SLP 30.55 ON  3
DPTR FM NORMAL     0    LOWEST  SLP 29.51 ON 22

[REMARKS]
#FINAL-01-12#
