000
CXUS53 KSGF 310800
CF6UNO
PRELIMINARY LOCAL CLIMATOLOGICAL DATA (WS FORM: F-6)

                                          STATION:   WEST PLAINS MO
                                          MONTH:     DECEMBER
                                          YEAR:      2011
                                          LATITUDE:   36 52 N
                                          LONGITUDE:  91 55 W

  TEMPERATURE IN F:       :PCPN:    SNOW:  WIND      :SUNSHINE: SKY     :PK WND
================================================================================
1   2   3   4   5  6A  6B    7    8   9   10  11  12  13   14  15   16   17  18
                                     12Z  AVG MX 2MIN
DY MAX MIN AVG DEP HDD CDD  WTR  SNW DPTH SPD SPD DIR MIN PSBL S-S WX    SPD DR
================================================================================

 1  55  26  41   1  24   0 0.00    M    M  4.2 10 170   M    M   0        14 160
 2  48  35  42   2  23   0 0.00    M    M  4.6  9 120   M    M   9        12 120
 3  57  36  47   7  18   0 0.56    M    M 10.4 21 170   M    M   6 1      29 170
 4  56  35  46   7  19   0 0.60    M    M  7.5 17  20   M    M  10 1      23 280
 5  35  28  32  -7  33   0 0.22    M    M 11.5 20  10   M    M  10 16     24  10
 6  30  27  29  -9  36   0 0.01    M    M  7.6 13 340   M    M  10 168    20 340
 7  39  23  31  -7  34   0 0.01    M    M  6.8 15 320   M    M   3 1      22 330
 8  44  22  33  -5  32   0 0.00    M    M  3.4 10 220   M    M   0        15 220
 9  44  24  34  -4  31   0 0.00    M    M  5.4 15  20   M    M   2        20  40
10  40  16  28  -9  37   0 0.00    M    M  1.9  8 220   M    M   0 1      13 170
11  45  19  32  -5  33   0 0.00    M    M  3.9 10 150   M    M   0 1      17 180
12  47  25  36  -1  29   0    T    M    M  2.9  9 160   M    M   7 8      26 330
13  48  39  44   8  21   0 0.38    M    M  5.8 17 160   M    M  10 12     25 320
14  58  45  52  16  13   0 1.08    M    M 10.2 20 180   M    M  10 123    29 180
15  58  33  46  10  19   0 0.01    M    M  9.2 15  10   M    M   4        22 320
16  44  25  35  -1  30   0 0.00    M    M  5.6 13  30   M    M   0        16  30
17  51  22  37   1  28   0 0.00    M    M  5.0 13 270   M    M   0 1      17 260
18  54  28  41   6  24   0 0.00    M    M  6.7 13 210   M    M   2        18 170
19  55  44  50  15  15   0 0.17    M    M  6.4 13 110   M    M  10 1      17 110
20  51  43  47  12  18   0 0.76    M    M  6.3 18 270   M    M  10 12     25 270
21  45  29  37   2  28   0 0.00    M    M  6.8 16 280   M    M   8 1      23 290
22  46  31  39   4  26   0 0.01    M    M  5.1 15 350   M    M   6 1      20 360
23  38  24  31  -4  34   0 0.00    M    M  4.7 13 340   M    M   6 1      16 340
24  49  21  35   1  30   0 0.00    M    M  5.2 14 230   M    M   0 1      16 220
25  60  26  43   9  22   0 0.00    M    M  5.3 14 330   M    M   0        17 330
26  38  27  33  -1  32   0 0.76    M    M  4.7 10  90   M    M   7 1      14  90
27  48  30  39   5  26   0 0.18    M    M  9.3 21 290   M    M   3 16     29 300
28  49  24  37   3  28   0 0.00  0.0    0  4.5 12 280   M    M   0        14 270
29  59  35  47  13  18   0 0.00    M    M  8.2 16 230   M    M   0        20 230
30  59  38  49  15  16   0 0.00    M    M 11.4 24 280   M    M   0        35 280
================================================================================
SM 1450  880       777   0  4.75     0.0 190.5          M      133
================================================================================
AV 48.3 29.3                               6.3 FASTST   M    M   4    MAX(MPH)
                                 MISC ---->  # 24 280               # 35  280
================================================================================
NOTES:
# LAST OF SEVERAL OCCURRENCES

COLUMN 17 PEAK WIND IN M.P.H.

PRELIMINARY LOCAL CLIMATOLOGICAL DATA (WS FORM: F-6) , PAGE 2

                                          STATION:  WEST PLAINS MO
                                          MONTH:    DECEMBER
                                          YEAR:     2011
                                          LATITUDE:   36 52 N
                                          LONGITUDE:  91 55 W

[TEMPERATURE DATA]      [PRECIPITATION DATA]       SYMBOLS USED IN COLUMN 16

AVERAGE MONTHLY: 38.8   TOTAL FOR MONTH:   4.75    1 = FOG OR MIST
DPTR FM NORMAL:   2.5   DPTR FM NORMAL:    1.17    2 = FOG REDUCING VISIBILITY
HIGHEST:    60 ON 25    GRTST 24HR  1.16 ON  3- 4      TO 1/4 MILE OR LESS
LOWEST:     16 ON 10                               3 = THUNDER
                        SNOW, ICE PELLETS, HAIL    4 = ICE PELLETS
                        TOTAL MONTH:   0.0 INCH    5 = HAIL
                        GRTST 24HR     0.0         6 = FREEZING RAIN OR DRIZZLE
                        GRTST DEPTH:   0           7 = DUSTSTORM OR SANDSTORM:
                                                       VSBY 1/2 MILE OR LESS
                                                   8 = SMOKE OR HAZE
[NO. OF DAYS WITH]      [WEATHER - DAYS WITH]      9 = BLOWING SNOW
                                                   X = TORNADO
MAX 32 OR BELOW:   1    0.01 INCH OR MORE:  13
MAX 90 OR ABOVE:   0    0.10 INCH OR MORE:   9
MIN 32 OR BELOW:  20    0.50 INCH OR MORE:   5
MIN  0 OR BELOW:   0    1.00 INCH OR MORE:   1

[HDD (BASE 65) ]
TOTAL THIS MO.   777    CLEAR  (SCALE 0-3)  14
DPTR FM NORMAL   -87    PTCLDY (SCALE 4-7)   7
TOTAL FM JUL 1  1581    CLOUDY (SCALE 8-10)  9
DPTR FM NORMAL  -135

[CDD (BASE 65) ]
TOTAL THIS MO.     0
DPTR FM NORMAL     0    [PRESSURE DATA]
TOTAL FM JAN 1  1555    HIGHEST SLP M ON M
DPTR FM NORMAL   201    LOWEST  SLP 29.66 ON 30

[REMARKS]
