000
CXUS53 KSGF 010800
CF6UNO
PRELIMINARY LOCAL CLIMATOLOGICAL DATA (WS FORM: F-6)

                                          STATION:   WEST PLAINS MO
                                          MONTH:     SEPTEMBER
                                          YEAR:      2011
                                          LATITUDE:   36 52 N
                                          LONGITUDE:  91 55 W

  TEMPERATURE IN F:       :PCPN:    SNOW:  WIND      :SUNSHINE: SKY     :PK WND
================================================================================
1   2   3   4   5  6A  6B    7    8   9   10  11  12  13   14  15   16   17  18
                                     12Z  AVG MX 2MIN
DY MAX MIN AVG DEP HDD CDD  WTR  SNW DPTH SPD SPD DIR MIN PSBL S-S WX    SPD DR
================================================================================

 1  95  70  83   9   0  18 0.00    M    M  4.0 10 140   M    M   0 18     16 140
 2  94  65  80   6   0  15 0.00    M    M  2.4 14 220   M    M   0 138    20 210
 3  91  65  78   4   0  13 0.00    M    M  1.7 13 310   M    M   0 18     20 280
 4  75  60  68  -6   0   3 0.27    M    M  9.4 17  20   M    M   6 1      23  20
 5  75  53  64  -9   1   0 0.00    M    M 11.4 22  40   M    M   0        31 360
 6  75  48  62 -11   3   0 0.00    M    M  7.7 15  20   M    M   0        23  20
 7  77  47  62 -10   3   0 0.00    M    M  7.1 15 340   M    M   0 8      26 310
 8  78  50  64  -8   1   0 0.00    M    M  6.4 16 340   M    M   0 8      21 330
 9  78  51  65  -7   0   0 0.00    M    M  4.2 17 330   M    M   4        24 330
10  79  51  65  -6   0   0    T    M    M  2.9 12  70   M    M   4 3      16  60
11  83  53  68  -3   0   3 0.00    M    M  2.2 10  10   M    M   2        16  30
12  87  54  71   1   0   6 0.00    M    M  3.1 13 270   M    M   0 18     18 220
13  93  56  75   5   0  10 0.00    M    M  4.6 13 100   M    M   0        23 210
14  70  52  61  -9   4   0 0.33    M    M 11.1 24 350   M    M   6 13     31  10
15  64  45  55 -14  10   0 0.00    M    M  8.9 18  40   M    M   3        24  40
16  64  52  58 -11   7   0    T    M    M  3.8  8  90   M    M   8        12 170
17  61  52  57 -11   8   0 1.13    M    M  4.2 15 160   M    M   9 13     21 180
18  68  56  62  -6   3   0 0.36    M    M  5.9 24 170   M    M   8 13     31 170
19  75  52  64  -3   1   0 0.13    M    M  3.6 13 340   M    M   6 1      17  10
20  78  50  64  -3   1   0 0.00    M    M  1.2  8 210   M    M   3 12     18 200
21  79  56  68   1   0   3 0.00    M    M  4.8 15  20   M    M   3 12     18  20
22  62  46  54 -12  11   0 0.45    M    M  3.4 10 360   M    M   9 13     15 340
23  71  45  58  -8   7   0 0.00    M    M  3.8 10 230   M    M   6 12     15 230
24  75  55  65   0   0   0 0.31    M    M  4.8 16 320   M    M   6 13     21 320
25  59  49  54 -11  11   0 0.47    M    M  7.1 21  40   M    M   6 13     29 310
26  70  42  56  -8   9   0 0.00    M    M  6.1 16 280   M    M   0 1      22 300
27  77  48  63  -1   2   0 0.00    M    M  5.7 18 290   M    M   2        25 270
28  82  53  68   4   0   3 0.00    M    M  4.0 14 280   M    M   0 1      24 310
29  87  53  70   7   0   5 0.00    M    M  5.4 17 340   M    M   0        24 340
30  72  47  60  -3   5   0 0.00    M    M  8.3 17 320   M    M   0        24 330
================================================================================
SM 2294 1576        87  79  3.45    M    159.2          M       91
================================================================================
AV 76.5 52.5                               5.3 FASTST   M    M   3    MAX(MPH)
                                 MISC ---->  # 24 350               # 31  360
================================================================================
NOTES:
# LAST OF SEVERAL OCCURRENCES

COLUMN 17 PEAK WIND IN M.P.H.

PRELIMINARY LOCAL CLIMATOLOGICAL DATA (WS FORM: F-6) , PAGE 2

                                          STATION:  WEST PLAINS MO
                                          MONTH:    SEPTEMBER
                                          YEAR:     2011
                                          LATITUDE:   36 52 N
                                          LONGITUDE:  91 55 W

[TEMPERATURE DATA]      [PRECIPITATION DATA]       SYMBOLS USED IN COLUMN 16

AVERAGE MONTHLY: 64.5   TOTAL FOR MONTH:   3.45    1 = FOG OR MIST
DPTR FM NORMAL:  -4.4   DPTR FM NORMAL:   -0.64    2 = FOG REDUCING VISIBILITY
HIGHEST:    95 ON  1    GRTST 24HR  1.13 ON 17-17      TO 1/4 MILE OR LESS
LOWEST:     42 ON 26                               3 = THUNDER
                        SNOW, ICE PELLETS, HAIL    4 = ICE PELLETS
                        TOTAL MONTH:    M          5 = HAIL
                        GRTST 24HR    M  ON   M    6 = FREEZING RAIN OR DRIZZLE
                        GRTST DEPTH:  M  ON   M    7 = DUSTSTORM OR SANDSTORM:
                                                       VSBY 1/2 MILE OR LESS
                                                   8 = SMOKE OR HAZE
[NO. OF DAYS WITH]      [WEATHER - DAYS WITH]      9 = BLOWING SNOW
                                                   X = TORNADO
MAX 32 OR BELOW:   0    0.01 INCH OR MORE:   8
MAX 90 OR ABOVE:   4    0.10 INCH OR MORE:   8
MIN 32 OR BELOW:   0    0.50 INCH OR MORE:   1
MIN  0 OR BELOW:   0    1.00 INCH OR MORE:   1

[HDD (BASE 65) ]
TOTAL THIS MO.    87    CLEAR  (SCALE 0-3)  16
DPTR FM NORMAL    46    PTCLDY (SCALE 4-7)  10
TOTAL FM JUL 1    87    CLOUDY (SCALE 8-10)  4
DPTR FM NORMAL    45

[CDD (BASE 65) ]
TOTAL THIS MO.    79
DPTR FM NORMAL   -77    [PRESSURE DATA]
TOTAL FM JAN 1  1539    HIGHEST SLP 30.03 ON 10
DPTR FM NORMAL   211    LOWEST  SLP 29.78 ON 25

[REMARKS]
#FINAL-09-11#
