000
CXUS53 KSGF 010800
CF6UNO
PRELIMINARY LOCAL CLIMATOLOGICAL DATA (WS FORM: F-6)

                                          STATION:   WEST PLAINS MO
                                          MONTH:     OCTOBER
                                          YEAR:      2011
                                          LATITUDE:   36 52 N
                                          LONGITUDE:  91 55 W

  TEMPERATURE IN F:       :PCPN:    SNOW:  WIND      :SUNSHINE: SKY     :PK WND
================================================================================
1   2   3   4   5  6A  6B    7    8   9   10  11  12  13   14  15   16   17  18
                                     12Z  AVG MX 2MIN
DY MAX MIN AVG DEP HDD CDD  WTR  SNW DPTH SPD SPD DIR MIN PSBL S-S WX    SPD DR
================================================================================

 1  68  42  55  -7  10   0 0.00    M    M  4.2 12  30   M    M   0        17  20
 2  71  36  54  -8  11   0 0.00    M    M  1.1  9 330   M    M   0        15 340
 3  76  39  58  -4   7   0 0.00    M    M  0.8  8 220   M    M   0         M  M
 4  77  43  60  -1   5   0 0.00    M    M  1.7 10 160   M    M   0        17 300
 5  78  43  61   0   4   0 0.00    M    M  2.7 12 160   M    M   0        16 150
 6  79  47  63   3   2   0 0.00    M    M  5.8 16 170   M    M   0        23 120
 7  80  57  69   9   0   4 0.00    M    M  8.1 18 150   M    M   0        23 150
 8  79  56  68   8   0   3 0.00    M    M  7.2 16 160   M    M   0        21 170
 9  77  50  64   5   1   0 0.00    M    M  5.9 16 120   M    M   0 1      24  90
10  75  50  63   4   2   0 0.00    M    M  3.3 12 160   M    M   1        15 150
11  77  52  65   6   0   0 0.02    M    M  1.6 12 120   M    M   4 1      14 250
12  63  56  60   2   5   0 0.44    M    M  3.6 12 280   M    M   8 13     16 270
13  73  51  62   4   3   0 0.01    M    M  8.9 22 320   M    M   1        33 320
14  75  44  60   2   5   0 0.00    M    M  7.1 18 280   M    M   0        25 280
15  72  42  57  -1   8   0 0.00    M    M  4.8 12 210   M    M   0 8      18 200
16  86  57  72  15   0   7 0.00    M    M  9.4 21 220   M    M   0 8      28 220
17  69  49  59   2   6   0 0.00    M    M  8.5 17  30   M    M   1        22  20
18  51  41  46 -11  19   0 0.71    M    M  9.1 20  10   M    M   9 138    25  10
19  45  39  42 -14  23   0    T    M    M 11.1 21 340   M    M   9        28 330
20  55  36  46 -10  19   0 0.00    M    M  8.1 20 310   M    M   1        28 310
21  66  29  48  -8  17   0 0.00    M    M  2.3 13 270   M    M   0        16 280
22  73  38  56   0   9   0 0.00    M    M  1.9  9 250   M    M   0 8      14 240
23  71  46  59   4   6   0 0.00    M    M  4.7 13 200   M    M   0 18     17 190
24  78  50  64   9   1   0 0.00    M    M  5.5 12 300   M    M   0 12     17 300
25  77  55  66  11   0   1 0.00    M    M 10.7 23 190   M    M   0        32 190
26  69  48  59   5   6   0 0.22    M    M  5.0 14  10   M    M   5 138    18  20
27  52  46  49  -5  16   0    T    M    M  7.1 15 350   M    M  10 1      22 360
28  58  37  48  -6  17   0 0.00    M    M  5.4 16 320   M    M   3        21 360
29  62  32  47  -6  18   0 0.00    M    M  3.9 13 270   M    M   0        16 270
30  64  41  53   0  12   0 0.00    M    M  8.5 21 200   M    M   1        26 170
31  67  35  51  -2  14   0 0.00    M    M  6.5 13 260   M    M   0        20 270
================================================================================
SM 2163 1387       246  15  1.40    M    174.5          M       53
================================================================================
AV 69.8 44.7                               5.6 FASTST   M    M   2    MAX(MPH)
                                 MISC ---->  # 23 190               # 33  320
================================================================================
NOTES:
# LAST OF SEVERAL OCCURRENCES

COLUMN 17 PEAK WIND IN M.P.H.

PRELIMINARY LOCAL CLIMATOLOGICAL DATA (WS FORM: F-6) , PAGE 2

                                          STATION:  WEST PLAINS MO
                                          MONTH:    OCTOBER
                                          YEAR:     2011
                                          LATITUDE:   36 52 N
                                          LONGITUDE:  91 55 W

[TEMPERATURE DATA]      [PRECIPITATION DATA]       SYMBOLS USED IN COLUMN 16

AVERAGE MONTHLY: 57.3   TOTAL FOR MONTH:   1.40    1 = FOG OR MIST
DPTR FM NORMAL:  -0.1   DPTR FM NORMAL:   -2.44    2 = FOG REDUCING VISIBILITY
HIGHEST:    86 ON 16    GRTST 24HR  0.71 ON 18-18      TO 1/4 MILE OR LESS
LOWEST:     29 ON 21                               3 = THUNDER
                        SNOW, ICE PELLETS, HAIL    4 = ICE PELLETS
                        TOTAL MONTH:    M          5 = HAIL
                        GRTST 24HR    M  ON   M    6 = FREEZING RAIN OR DRIZZLE
                        GRTST DEPTH:  M  ON   M    7 = DUSTSTORM OR SANDSTORM:
                                                       VSBY 1/2 MILE OR LESS
                                                   8 = SMOKE OR HAZE
[NO. OF DAYS WITH]      [WEATHER - DAYS WITH]      9 = BLOWING SNOW
                                                   X = TORNADO
MAX 32 OR BELOW:   0    0.01 INCH OR MORE:   5
MAX 90 OR ABOVE:   0    0.10 INCH OR MORE:   3
MIN 32 OR BELOW:   2    0.50 INCH OR MORE:   1
MIN  0 OR BELOW:   0    1.00 INCH OR MORE:   0

[HDD (BASE 65) ]
TOTAL THIS MO.   246    CLEAR  (SCALE 0-3)  24
DPTR FM NORMAL   -15    PTCLDY (SCALE 4-7)   4
TOTAL FM JUL 1   333    CLOUDY (SCALE 8-10)  3
DPTR FM NORMAL    30

[CDD (BASE 65) ]
TOTAL THIS MO.    15
DPTR FM NORMAL    -9    [PRESSURE DATA]
TOTAL FM JAN 1  1554    HIGHEST SLP 30.23 ON 28
DPTR FM NORMAL   202    LOWEST  SLP 29.64 ON 12

[REMARKS]
#FINAL-10-11#
