000
CXUS53 KSGF 162338
CF6UNO
PRELIMINARY LOCAL CLIMATOLOGICAL DATA (WS FORM: F-6)

                                          STATION:   WEST PLAINS MO
                                          MONTH:     NOVEMBER
                                          YEAR:      2011
                                          LATITUDE:   36 52 N
                                          LONGITUDE:  91 55 W

  TEMPERATURE IN F:       :PCPN:    SNOW:  WIND      :SUNSHINE: SKY     :PK WND
================================================================================
1   2   3   4   5  6A  6B    7    8   9   10  11  12  13   14  15   16   17  18
                                     12Z  AVG MX 2MIN
DY MAX MIN AVG DEP HDD CDD  WTR  SNW DPTH SPD SPD DIR MIN PSBL S-S WX    SPD DR
================================================================================

 1  70  46  58   6   7   0 0.00    M    M  8.5 18 180   M    M   0        25 200
 2  70  40  55   3  10   0 0.17    M    M  9.2 20 160   M    M   1 1      32 180
 3  55  37  46  -6  19   0 0.25    M    M 14.8 25 260   M    M  10 18     36 250
 4  55  43  49  -2  16   0 0.00    M    M  7.0 15 360   M    M   8        22  10
 5  55  45  50  -1  15   0 0.00    M    M  8.6 15 170   M    M   7 18     21 160
 6  59  49  54   3  11   0 0.00    M    M 10.0 20 160   M    M   8 1      26 180
 7  68  55  62  12   3   0    T    M    M  8.1 17 160   M    M   8        22 160
 8  64  56  60  10   5   0 1.82    M    M  7.4 21 310   M    M   9 13     28 300
 9  58  38  48  -2  17   0 0.01    M    M 12.2 25 290   M    M   6 1      36 320
10  52  30  41  -8  24   0 0.00    M    M  8.3 24 320   M    M   0        32 310
11  67  29  48  -1  17   0 0.00    M    M  8.5 22 220   M    M   0 8      29 230
12  60  43  52   4  13   0 0.00    M    M 11.6 25 190   M    M   2        37 190
13  75  57  66  18   0   1 0.00    M    M 13.1 24 230   M    M   2        38 220
14  77  50  64  16   1   0 0.09    M    M 11.2 24 240   M    M   4 1      35 220
15  60  51  56   9   9   0 0.23    M    M  4.6 15 160   M    M  10 1      21 150
16  57  33  45  -2  20   0 0.01    M    M 11.5 22  20   M    M   4 1      28  20
17  49  29  39  -7  26   0 0.00    M    M  5.5 13 280   M    M   2        16 320
18  54  33  44  -2  21   0 0.00    M    M 11.5 22 170   M    M   0        29 170
19  61  45  53   8  12   0 0.00    M    M  9.5 17 200   M    M  10        23 190
20  57  40  49   4  16   0 0.96    M    M  6.4 16 310   M    M   9 123    22 310
21  49  40  45   1  20   0 0.71    M    M  4.4 13  40   M    M  10 13     16  80
22  54  46  50   6  15   0 0.95    M    M  9.7 23  90   M    M  10 1      29 100
23  50  41  46   2  19   0 0.00    M    M  3.8 13 320   M    M   9 1      18 330
24  56  43  50   7  15   0 0.00    M    M  7.0 15 160   M    M   7 18     21 160
25  62  44  53  10  12   0 0.00    M    M 11.5 21 190   M    M   4 1      29 190
26  61  40  51   9  14   0 0.36    M    M 10.5 23 340   M    M  10 1      32 350
27  40  33  37  -5  28   0 0.02    M    M 11.4 20 340   M    M  10 1      28 330
28  37  32  35  -7  30   0 0.06    M    M 11.8 22 310   M    M  10 1      29 330
29  47  30  39  -2  26   0 0.01    M    M 12.7 23 320   M    M   2        31 330
30  48  21  35  -6  30   0 0.00    M    M  3.5  8 160   M    M   0        13 200
================================================================================
SM 1727 1219       471   1  5.65    M    273.8          M      172
================================================================================
AV 57.6 40.6                               9.1 FASTST   M    M   6    MAX(MPH)
                                 MISC ---->  # 25 260               # 38  220
================================================================================
NOTES:
# LAST OF SEVERAL OCCURRENCES

COLUMN 17 PEAK WIND IN M.P.H.

PRELIMINARY LOCAL CLIMATOLOGICAL DATA (WS FORM: F-6) , PAGE 2

                                          STATION:  WEST PLAINS MO
                                          MONTH:    NOVEMBER
                                          YEAR:     2011
                                          LATITUDE:   36 52 N
                                          LONGITUDE:  91 55 W

[TEMPERATURE DATA]      [PRECIPITATION DATA]       SYMBOLS USED IN COLUMN 16

AVERAGE MONTHLY: 49.1   TOTAL FOR MONTH:   5.65    1 = FOG OR MIST
DPTR FM NORMAL:   2.3   DPTR FM NORMAL:    1.07    2 = FOG REDUCING VISIBILITY
HIGHEST:    77 ON 14    GRTST 24HR  1.83 ON  8- 9      TO 1/4 MILE OR LESS
LOWEST:     21 ON 30                               3 = THUNDER
                        SNOW, ICE PELLETS, HAIL    4 = ICE PELLETS
                        TOTAL MONTH:    M          5 = HAIL
                        GRTST 24HR    M  ON   M    6 = FREEZING RAIN OR DRIZZLE
                        GRTST DEPTH:  M  ON   M    7 = DUSTSTORM OR SANDSTORM:
                                                       VSBY 1/2 MILE OR LESS
                                                   8 = SMOKE OR HAZE
[NO. OF DAYS WITH]      [WEATHER - DAYS WITH]      9 = BLOWING SNOW
                                                   X = TORNADO
MAX 32 OR BELOW:   0    0.01 INCH OR MORE:  14
MAX 90 OR ABOVE:   0    0.10 INCH OR MORE:   8
MIN 32 OR BELOW:   6    0.50 INCH OR MORE:   4
MIN  0 OR BELOW:   0    1.00 INCH OR MORE:   1

[HDD (BASE 65) ]
TOTAL THIS MO.   471    CLEAR  (SCALE 0-3)  10
DPTR FM NORMAL   -78    PTCLDY (SCALE 4-7)   9
TOTAL FM JUL 1   804    CLOUDY (SCALE 8-10) 11
DPTR FM NORMAL   -48

[CDD (BASE 65) ]
TOTAL THIS MO.     1
DPTR FM NORMAL    -1    [PRESSURE DATA]
TOTAL FM JAN 1  1555    HIGHEST SLP 30.42 ON 17
DPTR FM NORMAL   201    LOWEST  SLP 29.61 ON 13

[REMARKS]
#FINAL-11-11#
