000
CXUS53 KSGF 010800
CF6UNO
PRELIMINARY LOCAL CLIMATOLOGICAL DATA (WS FORM: F-6)

                                          STATION:   WEST PLAINS MO
                                          MONTH:     JULY
                                          YEAR:      2011
                                          LATITUDE:   36 52 N
                                          LONGITUDE:  91 55 W

  TEMPERATURE IN F:       :PCPN:    SNOW:  WIND      :SUNSHINE: SKY     :PK WND
================================================================================
1   2   3   4   5  6A  6B    7    8   9   10  11  12  13   14  15   16   17  18
                                     12Z  AVG MX 2MIN
DY MAX MIN AVG DEP HDD CDD  WTR  SNW DPTH SPD SPD DIR MIN PSBL S-S WX    SPD DR
================================================================================

 1  90  72  81   6   0  16 0.00    M    M  3.8 10 210   M    M   0 1      14 120
 2  93  69  81   6   0  16 0.16    M    M  2.9 12  30   M    M   0 138    15  30
 3  93  67  80   4   0  15 0.87    M    M  5.0 23  50   M    M   1 13     31  50
 4  87  68  78   2   0  13 0.61    M    M  4.6 22 330   M    M   1 138    28 250
 5  87  67  77   1   0  12 0.14    M    M  3.4 13 100   M    M   3 13     17  90
 6  92  69  81   5   0  16 0.00    M    M  3.0 13 150   M    M   2 13     16 110
 7  84  69  77   1   0  12 0.61    M    M  3.9 16  30   M    M   5 123    28  30
 8  85  68  77   1   0  12 0.00    M    M  4.7 13  10   M    M   6 1      17  20
 9  88  65  77   0   0  12 0.00    M    M  5.5 12 150   M    M   1 1      17 150
10  96  72  84   7   0  19 0.00    M    M  5.8 15 230   M    M   0 1      21 230
11  95  76  86   9   0  21 0.00    M    M  4.8 12 300   M    M   0        16 280
12  97  73  85   8   0  20    T    M    M  4.5 13  50   M    M   1 3      15 230
13  85  70  78   1   0  13 0.16    M    M  5.0 21  20   M    M   2 13     28  20
14  87  71  79   2   0  14 0.13    M    M  3.4 15 100   M    M   4 1      18  90
15  90  72  81   4   0  16 0.00    M    M  3.8 10 110   M    M   3 18     15 160
16  90  70  80   3   0  15 0.00    M    M  4.1  9 110   M    M   1 18     12 100
17  88  71  80   3   0  15 0.00    M    M  4.4 12 120   M    M   2 1      14 100
18  91  68  80   3   0  15 0.00    M    M  3.3  9 170   M    M   1 1      13 170
19  93  69  81   3   0  16 0.00    M    M  2.6 10 230   M    M   0        15 170
20  96  69  83   5   0  18 0.00    M    M  3.6 13 180   M    M   0        16 180
21  97  73  85   7   0  20 0.00    M    M  4.9  9 110   M    M   0        15 270
22  96  74  85   7   0  20 0.00    M    M  4.7 14 150   M    M   0        17 160
23  98  74  86   8   0  21 0.00    M    M  2.1 12 180   M    M   2 3      15 170
24  94  73  84   6   0  19 0.00    M    M  4.5 18 320   M    M   2 1      25 330
25  93  73  83   5   0  18 0.11  0.0    0  3.5 12 220   M    M   2 13     15 220
26  94  69  82   4   0  17 0.00  0.0    0  3.9 12 150   M    M   0 1      16 140
27  96  72  84   6   0  19 0.00  0.0    0  6.4 17 160   M    M   0 1      22 160
28  96  73  85   7   0  20 0.00    M    M  5.6 13 120   M    M   1        17 120
29  96  73  85   7   0  20 0.00    M    M  3.8 14 160   M    M   1 138    17 150
30  97  70  84   6   0  19    T    M    M  1.6 20  20   M    M   1 18     25  20
31  94  70  82   4   0  17    T    M    M  1.5 12 330   M    M   3 18     16 340
================================================================================
SM 2858 2189         0 516  2.79     0.0 124.6          M       45
================================================================================
AV 92.2 70.6                               4.0 FASTST   M    M   1    MAX(MPH)
                                 MISC ---->  # 23  50               # 31   50
================================================================================
NOTES:
# LAST OF SEVERAL OCCURRENCES

COLUMN 17 PEAK WIND IN M.P.H.

PRELIMINARY LOCAL CLIMATOLOGICAL DATA (WS FORM: F-6) , PAGE 2

                                          STATION:  WEST PLAINS MO
                                          MONTH:    JULY
                                          YEAR:     2011
                                          LATITUDE:   36 52 N
                                          LONGITUDE:  91 55 W

[TEMPERATURE DATA]      [PRECIPITATION DATA]       SYMBOLS USED IN COLUMN 16

AVERAGE MONTHLY: 81.4   TOTAL FOR MONTH:   2.79    1 = FOG OR MIST
DPTR FM NORMAL:   4.3   DPTR FM NORMAL:   -0.34    2 = FOG REDUCING VISIBILITY
HIGHEST:    98 ON 23    GRTST 24HR  1.20 ON  3- 4      TO 1/4 MILE OR LESS
LOWEST:     65 ON  9                               3 = THUNDER
                        SNOW, ICE PELLETS, HAIL    4 = ICE PELLETS
                        TOTAL MONTH:   0.0 INCH    5 = HAIL
                        GRTST 24HR     0.0         6 = FREEZING RAIN OR DRIZZLE
                        GRTST DEPTH:   0           7 = DUSTSTORM OR SANDSTORM:
                                                       VSBY 1/2 MILE OR LESS
                                                   8 = SMOKE OR HAZE
[NO. OF DAYS WITH]      [WEATHER - DAYS WITH]      9 = BLOWING SNOW
                                                   X = TORNADO
MAX 32 OR BELOW:   0    0.01 INCH OR MORE:   8
MAX 90 OR ABOVE:  23    0.10 INCH OR MORE:   8
MIN 32 OR BELOW:   0    0.50 INCH OR MORE:   3
MIN  0 OR BELOW:   0    1.00 INCH OR MORE:   0

[HDD (BASE 65) ]
TOTAL THIS MO.     0    CLEAR  (SCALE 0-3)  28
DPTR FM NORMAL     0    PTCLDY (SCALE 4-7)   3
TOTAL FM JUL 1     0    CLOUDY (SCALE 8-10)  0
DPTR FM NORMAL     0

[CDD (BASE 65) ]
TOTAL THIS MO.   516
DPTR FM NORMAL   141    [PRESSURE DATA]
TOTAL FM JAN 1  1034    HIGHEST SLP M ON M
DPTR FM NORMAL   349    LOWEST  SLP 29.73 ON  7

[REMARKS]
#FINAL-07-11#
