000
CXUS53 KSGF 010800
CF6UNO
PRELIMINARY LOCAL CLIMATOLOGICAL DATA (WS FORM: F-6)

                                          STATION:   WEST PLAINS MO
                                          MONTH:     AUGUST
                                          YEAR:      2011
                                          LATITUDE:   36 52 N
                                          LONGITUDE:  91 55 W

  TEMPERATURE IN F:       :PCPN:    SNOW:  WIND      :SUNSHINE: SKY     :PK WND
================================================================================
1   2   3   4   5  6A  6B    7    8   9   10  11  12  13   14  15   16   17  18
                                     12Z  AVG MX 2MIN
DY MAX MIN AVG DEP HDD CDD  WTR  SNW DPTH SPD SPD DIR MIN PSBL S-S WX    SPD DR
================================================================================

 1  99  71  85   7   0  20 0.00    M    M  3.5 10 130   M    M   1 18     14 120
 2 104  76  90  12   0  25 0.00    M    M  5.2 12 180   M    M   0 18     21  30
 3 108  79  94  16   0  29 0.00    M    M  7.6 15 280   M    M   0        20 280
 4  88  72  80   2   0  15 0.35    M    M  5.7 17 360   M    M   2 13     25 360
 5  86  71  79   1   0  14 1.05    M    M  6.3 22  10   M    M   4 123    31  20
 6  99  74  87   9   0  22 0.54    M    M  6.8 20 320   M    M   2 13     24 320
 7  98  67  83   5   0  18 0.96    M    M  5.8 40 360   M    M   3 13     68 350
 8  82  69  76  -2   0  11 0.27    M    M  6.1 22 330   M    M   3 13     30 320
 9  89  67  78   0   0  13 0.01    M    M  4.2 15 260   M    M   3 12     23 280
10  85  68  77  -1   0  12 0.04    M    M  3.8 18 260   M    M   1 1      28 270
11  81  67  74  -4   0   9 0.00    M    M  3.6 10  80   M    M   3 1      24 350
12  89  66  78   0   0  13 0.01    M    M  5.1 22 350   M    M   3 123    26  10
13  88  67  78   0   0  13    T    M    M  4.0 12 310   M    M   2 1      20 320
14  83  62  73  -5   0   8 0.00    M    M  5.2 15 360   M    M   1        20  10
15  82  59  71  -7   0   6 0.02    M    M  2.3  8  90   M    M   2        10 100
16  75  65  70  -8   0   5 0.52    M    M  4.8 15 180   M    M   5 13     21 160
17  90  68  79   1   0  14 0.00    M    M  4.8 14 160   M    M   2 13     20 120
18  90  71  81   4   0  16 0.17    M    M  4.2 20 240   M    M   2 138    28 250
19  89  68  79   2   0  14 0.42    M    M  6.6 23 330   M    M   2 13     32 320
20  88  71  80   3   0  15 0.03    M    M  6.1 23 360   M    M   2 13     31 230
21  91  69  80   3   0  15 0.00    M    M  1.9  9 270   M    M   2 13     13  20
22  92  69  81   4   0  16 1.25    M    M  3.6 24 180   M    M   2 13     38 170
23  89  68  79   2   0  14 0.00    M    M  4.4 13 230   M    M   0 1      21 340
24  88  68  78   2   0  13 0.27    M    M  7.0 36  30   M    M   3 13     48  30
25  85  64  75  -1   0  10 0.00    M    M  5.9 15  20   M    M   0        20  20
26  86  58  72  -4   0   7 0.00    M    M  2.3  9  50   M    M   0        13  60
27  90  65  78   2   0  13 0.00    M    M  4.2 12 320   M    M   0        16 320
28  87  64  76   0   0  11 0.00    M    M  2.9  9  50   M    M   1        12  40
29  80  63  72  -3   0   7 0.00  0.0    0  4.3 13 100   M    M   5        16 100
30  88  62  75   0   0  10 0.00  0.0    0  5.4 14 130   M    M   1        18 120
31  93  73  83   8   0  18 0.00  0.0    0  5.9 13 120   M    M   2        17 140
================================================================================
SM 2762 2101         0 426  5.91     0.0 149.5          M       59
================================================================================
AV 89.1 67.8                               4.8 FASTST   M    M   2    MAX(MPH)
                                 MISC ---->  # 40 360               # 68  350
================================================================================
NOTES:
# LAST OF SEVERAL OCCURRENCES

COLUMN 17 PEAK WIND IN M.P.H.

PRELIMINARY LOCAL CLIMATOLOGICAL DATA (WS FORM: F-6) , PAGE 2

                                          STATION:  WEST PLAINS MO
                                          MONTH:    AUGUST
                                          YEAR:     2011
                                          LATITUDE:   36 52 N
                                          LONGITUDE:  91 55 W

[TEMPERATURE DATA]      [PRECIPITATION DATA]       SYMBOLS USED IN COLUMN 16

AVERAGE MONTHLY: 78.4   TOTAL FOR MONTH:   5.91    1 = FOG OR MIST
DPTR FM NORMAL:   1.2   DPTR FM NORMAL:    2.68    2 = FOG REDUCING VISIBILITY
HIGHEST:   108 ON  3    GRTST 24HR  1.33 ON  6- 7      TO 1/4 MILE OR LESS
LOWEST:     58 ON 26                               3 = THUNDER
                        SNOW, ICE PELLETS, HAIL    4 = ICE PELLETS
                        TOTAL MONTH:   0.0 INCH    5 = HAIL
                        GRTST 24HR     0.0         6 = FREEZING RAIN OR DRIZZLE
                        GRTST DEPTH:   0           7 = DUSTSTORM OR SANDSTORM:
                                                       VSBY 1/2 MILE OR LESS
                                                   8 = SMOKE OR HAZE
[NO. OF DAYS WITH]      [WEATHER - DAYS WITH]      9 = BLOWING SNOW
                                                   X = TORNADO
MAX 32 OR BELOW:   0    0.01 INCH OR MORE:  15
MAX 90 OR ABOVE:  11    0.10 INCH OR MORE:  10
MIN 32 OR BELOW:   0    0.50 INCH OR MORE:   5
MIN  0 OR BELOW:   0    1.00 INCH OR MORE:   2

[HDD (BASE 65) ]
TOTAL THIS MO.     0    CLEAR  (SCALE 0-3)  25
DPTR FM NORMAL    -1    PTCLDY (SCALE 4-7)   6
TOTAL FM JUL 1     0    CLOUDY (SCALE 8-10)  0
DPTR FM NORMAL    -1

[CDD (BASE 65) ]
TOTAL THIS MO.   426
DPTR FM NORMAL    47    [PRESSURE DATA]
TOTAL FM JAN 1  1460    HIGHEST SLP M ON M
DPTR FM NORMAL   288    LOWEST  SLP 29.70 ON  8

[REMARKS]
#FINAL-08-11#
