000
CXUS53 KSGF 010800
CF6UNO
PRELIMINARY LOCAL CLIMATOLOGICAL DATA (WS FORM: F-6)

                                          STATION:   WEST PLAINS MO
                                          MONTH:     MAY
                                          YEAR:      2011
                                          LATITUDE:   36 52 N
                                          LONGITUDE:  91 55 W

  TEMPERATURE IN F:       :PCPN:    SNOW:  WIND      :SUNSHINE: SKY     :PK WND
================================================================================
1   2   3   4   5  6A  6B    7    8   9   10  11  12  13   14  15   16   17  18
                                     12Z  AVG MX 2MIN
DY MAX MIN AVG DEP HDD CDD  WTR  SNW DPTH SPD SPD DIR MIN PSBL S-S WX    SPD DR
================================================================================

 1  61  43  52  -8  13   0 2.08    M    M 10.1 22  30   M    M   M 123    29  40
 2  47  43  45 -15  20   0 0.59    M    M  8.3 17  10   M    M   M 13     23  20
 3  64  39  52  -8  13   0 0.00    M    M  6.7 18 310   M    M   M 1      28 300
 4  70  33  52  -8  13   0 0.00    M    M  3.0 10 140   M    M   M        15 140
 5  68  43  56  -5   9   0 0.23    M    M  5.8 20 290   M    M   M 1      29 280
 6  69  46  58  -3   7   0 0.00    M    M  5.8 13 190   M    M   3 12     17 190
 7  75  53  64   3   1   0 0.37    M    M  5.4 25 360   M    M   2 13     35 360
 8  84  55  70   9   0   5 0.01    M    M  6.7 16 160   M    M   1 1      23 140
 9  84  65  75  13   0  10 0.00    M    M  9.5 18 160   M    M   1 1      25 180
10  82  69  76  14   0  11 0.00    M    M  7.4 15 180   M    M   0 1      22 180
11  83  66  75  13   0  10 0.00    M    M  5.8 16 160   M    M   0 1      21 150
12  83  61  72   9   0   7 0.96    M    M  5.9 31 230   M    M   1 13     45 220
13  70  51  61  -2   4   0 0.04    M    M  9.3 20 310   M    M   9 1      31 330
14  53  47  50 -13  15   0 0.00    M    M 11.0 18 310   M    M  10 1      26 320
15  57  45  51 -12  14   0 0.03    M    M 11.4 18 340   M    M  10 18     26 320
16  66  45  56  -8   9   0 0.01    M    0  8.3 17  30   M    M   3 1      24  30
17  67  40  54 -10  11   0 0.00    M    M  4.5 14 300   M    M   0        17 360
18  64  39  52 -12  13   0    T    M    M  3.9 10 110   M    M   3        14 130
19  76  57  67   2   0   2 0.00    M    M  8.5 17 170   M    M   6        22 160
20  77  62  70   5   0   5 1.89    M    M  8.6 20 200   M    M   5 13     29 210
21  78  61  70   5   0   5 0.03    M    M  8.0 16 190   M    M   4 1      21 210
22  75  61  68   3   0   3 1.03    M    M  9.7 29 320   M    M   6 138    44 280
23  76  59  68   2   0   3 1.35  0.0    0  9.2 32 200   M    M   6 13     56 200
24  80  56  68   2   0   3 0.00    M    M  6.4 16 160   M    M   4 1      21 170
25  81  58  70   4   0   5 0.59  0.0    0 12.9 28 260   M    M   4 13     39 270
26  60  53  57  -9   8   0    T  0.0    0  8.8 20 280   M    M  10 1      28 270
27  63  53  58  -9   7   0 0.11    M    M  5.0 15 110   M    M  10 13     20 150
28  82  57  70   3   0   5 0.00    M    M  6.6 20 160   M    M   7 1      24 170
29  86  67  77  10   0  12 0.00    M    M 10.7 21 190   M    M   0        30 200
30  85  69  77   9   0  12 0.00    M    M 11.4 21 170   M    M   1        28 190
31  84  68  76   8   0  11 0.00    M    M  6.0 14 210   M    M   1        21 200
================================================================================
SM 2250 1664       157 109  9.32     0.0 240.6          M      107
================================================================================
AV 72.6 53.7                               7.8 FASTST   M    M   4    MAX(MPH)
                                 MISC ---->  # 32 200               # 56  200
================================================================================
NOTES:
# LAST OF SEVERAL OCCURRENCES

COLUMN 17 PEAK WIND IN M.P.H.

PRELIMINARY LOCAL CLIMATOLOGICAL DATA (WS FORM: F-6) , PAGE 2

                                          STATION:  WEST PLAINS MO
                                          MONTH:    MAY
                                          YEAR:     2011
                                          LATITUDE:   36 52 N
                                          LONGITUDE:  91 55 W

[TEMPERATURE DATA]      [PRECIPITATION DATA]       SYMBOLS USED IN COLUMN 16

AVERAGE MONTHLY: 63.1   TOTAL FOR MONTH:   9.32    1 = FOG OR MIST
DPTR FM NORMAL:  -0.6   DPTR FM NORMAL:    4.70    2 = FOG REDUCING VISIBILITY
HIGHEST:    86 ON 29    GRTST 24HR  2.21 ON 22-23      TO 1/4 MILE OR LESS
LOWEST:     33 ON  4                               3 = THUNDER
                        SNOW, ICE PELLETS, HAIL    4 = ICE PELLETS
                        TOTAL MONTH:   0.0 INCH    5 = HAIL
                        GRTST 24HR     0.0         6 = FREEZING RAIN OR DRIZZLE
                        GRTST DEPTH:   0           7 = DUSTSTORM OR SANDSTORM:
                                                       VSBY 1/2 MILE OR LESS
                                                   8 = SMOKE OR HAZE
[NO. OF DAYS WITH]      [WEATHER - DAYS WITH]      9 = BLOWING SNOW
                                                   X = TORNADO
MAX 32 OR BELOW:   0    0.01 INCH OR MORE:  15
MAX 90 OR ABOVE:   0    0.10 INCH OR MORE:  10
MIN 32 OR BELOW:   0    0.50 INCH OR MORE:   7
MIN  0 OR BELOW:   0    1.00 INCH OR MORE:   4

[HDD (BASE 65) ]
TOTAL THIS MO.   157    CLEAR  (SCALE 0-3)  12
DPTR FM NORMAL    35    PTCLDY (SCALE 4-7)   9
TOTAL FM JUL 1  4386    CLOUDY (SCALE 8-10)  5
DPTR FM NORMAL  -310

[CDD (BASE 65) ]
TOTAL THIS MO.   109
DPTR FM NORMAL    27    [PRESSURE DATA]
TOTAL FM JAN 1   145    HIGHEST SLP 30.26 ON  5
DPTR FM NORMAL    54    LOWEST  SLP 29.42 ON 25

[REMARKS]
#FINAL-05-11#
