000
CXUS53 KSGF 011409
CF6UNO
PRELIMINARY LOCAL CLIMATOLOGICAL DATA (WS FORM: F-6)

                                          STATION:   WEST PLAINS MO
                                          MONTH:     NOVEMBER
                                          YEAR:      2015
                                          LATITUDE:   36 52 N
                                          LONGITUDE:  91 55 W

  TEMPERATURE IN F:       :PCPN:    SNOW:  WIND      :SUNSHINE: SKY     :PK WND
================================================================================
1   2   3   4   5  6A  6B    7    8   9   10  11  12  13   14  15   16   17  18
                                     12Z  AVG MX 2MIN
DY MAX MIN AVG DEP HDD CDD  WTR  SNW DPTH SPD SPD DIR MIN PSBL S-S WX    SPD DR
================================================================================

 1  70  45  58   6   7   0 0.00    M    M  1.6  8 160   M    M   0 128    11 160
 2  72  47  60   8   5   0 0.00    M    M  1.7  8 200   M    M   5 128    10 130
 3  68  52  60   8   5   0 0.00    M    M  3.5 10 170   M    M   6 12     13 180
 4  68  57  63  12   2   0 0.00    M    M  5.9 13 180   M    M  10 12     20 200
 5  67  59  63  12   2   0 2.47    M    M  8.8 18 220   M    M   8 13     26 280
 6  65  47  56   5   9   0    T    M    M  6.3 15  10   M    M   3        21  10
 7  64  40  52   2  13   0 0.00    M    M  6.6 16  20   M    M   0        23  10
 8  59  32  46  -4  19   0 0.00    M    M  2.9 13 120   M    M   0        16 110
 9  61  31  46  -4  19   0 0.00    M    M  1.0 10  10   M    M   0        13  10
10  68  33  51   2  14   0 0.00    M    M  5.1 14 160   M    M   0        18 210
11  66  48  57   8   8   0 0.31    M    M 11.6 26 270   M    M   5 138    37 270
12  62  40  51   3  14   0 0.00    M    M 11.7 26 270   M    M   0        35 270
13  63  33  48   0  17   0 0.00    M    M  3.1 15 270   M    M   0 8      20 270
14  67  36  52   4  13   0 0.00    M    M  5.7 15 200   M    M   0        19 210
15  58  39  49   2  16   0    T    M    M  6.1 13 190   M    M   2        22 160
16  57  46  52   5  13   0 1.62    M    M  9.7 16 130   M    M  10 12     21 130
17  68  55  62  16   3   0 3.84    M    M 12.3 30 150   M    M   9 123    43 120
18  56  45  51   5  14   0 0.00    M    M 11.4 21 230   M    M   3        29 180
19  58  31  45   0  20   0 0.00    M    M  6.2 16 340   M    M   0        21 340
20  56  30  43  -2  22   0    T    M    M  7.6 21 120   M    M   2        27 130
21  49  24  37  -7  28   0 0.08    M    M  9.7 26 320   M    M   7 1      37 340
22  45  18  32 -12  33   0 0.00    M    M  4.2 13 230   M    M   0        16 210
23  62  32  47   3  18   0 0.00    M    M  7.3 15 260   M    M   0        20 260
24  61  33  47   4  18   0 0.00    M    M  7.0 17 160   M    M   0        23 150
25  55  43  49   6  16   0    T    M    M  9.4 14 160   M    M   9        20 170
26  63  54  59  17   6   0    T    M    M 11.3 18 170   M    M   9        25 180
27  65  40  53  11  12   0 2.02    M    M 11.2 20 190   M    M  10 1      29 190
28  40  38  39  -3  26   0 0.39    M    M  9.8 16  10   M    M  10 1      22  10
29  42  38  40  -1  25   0 0.14    M    M  6.1 16  20   M    M  10 1      19  10
30  48  41  45   4  20   0 0.01    M    M  5.1 13 280   M    M  10 12     17 280
================================================================================
SM 1803 1207       437   0 10.88    M    209.9          M      128
================================================================================
AV 60.1 40.2                               7.0 FASTST   M    M   4    MAX(MPH)
                                 MISC ---->  # 30 150               # 43  120
================================================================================
NOTES:
# LAST OF SEVERAL OCCURRENCES

COLUMN 17 PEAK WIND IN M.P.H.

PRELIMINARY LOCAL CLIMATOLOGICAL DATA (WS FORM: F-6) , PAGE 2

                                          STATION:  WEST PLAINS MO
                                          MONTH:    NOVEMBER
                                          YEAR:     2015
                                          LATITUDE:   36 52 N
                                          LONGITUDE:  91 55 W

[TEMPERATURE DATA]      [PRECIPITATION DATA]       SYMBOLS USED IN COLUMN 16

AVERAGE MONTHLY: 50.2   TOTAL FOR MONTH:  10.88    1 = FOG OR MIST
DPTR FM NORMAL:   3.4   DPTR FM NORMAL:    6.30    2 = FOG REDUCING VISIBILITY
HIGHEST:    72 ON  2    GRTST 24HR  4.67 ON 16-17      TO 1/4 MILE OR LESS
LOWEST:     18 ON 22                               3 = THUNDER
                        SNOW, ICE PELLETS, HAIL    4 = ICE PELLETS
                        TOTAL MONTH:    M          5 = HAIL
                        GRTST 24HR    M  ON   M    6 = FREEZING RAIN OR DRIZZLE
                        GRTST DEPTH:  M  ON   M    7 = DUSTSTORM OR SANDSTORM:
                                                       VSBY 1/2 MILE OR LESS
                                                   8 = SMOKE OR HAZE
[NO. OF DAYS WITH]      [WEATHER - DAYS WITH]      9 = BLOWING SNOW
                                                   X = TORNADO
MAX 32 OR BELOW:   0    0.01 INCH OR MORE:   9
MAX 90 OR ABOVE:   0    0.10 INCH OR MORE:   7
MIN 32 OR BELOW:   7    0.50 INCH OR MORE:   4
MIN  0 OR BELOW:   0    1.00 INCH OR MORE:   4

[HDD (BASE 65) ]
TOTAL THIS MO.   437    CLEAR  (SCALE 0-3)  16
DPTR FM NORMAL  -112    PTCLDY (SCALE 4-7)   4
TOTAL FM JUL 1   635    CLOUDY (SCALE 8-10) 10
DPTR FM NORMAL  -217

[CDD (BASE 65) ]
TOTAL THIS MO.     0
DPTR FM NORMAL    -2    [PRESSURE DATA]
TOTAL FM JAN 1  1366    HIGHEST SLP 30.43 ON  8
DPTR FM NORMAL    12    LOWEST  SLP 29.47 ON 17

[REMARKS]
#FINAL-11-15#
