000
CXUS53 KSGF 181501
CF6UNO
PRELIMINARY LOCAL CLIMATOLOGICAL DATA (WS FORM: F-6)

                                          STATION:   WEST PLAINS MO
                                          MONTH:     APRIL
                                          YEAR:      2014
                                          LATITUDE:   36 52 N
                                          LONGITUDE:  91 55 W

  TEMPERATURE IN F:       :PCPN:    SNOW:  WIND      :SUNSHINE: SKY     :PK WND
================================================================================
1   2   3   4   5  6A  6B    7    8   9   10  11  12  13   14  15   16   17  18
                                     12Z  AVG MX 2MIN
DY MAX MIN AVG DEP HDD CDD  WTR  SNW DPTH SPD SPD DIR MIN PSBL S-S WX    SPD DR
================================================================================

 1  72  44  58   5   7   0 0.00    M    M  6.8 15 170   M    M   2 1      22 170
 2  70  55  63  10   2   0    T    M    M  9.8 20 180   M    M  10 13     26 170
 3  77  55  66  12   0   1 1.11    M    M 11.7 24 220   M    M   8 13     31 250
 4  57  37  47  -7  18   0 0.02    M    M 10.8 21 310   M    M   8        29 300
 5  58  30  44 -10  21   0 0.00    M    M  3.5 12 110   M    M   0        15 110
 6  56  39  48  -7  17   0    T    M    M  4.8 14 140   M    M   4        18 160
 7  60  39  50  -5  15   0 0.67    M    M  8.3 18 350   M    M   7 1      26 340
 8  61  39  50  -5  15   0    T    M    M  9.5 26 320   M    M   5        35 350
 9  67  34  51  -5  14   0 0.00    M    M  6.8 16 270   M    M   0        23 270
10  83  52  68  12   0   3 0.00    M    M 10.9 25 210   M    M   1        36 230
11  75  50  63   7   2   0    T    M    M  4.9 14 120   M    M   1 3      20 140
12  76  60  68  12   0   3 0.00    M    M 12.5 22 170   M    M   4        30 170
13  67  55  61   4   4   0 1.55    M    M 11.9 29 240   M    M   7 1238   41 240
14  55  32  44 -13  21   0    T    M    M 13.1 22 340   M    M   8        32 320
15  53  27  40 -17  25   0 0.00    M    M  6.2 15  10   M    M   0        23 320
16  56  34  45 -13  20   0 0.00    M    M 10.3 22 170   M    M   0        29 150
17  67  38  53  -5  12   0 0.00    M    M  4.5 10 160   M    M   1        14 200
18  73  44  59   1   6   0 0.00    M    M  4.0 12 120   M    M   3        16  50
19  75  42  59   1   6   0 0.00    M    M  4.5 13 180   M    M   0        17 190
20  77  47  62   3   3   0 0.00    M    M  3.9 13 180   M    M   0        20 200
21  70  59  65   6   0   0 0.04    M    M  5.9 16 260   M    M   8 1      21 260
22  74  48  61   2   4   0 0.00    M    M  8.7 17  30   M    M   1        24  10
23  74  44  59  -1   6   0 0.00    M    M  7.9 15 120   M    M   0        21 140
24  73  54  64   4   1   0 0.01    M    M 10.4 20 190   M    M   3 38     27 220
25  76  46  61   1   4   0 0.00    M    M  7.0 18 310   M    M   1        27 320
26  78  45  62   2   3   0    T    M    M  8.0 18 160   M    M   1        25 140
27  73  60  67   6   0   2 0.62    M    M 11.9 24 250   M    M   6 13     39 230
28  74  54  64   3   1   0 0.08    M    M 10.7 25 230   M    M   3 13     39 230
29  65  46  56  -5   9   0 0.00    M    M 14.3 28 250   M    M   3        38 250
30  57  41  49 -12  16   0    T    M    M  8.6 17 280   M    M   9 1      25 270
================================================================================
SM 2049 1350       252   9  4.10    M    252.1          M      104
================================================================================
AV 68.3 45.0                               8.4 FASTST   M    M   3    MAX(MPH)
                                 MISC ---->  # 29 240               # 41  240
================================================================================
NOTES:
# LAST OF SEVERAL OCCURRENCES

COLUMN 17 PEAK WIND IN M.P.H.

PRELIMINARY LOCAL CLIMATOLOGICAL DATA (WS FORM: F-6) , PAGE 2

                                          STATION:  WEST PLAINS MO
                                          MONTH:    APRIL
                                          YEAR:     2014
                                          LATITUDE:   36 52 N
                                          LONGITUDE:  91 55 W

[TEMPERATURE DATA]      [PRECIPITATION DATA]       SYMBOLS USED IN COLUMN 16

AVERAGE MONTHLY: 56.7   TOTAL FOR MONTH:   4.10    1 = FOG OR MIST
DPTR FM NORMAL:  -0.8   DPTR FM NORMAL:   -0.38    2 = FOG REDUCING VISIBILITY
HIGHEST:    83 ON 10    GRTST 24HR  1.55 ON 13-13      TO 1/4 MILE OR LESS
LOWEST:     27 ON 15                               3 = THUNDER
                        SNOW, ICE PELLETS, HAIL    4 = ICE PELLETS
                        TOTAL MONTH:    M          5 = HAIL
                        GRTST 24HR    M  ON   M    6 = FREEZING RAIN OR DRIZZLE
                        GRTST DEPTH:  M  ON   M    7 = DUSTSTORM OR SANDSTORM:
                                                       VSBY 1/2 MILE OR LESS
                                                   8 = SMOKE OR HAZE
[NO. OF DAYS WITH]      [WEATHER - DAYS WITH]      9 = BLOWING SNOW
                                                   X = TORNADO
MAX 32 OR BELOW:   0    0.01 INCH OR MORE:   8
MAX 90 OR ABOVE:   0    0.10 INCH OR MORE:   4
MIN 32 OR BELOW:   3    0.50 INCH OR MORE:   4
MIN  0 OR BELOW:   0    1.00 INCH OR MORE:   2

[HDD (BASE 65) ]
TOTAL THIS MO.   252    CLEAR  (SCALE 0-3)  18
DPTR FM NORMAL     0    PTCLDY (SCALE 4-7)   8
TOTAL FM JUL 1  4752    CLOUDY (SCALE 8-10)  4
DPTR FM NORMAL   490

[CDD (BASE 65) ]
TOTAL THIS MO.     9
DPTR FM NORMAL   -15    [PRESSURE DATA]
TOTAL FM JAN 1     9    HIGHEST SLP 30.28 ON 18
DPTR FM NORMAL   -19    LOWEST  SLP 29.41 ON 27

[REMARKS]
#FINAL-04-14#
