000
CXUS53 KSGF 010800
CF6UNO
PRELIMINARY LOCAL CLIMATOLOGICAL DATA (WS FORM: F-6)

                                          STATION:   WEST PLAINS MO
                                          MONTH:     JANUARY
                                          YEAR:      2011
                                          LATITUDE:   36 52 N
                                          LONGITUDE:  91 55 W

  TEMPERATURE IN F:       :PCPN:    SNOW:  WIND      :SUNSHINE: SKY     :PK WND
================================================================================
1   2   3   4   5  6A  6B    7    8   9   10  11  12  13   14  15   16   17  18
                                     12Z  AVG MX 2MIN
DY MAX MIN AVG DEP HDD CDD  WTR  SNW DPTH SPD SPD DIR MIN PSBL S-S WX    SPD DR
================================================================================

 1  34  20  27  -5  38   0 0.00    M    M  8.3 17 280   M    M   3        22 280
 2  39  14  27  -4  38   0 0.00    M    M  4.6 12 260   M    M   0        16 270
 3  46  17  32   1  33   0 0.00  0.0    0  5.4 16 160   M    M   0        22 160
 4  45  22  34   3  31   0 0.00  0.0    0  4.0 14 360   M    M   1        18  10
 5  48  32  40   9  25   0    T  0.0    0  5.1 12 250   M    M   6        14 280
 6  50  24  37   6  28   0 0.00    M    M  7.9 21 300   M    M   1        29 310
 7  49  31  40   9  25   0 0.00    M    M 14.0 26 320   M    M   4        39 310
 8  32  17  25  -6  40   0 0.00    M    M  9.0 17 300   M    M   1        24 300
 9  27  16  22  -9  43   0    T    M    M  9.0 15 100   M    M   8        20  90
10  29  23  26  -5  39   0 0.02    M    M  5.6 14  90   M    M  10 18     18  90
11  27  10  19 -12  46   0    T    M    M 13.6 24 290   M    M   5 1      32 280
12  23   5  14 -17  51   0 0.00    M    M  8.4 16 310   M    M   2        25 310
13  32   4  18 -13  47   0 0.00    M    M  4.6 12 190   M    M   0 1      15 200
14  43  19  31   0  34   0 0.00    M    M  4.7 10 260   M    M   0        14 240
15  52  25  39   8  26   0 0.00    M    M  7.5 14  20   M    M   0 8      20 280
16  37  23  30  -1  35   0 0.00    M    M  4.2 12  50   M    M   1 18     13  60
17  43  25  34   3  31   0 0.07    M    M  5.7 12 170   M    M   8 128    15 170
18  42  27  35   4  30   0 0.09    M    M  7.8 15 350   M    M  10 12     20 320
19  36  24  30  -1  35   0 0.00    M    M  5.8 13  60   M    M   9        21  80
20  31  13  22  -9  43   0 0.22    M    M  6.4 16 340   M    M   6 128    22 340
21  25   7  16 -15  49   0 0.00    M    M  3.7  9 320   M    M   7        10 130
22  39  14  27  -4  38   0 0.00    M    M  3.5 10 250   M    M   5 1      14 260
23  37  31  34   3  31   0    T    M    M  6.4 15 180   M    M  10 1      21 150
24  41  25  33   1  32   0 0.00    M    M  3.8 10 280   M    M   6 1      13 220
25  40  23  32   0  33   0 0.00    M    M  5.5 13  10   M    M   3 1      16  20
26  51  20  36   4  29   0 0.00    M    M  4.2  9 360   M    M   1        13 360
27  53  19  36   4  29   0 0.00    M    M  6.5 16 250   M    M   0 18     22 220
28  57  28  43  11  22   0 0.00    M    M  5.2 10 220   M    M   0 1      15 240
29  65  37  51  18  14   0 0.00    M    M  5.4 12 170   M    M   0        15 180
30  46  33  40   7  25   0 0.00    M    M  8.1 15  50   M    M   8 8      20  30
31  41  36  39   6  26   0 0.00    M    0  5.4 13 120   M    M  10 128    17 120
================================================================================
SM 1260  664      1046   0  0.40     0.0 199.3          M      125
================================================================================
AV 40.6 21.4                               6.4 FASTST   M    M   4    MAX(MPH)
                                 MISC ---->  # 26 320               # 39  310
================================================================================
NOTES:
# LAST OF SEVERAL OCCURRENCES

COLUMN 17 PEAK WIND IN M.P.H.

PRELIMINARY LOCAL CLIMATOLOGICAL DATA (WS FORM: F-6) , PAGE 2

                                          STATION:  WEST PLAINS MO
                                          MONTH:    JANUARY
                                          YEAR:     2011
                                          LATITUDE:   36 52 N
                                          LONGITUDE:  91 55 W

[TEMPERATURE DATA]      [PRECIPITATION DATA]       SYMBOLS USED IN COLUMN 16

AVERAGE MONTHLY: 31.0   TOTAL FOR MONTH:   0.40    1 = FOG OR MIST
DPTR FM NORMAL:  -0.4   DPTR FM NORMAL:   -2.20    2 = FOG REDUCING VISIBILITY
HIGHEST:    65 ON 29    GRTST 24HR  0.48 ON 31- 1      TO 1/4 MILE OR LESS
LOWEST:      4 ON 13                               3 = THUNDER
                        SNOW, ICE PELLETS, HAIL    4 = ICE PELLETS
                        TOTAL MONTH:   0.0 INCH    5 = HAIL
                        GRTST 24HR     0.0         6 = FREEZING RAIN OR DRIZZLE
                        GRTST DEPTH:   0           7 = DUSTSTORM OR SANDSTORM:
                                                       VSBY 1/2 MILE OR LESS
                                                   8 = SMOKE OR HAZE
[NO. OF DAYS WITH]      [WEATHER - DAYS WITH]      9 = BLOWING SNOW
                                                   X = TORNADO
MAX 32 OR BELOW:   8    0.01 INCH OR MORE:   4
MAX 90 OR ABOVE:   0    0.10 INCH OR MORE:   1
MIN 32 OR BELOW:  28    0.50 INCH OR MORE:   0
MIN  0 OR BELOW:   0    1.00 INCH OR MORE:   0

[HDD (BASE 65) ]
TOTAL THIS MO.  1046    CLEAR  (SCALE 0-3)  15
DPTR FM NORMAL     4    PTCLDY (SCALE 4-7)  11
TOTAL FM JUL 1  2741    CLOUDY (SCALE 8-10)  5
DPTR FM NORMAL  -145

[CDD (BASE 65) ]
TOTAL THIS MO.     0
DPTR FM NORMAL     0    [PRESSURE DATA]
TOTAL FM JAN 1     0    HIGHEST SLP 30.14 ON M
DPTR FM NORMAL     0    LOWEST  SLP 29.59 ON  7

[REMARKS]
#FINAL-01-11#
