000
CXUS53 KSGF 010800
CF6UNO
PRELIMINARY LOCAL CLIMATOLOGICAL DATA (WS FORM: F-6)

                                          STATION:   WEST PLAINS MO
                                          MONTH:     APRIL
                                          YEAR:      2011
                                          LATITUDE:   36 52 N
                                          LONGITUDE:  91 55 W

  TEMPERATURE IN F:       :PCPN:    SNOW:  WIND      :SUNSHINE: SKY     :PK WND
================================================================================
1   2   3   4   5  6A  6B    7    8   9   10  11  12  13   14  15   16   17  18
                                     12Z  AVG MX 2MIN
DY MAX MIN AVG DEP HDD CDD  WTR  SNW DPTH SPD SPD DIR MIN PSBL S-S WX    SPD DR
================================================================================

 1  63  33  48  -3  17   0 0.00    M    M  7.2 21 280   M    M   4 12     28 270
 2  73  38  56   5   9   0 0.00    M    M  6.2 14 280   M    M   0        20 290
 3  83  55  69  18   0   4 0.00    M    M 14.9 24 200   M    M   0        37 210
 4  73  36  55   4  10   0 0.22    M    M 12.7 25 320   M    M   8 13     36 330
 5  65  29  47  -5  18   0 0.00    M    M  8.3 18 260   M    M   0        24 230
 6  75  46  61   9   4   0 0.00    M    M 10.7 25 210   M    M   0        36 180
 7  73  44  59   7   6   0 0.00    M    M  6.6 23 160   M    M   3        31 160
 8  85  54  70  17   0   5 0.00    M    M  5.4 15 160   M    M   1 1      21 160
 9  87  64  76  23   0  11 0.20    M    M 11.2 25 280   M    M   1 13     36 340
10  85  65  75  22   0  10 0.00  0.0    0 12.5 22 190   M    M   3        31 210
11  74  51  63   9   2   0 1.21  0.0    0  8.4 31 290   M    M   7 138    47 300
12  72  47  60   6   5   0 0.00    M    M  4.5 12 330   M    M   0        17  10
13  75  47  61   7   4   0 0.00    M    M  5.5 13 170   M    M   M        17 180
14  75  48  62   7   3   0    T    M    M 10.5 22 150   M    M   M        30 140
15  65  41  53  -2  12   0 1.16    M    M 12.3 28 240   M    M   M 13     38 240
16  58  39  49  -6  16   0 0.00    M    M 12.2 23 280   M    M   M        32 320
17  74  43  59   3   6   0 0.00    M    M 10.3 20 220   M    M   M        26 200
18  75  49  62   6   3   0 0.00  0.0    M  7.8 17 160   M    M   M 1      23 160
19  85  49  67  11   0   2 1.03    M    M 12.7 30 310   M    M   M 138    45 320
20  63  43  53  -3  12   0 0.00  0.0    M  9.0 14  50   M    M   M        23  10
21  63  46  55  -2  10   0 1.30    M    0 11.8 22  80   M    M   M 13     36  40
22  78  54  66   9   0   1 1.71    M    M  9.2 24 210   M    M   M 1238   40 200
23  66  52  59   2   6   0 2.18  0.0    M  6.1 17 120   M    M   M 13     24 120
24  63  54  59   1   6   0 2.05    M    M  3.5 22  20   M    M   M 123    30  10
25  62  55  59   1   6   0 3.49    M    M  7.1 21  80   M    M   M 13     25  70
26  70  52  61   3   4   0 0.64    M    M  8.8 33 260   M    M   M 13     49 270
27  55  43  49  -9  16   0 0.59    M    M  7.8 22 320   M    M   M 123    30 320
28  70  40  55  -4  10   0 0.00    M    M  9.6 23 280   M    M   M        31 300
29  76  45  61   2   4   0 0.00    M    M  8.5 18 150   M    M   M        25 150
30  68  58  63   4   2   0    T    M    M  9.8 20 190   M    M   M 1      30 190
================================================================================
SM 2149 1420       191  33 15.78     0.0 271.1          M       27
================================================================================
AV 71.6 47.3                               9.0 FASTST   M    M   2    MAX(MPH)
                                 MISC ---->  # 33 260               # 49  270
================================================================================
NOTES:
# LAST OF SEVERAL OCCURRENCES

COLUMN 17 PEAK WIND IN M.P.H.

PRELIMINARY LOCAL CLIMATOLOGICAL DATA (WS FORM: F-6) , PAGE 2

                                          STATION:  WEST PLAINS MO
                                          MONTH:    APRIL
                                          YEAR:     2011
                                          LATITUDE:   36 52 N
                                          LONGITUDE:  91 55 W

[TEMPERATURE DATA]      [PRECIPITATION DATA]       SYMBOLS USED IN COLUMN 16

AVERAGE MONTHLY: 59.5   TOTAL FOR MONTH:  15.78    1 = FOG OR MIST
DPTR FM NORMAL:   4.5   DPTR FM NORMAL:   11.43    2 = FOG REDUCING VISIBILITY
HIGHEST:    87 ON  9    GRTST 24HR  3.86 ON 24-25      TO 1/4 MILE OR LESS
LOWEST:     29 ON  5                               3 = THUNDER
                        SNOW, ICE PELLETS, HAIL    4 = ICE PELLETS
                        TOTAL MONTH:   0.0 INCH    5 = HAIL
                        GRTST 24HR     0.0         6 = FREEZING RAIN OR DRIZZLE
                        GRTST DEPTH:   0           7 = DUSTSTORM OR SANDSTORM:
                                                       VSBY 1/2 MILE OR LESS
                                                   8 = SMOKE OR HAZE
[NO. OF DAYS WITH]      [WEATHER - DAYS WITH]      9 = BLOWING SNOW
                                                   X = TORNADO
MAX 32 OR BELOW:   0    0.01 INCH OR MORE:  12
MAX 90 OR ABOVE:   0    0.10 INCH OR MORE:  12
MIN 32 OR BELOW:   1    0.50 INCH OR MORE:  10
MIN  0 OR BELOW:   0    1.00 INCH OR MORE:   8

[HDD (BASE 65) ]
TOTAL THIS MO.   191    CLEAR  (SCALE 0-3)   8
DPTR FM NORMAL  -118    PTCLDY (SCALE 4-7)   4
TOTAL FM JUL 1  4229    CLOUDY (SCALE 8-10)  0
DPTR FM NORMAL  -346

[CDD (BASE 65) ]
TOTAL THIS MO.    33
DPTR FM NORMAL    25    [PRESSURE DATA]
TOTAL FM JAN 1    36    HIGHEST SLP 30.06 ON  2
DPTR FM NORMAL    28    LOWEST  SLP 29.30 ON  3

[REMARKS]
#FINAL-04-11#
