000
CXUS53 KSGF 010800
CF6UNO
PRELIMINARY LOCAL CLIMATOLOGICAL DATA (WS FORM: F-6)

                                          STATION:   WEST PLAINS MO
                                          MONTH:     MARCH
                                          YEAR:      2011
                                          LATITUDE:   36 52 N
                                          LONGITUDE:  91 55 W

  TEMPERATURE IN F:       :PCPN:    SNOW:  WIND      :SUNSHINE: SKY     :PK WND
================================================================================
1   2   3   4   5  6A  6B    7    8   9   10  11  12  13   14  15   16   17  18
                                     12Z  AVG MX 2MIN
DY MAX MIN AVG DEP HDD CDD  WTR  SNW DPTH SPD SPD DIR MIN PSBL S-S WX    SPD DR
================================================================================

 1  62  24  43   2  22   0 0.00    M    M  3.4 13 190   M    M   0        17 180
 2  64  30  47   6  18   0 0.00    M    M  5.6 13  70   M    M   0        21 120
 3  66  32  49   7  16   0 0.00    M    M  7.7 20 190   M    M   0        25 180
 4  65  47  56  15   9   0 0.83    M    M 10.7 28 250   M    M   8 138    35 250
 5  53  31  42   0  23   0 0.04    M    M 12.4 21 340   M    M   9 1      30 340
 6  48  30  39  -3  26   0 0.00    M    M  6.6 16  20   M    M   5        20  30
 7  46  31  39  -4  26   0 0.00  0.0    0  9.4 15 120   M    M   9 1      22 110
 8  47  39  43   0  22   0 0.33    M    M  7.8 16 130   M    M  10 123    23 120
 9  47  37  42  -1  23   0 0.00    M    0 10.4 22 320   M    M  10 128    28 310
10  50  29  40  -4  25   0 0.00    M    M  9.9 20 320   M    M   6 8      30 320
11  64  26  45   1  20   0 0.00    M    M  7.0 18 180   M    M   0        25 150
12  69  41  55  11  10   0 0.00    M    M  5.5 13  30   M    M   2        16  30
13  58  41  50   5  15   0 0.18    M    M  9.5 20  60   M    M  10 13     25  60
14  41  33  37  -8  28   0 0.98    M    0 10.2 22  50   M    M  10 16     29  70
15  54  34  44  -1  21   0 0.00  0.0    0  6.8 15 280   M    M   6 1      21 290
16  65  30  48   3  17   0 0.00  0.0    0  6.0 15 180   M    M   2        20 170
17  74  48  61  15   4   0 0.00    M    M 10.0 21 230   M    M   2 8      29 210
18  73  50  62  16   3   0 0.00    M    M  7.0 18  30   M    M   6 1      24  20
19  63  47  55   9  10   0    T    M    M 10.5 18 330   M    M   7        25 340
20  79  44  62  15   3   0 0.00    M    M 10.0 22 200   M    M   0        30 190
21  79  55  67  20   0   2 0.00    M    M  7.3 15 180   M    M   3        20 180
22  72  60  66  19   0   1 0.00    M    M 11.0 22 200   M    M   1        33 190
23  76  47  62  14   3   0 0.00    M    M 13.4 30 270   M    M   0        41 280
24  47  34  41  -7  24   0 0.00    M    M  8.1 17  20   M    M   3 8      24 330
25  43  32  38 -10  27   0 0.23    M    M  8.7 15  80   M    M   8 1368   22  90
26  39  32  36 -13  29   0 0.62    M    M 11.8 18  60   M    M  10 13     25  50
27  48  30  39 -10  26   0    T    M    M 11.0 16  50   M    M   7 1      23  40
28  53  32  43  -6  22   0    T    M    M  8.1 14 120   M    M   5 1      18 120
29  45  36  41  -9  24   0 0.07    M    M  7.5 15  30   M    M  10 18     20  50
30  43  34  39 -11  26   0 0.00    M    M  6.2 15  30   M    M  10 18     22  20
31  49  35  42  -8  23   0    T    M    M  3.1 10 240   M    M  10 18     18 150
================================================================================
SM 1782 1151       545   3  3.28     0.0 262.6          M      169
================================================================================
AV 57.5 37.1                               8.5 FASTST   M    M   5    MAX(MPH)
                                 MISC ---->  # 30 270               # 41  280
================================================================================
NOTES:
# LAST OF SEVERAL OCCURRENCES

COLUMN 17 PEAK WIND IN M.P.H.

PRELIMINARY LOCAL CLIMATOLOGICAL DATA (WS FORM: F-6) , PAGE 2

                                          STATION:  WEST PLAINS MO
                                          MONTH:    MARCH
                                          YEAR:     2011
                                          LATITUDE:   36 52 N
                                          LONGITUDE:  91 55 W

[TEMPERATURE DATA]      [PRECIPITATION DATA]       SYMBOLS USED IN COLUMN 16

AVERAGE MONTHLY: 47.3   TOTAL FOR MONTH:   3.28    1 = FOG OR MIST
DPTR FM NORMAL:   1.8   DPTR FM NORMAL:   -1.52    2 = FOG REDUCING VISIBILITY
HIGHEST:    79 ON 21,20 GRTST 24HR  0.98 ON 14-14      TO 1/4 MILE OR LESS
LOWEST:     24 ON  1                               3 = THUNDER
                        SNOW, ICE PELLETS, HAIL    4 = ICE PELLETS
                        TOTAL MONTH:   0.0 INCH    5 = HAIL
                        GRTST 24HR     0.0         6 = FREEZING RAIN OR DRIZZLE
                        GRTST DEPTH:   0           7 = DUSTSTORM OR SANDSTORM:
                                                       VSBY 1/2 MILE OR LESS
                                                   8 = SMOKE OR HAZE
[NO. OF DAYS WITH]      [WEATHER - DAYS WITH]      9 = BLOWING SNOW
                                                   X = TORNADO
MAX 32 OR BELOW:   0    0.01 INCH OR MORE:   8
MAX 90 OR ABOVE:   0    0.10 INCH OR MORE:   6
MIN 32 OR BELOW:  13    0.50 INCH OR MORE:   3
MIN  0 OR BELOW:   0    1.00 INCH OR MORE:   0

[HDD (BASE 65) ]
TOTAL THIS MO.   545    CLEAR  (SCALE 0-3)  12
DPTR FM NORMAL   -60    PTCLDY (SCALE 4-7)   8
TOTAL FM JUL 1  4038    CLOUDY (SCALE 8-10) 11
DPTR FM NORMAL  -231

[CDD (BASE 65) ]
TOTAL THIS MO.     3
DPTR FM NORMAL     3    [PRESSURE DATA]
TOTAL FM JAN 1     3    HIGHEST SLP 30.31 ON  5
DPTR FM NORMAL     3    LOWEST  SLP 29.57 ON 23

[REMARKS]
#FINAL-03-11#
