000
CXUS53 KSGF 010800
CF6UNO
PRELIMINARY LOCAL CLIMATOLOGICAL DATA (WS FORM: F-6)

                                          STATION:   WEST PLAINS MO
                                          MONTH:     NOVEMBER
                                          YEAR:      2010
                                          LATITUDE:   36 52 N
                                          LONGITUDE:  91 55 W

  TEMPERATURE IN F:       :PCPN:    SNOW:  WIND      :SUNSHINE: SKY     :PK WND
================================================================================
1   2   3   4   5  6A  6B    7    8   9   10  11  12  13   14  15   16   17  18
                                     12Z  AVG MX 2MIN
DY MAX MIN AVG DEP HDD CDD  WTR  SNW DPTH SPD SPD DIR MIN PSBL S-S WX    SPD DR
================================================================================

 1  66  47  57   6   8   0 0.00    M    M  8.8 17  60   M    M   5        21  60
 2  65  48  57   7   8   0 0.00    M    M 11.3 16  20   M    M   6        21  50
 3  69  45  57   7   8   0 0.00    M    M  7.0 15 330   M    M   4        20 340
 4  58  41  50   0  15   0 0.00    M    M 14.5 26 320   M    M   2        38 320
 5  49  31  40  -9  25   0 0.00    M    M  8.5 17 320   M    M   0        23 320
 6  59  25  42  -7  23   0 0.00    M    M  3.0  8 250   M    M   0        12 290
 7  68  34  51   3  14   0 0.00    M    M  5.3 13 200   M    M   0        16 190
 8  71  44  58  10   7   0 0.00    M    M  7.8 15 200   M    M   0        20 190
 9  74  43  59  11   6   0 0.00    M    M  7.0 15 160   M    M   0        22 170
10  74  51  63  16   2   0 0.00    M    M  6.1 18 210   M    M   1        26 200
11  76  46  61  14   4   0 0.00    M    M  4.0 14 160   M    M   2 1      18 160
12  74  43  59  13   6   0 0.01    M    M  7.2 16 160   M    M   2        22 150
13  58  32  45  -1  20   0 0.08    M    M  8.0 20 280   M    M   8 1      26 280
14  54  27  41  -5  24   0 0.00    M    M  3.5 10 200   M    M   1        16 270
15  56  34  45   0  20   0 0.00    M    M  2.8 10 160   M    M   5        14 160
16  51  41  46   1  19   0 0.08    M    M  4.3 10 220   M    M   8 1      15  10
17  57  30  44  -1  21   0 0.50    M    M  3.1 13 160   M    M   7 12     17 150
18  47  39  43  -1  22   0 0.04    M    M  5.9 15  10   M    M  10 18     21 350
19  56  34  45   1  20   0 0.00    M    M  6.9 15 190   M    M   5 18     20 180
20  57  35  46   3  19   0 0.00    M    M  6.7 15 190   M    M   7 12     22 190
21  65  50  58  15   7   0 0.00    M    M 12.2 20 190   M    M  10 1      28 200
22  69  52  61  18   4   0 0.49    M    M 12.4 22 190   M    M  10 13     30 200
23  55  36  46   4  19   0 0.00    M    M 10.1 20 110   M    M   3 1      23 100
24  67  39  53  11  12   0 0.20    M    M  8.5 18 160   M    M  10 123    47 270
25  67  24  46   4  19   0 1.20    M    M  9.2 17 340   M    M   5 136    28 320
26  47  20  34  -7  31   0 0.00    M    M  7.7 18 260   M    M   0        24 270
27  56  27  42   1  23   0 0.00    M    M  3.4 10 300   M    M   0        17 320
28  55  30  43   2  22   0 0.00    M    M  9.0 20 160   M    M   0        28 130
29  49  35  42   2  23   0 0.38    M    0  9.9 18 280   M    M   9 12     26 160
30  35  26  31  -9  34   0 0.00  0.0    0 10.6 21 280   M    M   8        26 290
================================================================================
SM 1804 1109       485   0  2.98     0.0 224.7          M      128
================================================================================
AV 60.1 37.0                               7.5 FASTST   M    M   4    MAX(MPH)
                                 MISC ---->  # 26 320               # 47  270
================================================================================
NOTES:
# LAST OF SEVERAL OCCURRENCES

COLUMN 17 PEAK WIND IN M.P.H.

PRELIMINARY LOCAL CLIMATOLOGICAL DATA (WS FORM: F-6) , PAGE 2

                                          STATION:  WEST PLAINS MO
                                          MONTH:    NOVEMBER
                                          YEAR:     2010
                                          LATITUDE:   36 52 N
                                          LONGITUDE:  91 55 W

[TEMPERATURE DATA]      [PRECIPITATION DATA]       SYMBOLS USED IN COLUMN 16

AVERAGE MONTHLY: 48.6   TOTAL FOR MONTH:   2.98    1 = FOG OR MIST
DPTR FM NORMAL:   3.4   DPTR FM NORMAL:   -1.93    2 = FOG REDUCING VISIBILITY
HIGHEST:    76 ON 11    GRTST 24HR  1.20 ON 25-25      TO 1/4 MILE OR LESS
LOWEST:     20 ON 26                               3 = THUNDER
                        SNOW, ICE PELLETS, HAIL    4 = ICE PELLETS
                        TOTAL MONTH:   0.0 INCH    5 = HAIL
                        GRTST 24HR     0.0         6 = FREEZING RAIN OR DRIZZLE
                        GRTST DEPTH:   0           7 = DUSTSTORM OR SANDSTORM:
                                                       VSBY 1/2 MILE OR LESS
                                                   8 = SMOKE OR HAZE
[NO. OF DAYS WITH]      [WEATHER - DAYS WITH]      9 = BLOWING SNOW
                                                   X = TORNADO
MAX 32 OR BELOW:   0    0.01 INCH OR MORE:   9
MAX 90 OR ABOVE:   0    0.10 INCH OR MORE:   5
MIN 32 OR BELOW:  10    0.50 INCH OR MORE:   2
MIN  0 OR BELOW:   0    1.00 INCH OR MORE:   1

[HDD (BASE 65) ]
TOTAL THIS MO.   485    CLEAR  (SCALE 0-3)  14
DPTR FM NORMAL  -112    PTCLDY (SCALE 4-7)  11
TOTAL FM JUL 1   695    CLOUDY (SCALE 8-10)  5
DPTR FM NORMAL  -226

[CDD (BASE 65) ]
TOTAL THIS MO.     0
DPTR FM NORMAL     0    [PRESSURE DATA]
TOTAL FM JAN 1  1764    HIGHEST SLP 29.92 ON 15
DPTR FM NORMAL   580    LOWEST  SLP 29.58 ON 24

[REMARKS]
#FINAL-11-10#
