000
CXUS53 KSGF 031108
CF6UNO
PRELIMINARY LOCAL CLIMATOLOGICAL DATA (WS FORM: F-6)

                                          STATION:   WEST PLAINS MO
                                          MONTH:     FEBRUARY
                                          YEAR:      2011
                                          LATITUDE:   36 52 N
                                          LONGITUDE:  91 55 W

  TEMPERATURE IN F:       :PCPN:    SNOW:  WIND      :SUNSHINE: SKY     :PK WND
================================================================================
1   2   3   4   5  6A  6B    7    8   9   10  11  12  13   14  15   16   17  18
                                     12Z  AVG MX 2MIN
DY MAX MIN AVG DEP HDD CDD  WTR  SNW DPTH SPD SPD DIR MIN PSBL S-S WX    SPD DR
================================================================================

 1  41  16  29  -4  36   0 1.16    M    M 14.3 23 320   M    M  10 126    33 300
 2  18   9  14 -20  51   0 0.00    M    M  9.4 21 320   M    M   7 189    29 330
 3  27   4  16 -18  49   0 0.00    M    M  2.7 10  20   M    M   2        16  10
 4  31  23  27  -7  38   0 0.15    M    M  2.7  7  40   M    M  10 12     10  50
 5  34  21  28  -6  37   0 0.13    M    M  6.3 14 280   M    M   8 1      17 290
 6  43  26  35   0  30   0    T    M    M  4.9 14 350   M    M   7 1      18 360
 7  33  25  29  -6  36   0    T    M    M 10.9 21 340   M    M  10 18     28 360
 8  25  17  21 -14  44   0 0.00    M    M  7.7 15  40   M    M   7        18  40
 9  21  10  16 -19  49   0 0.03    M    M  8.0 16  40   M    M   9 1      18  30
10  31  -2  15 -21  50   0 0.00    M    M  6.1 14 230   M    M   0        18 270
11  45  13  29  -7  36   0 0.00    M    M  9.2 21 250   M    M   0        26 250
12  55  25  40   4  25   0 0.00    M    M  8.0 17 230   M    M   0        22 230
13  69  35  52  16  13   0 0.00    M    M  9.6 20 220   M    M   0        26 230
14  61  36  49  12  16   0 0.00    M    M  6.1 14 350   M    M   0        18 350
15  60  35  48  11  17   0 0.00    M    M  8.1 15 170   M    M   3        20 160
16  71  39  55  18  10   0 0.00    M    M  8.2 22 200   M    M   6 12     31 190
17  72  53  63  25   2   0 0.00    M    M 12.3 24 190   M    M   5        32 220
18  69  49  59  21   6   0 0.01    M    M  5.9 17  40   M    M   7 1      22  40
19  54  48  51  13  14   0    T    M    M 10.2 18 100   M    M  10        25 100
20  67  42  55  17  10   0 0.00    M    M  8.5 25 180   M    M   6        35 200
21  60  32  46   7  19   0 0.05    M    M  8.4 20 320   M    M   5 1      25 320
22  50  23  37  -2  28   0 0.00    M    M  5.7 13  20   M    M   0        18  20
23  49  30  40   1  25   0 0.02    M    M  7.9 14 150   M    M   7 18     18 160
24  46  35  41   2  24   0 1.77    M    M  8.4 21  30   M    M  10 138    26 340
25  35  32  34  -6  31   0    T    M    M  6.9 20 330   M    M  10 1      25 340
26  48  33  41   1  24   0 0.00    M    M  5.8 13 150   M    M   7 1      16 140
27  68  35  52  12  13   0 0.00    M    M  8.9 22 190   M    M   7 1      29 190
28  66  26  46   5  19   0 0.27    M    M 10.4 33 330   M    M   5 13     46 320
================================================================================
SM 1349  770       752   0  3.59    M    221.5          M      158
================================================================================
AV 48.2 27.5                               7.9 FASTST   M    M   6    MAX(MPH)
                                 MISC ---->  # 33 330               # 46  320
================================================================================
NOTES:
# LAST OF SEVERAL OCCURRENCES

COLUMN 17 PEAK WIND IN M.P.H.

PRELIMINARY LOCAL CLIMATOLOGICAL DATA (WS FORM: F-6) , PAGE 2

                                          STATION:  WEST PLAINS MO
                                          MONTH:    FEBRUARY
                                          YEAR:     2011
                                          LATITUDE:   36 52 N
                                          LONGITUDE:  91 55 W

[TEMPERATURE DATA]      [PRECIPITATION DATA]       SYMBOLS USED IN COLUMN 16

AVERAGE MONTHLY: 37.8   TOTAL FOR MONTH:   3.59    1 = FOG OR MIST
DPTR FM NORMAL:   0.9   DPTR FM NORMAL:    0.59    2 = FOG REDUCING VISIBILITY
HIGHEST:    72 ON 17    GRTST 24HR  1.77 ON 24-24      TO 1/4 MILE OR LESS
LOWEST:     -2 ON 10                               3 = THUNDER
                        SNOW, ICE PELLETS, HAIL    4 = ICE PELLETS
                        TOTAL MONTH:    M          5 = HAIL
                        GRTST 24HR    M  ON   M    6 = FREEZING RAIN OR DRIZZLE
                        GRTST DEPTH:  M  ON   M    7 = DUSTSTORM OR SANDSTORM:
                                                       VSBY 1/2 MILE OR LESS
                                                   8 = SMOKE OR HAZE
[NO. OF DAYS WITH]      [WEATHER - DAYS WITH]      9 = BLOWING SNOW
                                                   X = TORNADO
MAX 32 OR BELOW:   6    0.01 INCH OR MORE:   9
MAX 90 OR ABOVE:   0    0.10 INCH OR MORE:   5
MIN 32 OR BELOW:  17    0.50 INCH OR MORE:   2
MIN  0 OR BELOW:   1    1.00 INCH OR MORE:   2

[HDD (BASE 65) ]
TOTAL THIS MO.   752    CLEAR  (SCALE 0-3)   8
DPTR FM NORMAL   -36    PTCLDY (SCALE 4-7)  13
TOTAL FM JUL 1  3493    CLOUDY (SCALE 8-10)  7
DPTR FM NORMAL  -170

[CDD (BASE 65) ]
TOTAL THIS MO.     0
DPTR FM NORMAL     0    [PRESSURE DATA]
TOTAL FM JAN 1     0    HIGHEST SLP 30.64 ON  3
DPTR FM NORMAL     0    LOWEST  SLP 29.49 ON 27

[REMARKS]
#FINAL-02-11#
