000
CXUS53 KSGF 010800
CF6UNO
PRELIMINARY LOCAL CLIMATOLOGICAL DATA (WS FORM: F-6)

                                          STATION:   WEST PLAINS MO
                                          MONTH:     SEPTEMBER
                                          YEAR:      2010
                                          LATITUDE:   36 52 N
                                          LONGITUDE:  91 55 W

  TEMPERATURE IN F:       :PCPN:    SNOW:  WIND      :SUNSHINE: SKY     :PK WND
================================================================================
1   2   3   4   5  6A  6B    7    8   9   10  11  12  13   14  15   16   17  18
                                     12Z  AVG MX 2MIN
DY MAX MIN AVG DEP HDD CDD  WTR  SNW DPTH SPD SPD DIR MIN PSBL S-S WX    SPD DR
================================================================================

 1  80  70  75   2   0  10 1.27    M    M  4.4 14 260   M    M   7 123    20 250
 2  84  68  76   4   0  11 0.13    M    M  8.6 16 200   M    M   5 13     23 210
 3  79  57  68  -4   0   3 0.01    M    M  7.9 18 320   M    M   1        28 330
 4  79  50  65  -7   0   0 0.00    M    M  3.8 13 350   M    M   0        17  10
 5  83  49  66  -5   0   1 0.00    M    M  6.3 16 160   M    M   0        22 140
 6  88  61  75   4   0  10 0.00    M    M  9.9 22 180   M    M   0        29 150
 7  84  67  76   5   0  11 0.00    M    M  4.8 13 230   M    M   4        17 220
 8  73  64  69  -1   0   4    T    M    M  4.0 10 100   M    M   4 8      21 360
 9  69  62  66  -4   0   1 3.54    M    M  9.0 21 110   M    M  10 13     28 110
10  88  65  77   7   0  12 0.72    M    M  5.1 12 190   M    M   5 123    20 230
11  82  63  73   3   0   8 0.47    M    M  5.7  9 340   M    M   5 13     14 330
12  83  54  69   0   0   4 0.00    M    M  1.7  9 120   M    M   0        13 130
13  83  51  67  -2   0   2 0.00    M    M  2.1 10 220   M    M   1        24 150
14  78  61  70   1   0   5 0.03    M    M  3.1 12 230   M    M   3 1      15 230
15  86  59  73   5   0   8 0.71    M    M  4.7 29  10   M    M   4 123    37  20
16  82  61  72   4   0   7 0.06    M    M  6.2 16 350   M    M   3 13     28  60
17  82  57  70   2   0   5 0.00    M    M  3.2  8 120   M    M   0 1      12 120
18  88  58  73   6   0   8 0.00    M    M  1.5  9 120   M    M   1 1      10 160
19  87  62  75   8   0  10 0.00    M    M  2.1 10  60   M    M   0 1      23 350
20  87  63  75   8   0  10 0.00    M    M  2.3 10 150   M    M   0 1      13 150
21  88  61  75   9   0  10 0.00    M    M  3.9 15 200   M    M   0 18     22 220
22  86  68  77  11   0  12 0.11    M    M  4.3 16 350   M    M   3 13     24 350
23  85  68  77  11   0  12 0.00    M    M  8.8 21 190   M    M   0        29 200
24  81  58  70   5   0   5 0.21  0.0    0  5.6 14 280   M    M   2 1      21 200
25  73  52  63  -2   2   0 0.00    M    M  2.9 10  70   M    M   0        14  90
26  62  50  56  -8   9   0 0.19    M    M  9.6 17  30   M    M   9 1      23  20
27  69  48  59  -5   6   0 0.00    M    M  6.5 15  40   M    M   0        25  30
28  77  48  63  -1   2   0 0.00    M    M  5.4 14 320   M    M   1 8      20 360
29  77  50  64   1   1   0 0.00    M    M  0.7  8  10   M    M   0 1      23 360
30  76  53  65   2   0   0 0.00    M    M  7.3 17  20   M    M   0        25 350
================================================================================
SM 2419 1758        20 169  7.45     0.0 151.4          M       68
================================================================================
AV 80.6 58.6                               5.0 FASTST   M    M   2    MAX(MPH)
                                 MISC ---->  # 29  10               # 37   20
================================================================================
NOTES:
# LAST OF SEVERAL OCCURRENCES

COLUMN 17 PEAK WIND IN M.P.H.

PRELIMINARY LOCAL CLIMATOLOGICAL DATA (WS FORM: F-6) , PAGE 2

                                          STATION:  WEST PLAINS MO
                                          MONTH:    SEPTEMBER
                                          YEAR:     2010
                                          LATITUDE:   36 52 N
                                          LONGITUDE:  91 55 W

[TEMPERATURE DATA]      [PRECIPITATION DATA]       SYMBOLS USED IN COLUMN 16

AVERAGE MONTHLY: 69.6   TOTAL FOR MONTH:   7.45    1 = FOG OR MIST
DPTR FM NORMAL:   1.6   DPTR FM NORMAL:    3.43    2 = FOG REDUCING VISIBILITY
HIGHEST:    88 ON 21,18 GRTST 24HR  4.00 ON  9-10      TO 1/4 MILE OR LESS
LOWEST:     48 ON 28,27                            3 = THUNDER
                        SNOW, ICE PELLETS, HAIL    4 = ICE PELLETS
                        TOTAL MONTH:   0.0 INCH    5 = HAIL
                        GRTST 24HR     0.0         6 = FREEZING RAIN OR DRIZZLE
                        GRTST DEPTH:   0           7 = DUSTSTORM OR SANDSTORM:
                                                       VSBY 1/2 MILE OR LESS
                                                   8 = SMOKE OR HAZE
[NO. OF DAYS WITH]      [WEATHER - DAYS WITH]      9 = BLOWING SNOW
                                                   X = TORNADO
MAX 32 OR BELOW:   0    0.01 INCH OR MORE:  12
MAX 90 OR ABOVE:   0    0.10 INCH OR MORE:   9
MIN 32 OR BELOW:   0    0.50 INCH OR MORE:   4
MIN  0 OR BELOW:   0    1.00 INCH OR MORE:   2

[HDD (BASE 65) ]
TOTAL THIS MO.    20    CLEAR  (SCALE 0-3)  19
DPTR FM NORMAL   -36    PTCLDY (SCALE 4-7)   9
TOTAL FM JUL 1    20    CLOUDY (SCALE 8-10)  2
DPTR FM NORMAL   -43

[CDD (BASE 65) ]
TOTAL THIS MO.   169
DPTR FM NORMAL    25    [PRESSURE DATA]
TOTAL FM JAN 1  1745    HIGHEST SLP 30.15 ON M
DPTR FM NORMAL   575    LOWEST  SLP 29.71 ON 10

[REMARKS]
#FINAL-09-10#
