000
CXUS53 KSGF 010800
CF6UNO
PRELIMINARY LOCAL CLIMATOLOGICAL DATA (WS FORM: F-6)

                                          STATION:   WEST PLAINS MO
                                          MONTH:     DECEMBER
                                          YEAR:      2010
                                          LATITUDE:   36 52 N
                                          LONGITUDE:  91 55 W

  TEMPERATURE IN F:       :PCPN:    SNOW:  WIND      :SUNSHINE: SKY     :PK WND
================================================================================
1   2   3   4   5  6A  6B    7    8   9   10  11  12  13   14  15   16   17  18
                                     12Z  AVG MX 2MIN
DY MAX MIN AVG DEP HDD CDD  WTR  SNW DPTH SPD SPD DIR MIN PSBL S-S WX    SPD DR
================================================================================

 1  41  23  32  -8  33   0 0.00    M    M  7.4 20 280   M    M   0        26 290
 2  49  23  36  -3  29   0 0.00    M    M  1.9  9 180   M    M   4        13 150
 3  53  31  42   3  23   0 0.00    M    M  4.6 14 150   M    M   0        17 130
 4  47  25  36  -2  29   0 0.00    M    M 10.5 23 330   M    M   3 8      33 330
 5  36  21  29  -9  36   0 0.00    M    M  8.1 15 310   M    M   6        22 360
 6  38  18  28 -10  37   0 0.00    M    M  7.5 15 330   M    M   0        22 330
 7  42  18  30  -8  35   0 0.00    M    M  4.9 12 320   M    M   0 1      15 330
 8  41  14  28  -9  37   0 0.00    M    M  1.6  9 300   M    M   0        12 340
 9  41  21  31  -6  34   0 0.00    M    M  7.0 17 190   M    M   1 18     23 180
10  54  28  41   4  24   0 0.00    M    M  4.3 13 160   M    M   1 1      15 150
11  48  20  34  -2  31   0 0.11    M    M 12.5 28 280   M    M   9 12     40 320
12  27  11  19 -17  46   0    T    M    M 19.6 29 300   M    M   6        41 310
13  29   6  18 -18  47   0 0.00    M    M  7.3 16 320   M    M   4        23 320
14  28  19  24 -12  41   0 0.00    M    M  5.6 12 160   M    M   7        14 110
15  32  18  25 -10  40   0 0.00    M    M  9.1 16 110   M    M   9 12     21 100
16  33  25  29  -6  36   0 0.00    M    M  6.9 18 320   M    M   8 12     26 320
17  37  22  30  -5  35   0 0.00    M    M  2.7 10 320   M    M   6 18     14 320
18  37  18  28  -7  37   0 0.00    M    M  0.6  6 350   M    M   5 18      9 340
19  47  26  37   3  28   0 0.00    M    M  4.4 12 160   M    M   4 18     16 160
20  43  27  35   1  30   0 0.00    M    M  8.4 22 150   M    M   7 1      26 150
21  54  42  48  14  17   0 0.00    M    M  5.1 15  10   M    M  10 18     20 350
22  43  23  33  -1  32   0 0.00    M    M  8.4 15  30   M    M   2 18     21  20
23  40  26  33   0  32   0 0.00    M    M  7.0 14  60   M    M   6 8      18  70
24  33  31  32  -1  33   0 0.09    M    M  3.4 10 120   M    M  10 16     15 110
25  33  25  29  -4  36   0 0.01    M    M 11.2 18 350   M    M  10 18     24 350
26  34  17  26  -7  39   0 0.00    M    M  7.7 15 340   M    M   5        21 350
27  37  10  24  -9  41   0 0.00    M    M  4.3 12 180   M    M   0 18     15 170
28  47  22  35   3  30   0 0.00    M    M  4.8 12 270   M    M   1 8      16 260
29  47  34  41   9  24   0 0.12    M    M 10.1 17 160   M    M  10 12     25 170
30  58  47  53  21  12   0 0.01    M    M 13.5 22 160   M    M  10 12     33 170
31  64  34  49  17  16   0 0.49    M    M 11.6 24 270   M    M   8 13     33 170
================================================================================
SM 1293  725      1000   0  0.83    M    222.0          M      152
================================================================================
AV 41.7 23.4                               7.2 FASTST   M    M   5    MAX(MPH)
                                 MISC ---->  # 29 300                 41    M
================================================================================
NOTES:
# LAST OF SEVERAL OCCURRENCES

COLUMN 17 PEAK WIND IN M.P.H.

PRELIMINARY LOCAL CLIMATOLOGICAL DATA (WS FORM: F-6) , PAGE 2

                                          STATION:  WEST PLAINS MO
                                          MONTH:    DECEMBER
                                          YEAR:     2010
                                          LATITUDE:   36 52 N
                                          LONGITUDE:  91 55 W

[TEMPERATURE DATA]      [PRECIPITATION DATA]       SYMBOLS USED IN COLUMN 16

AVERAGE MONTHLY: 32.5   TOTAL FOR MONTH:   0.83    1 = FOG OR MIST
DPTR FM NORMAL:  -2.8   DPTR FM NORMAL:   -3.14    2 = FOG REDUCING VISIBILITY
HIGHEST:    64 ON 31    GRTST 24HR  0.50 ON 30-31      TO 1/4 MILE OR LESS
LOWEST:      6 ON 13                               3 = THUNDER
                        SNOW, ICE PELLETS, HAIL    4 = ICE PELLETS
                        TOTAL MONTH:    M          5 = HAIL
                        GRTST 24HR    M  ON   M    6 = FREEZING RAIN OR DRIZZLE
                        GRTST DEPTH:  M  ON   M    7 = DUSTSTORM OR SANDSTORM:
                                                       VSBY 1/2 MILE OR LESS
                                                   8 = SMOKE OR HAZE
[NO. OF DAYS WITH]      [WEATHER - DAYS WITH]      9 = BLOWING SNOW
                                                   X = TORNADO
MAX 32 OR BELOW:   4    0.01 INCH OR MORE:   6
MAX 90 OR ABOVE:   0    0.10 INCH OR MORE:   3
MIN 32 OR BELOW:  27    0.50 INCH OR MORE:   0
MIN  0 OR BELOW:   0    1.00 INCH OR MORE:   0

[HDD (BASE 65) ]
TOTAL THIS MO.  1000    CLEAR  (SCALE 0-3)  10
DPTR FM NORMAL    77    PTCLDY (SCALE 4-7)  14
TOTAL FM JUL 1  1695    CLOUDY (SCALE 8-10)  7
DPTR FM NORMAL  -149

[CDD (BASE 65) ]
TOTAL THIS MO.     0
DPTR FM NORMAL     0    [PRESSURE DATA]
TOTAL FM JAN 1  1764    HIGHEST SLP 30.44 ON 22
DPTR FM NORMAL   580    LOWEST  SLP 29.50 ON 31

[REMARKS]
#FINAL-12-10#
