625
CXUS53 KSGF 010638
CF6UNO
PRELIMINARY LOCAL CLIMATOLOGICAL DATA (WS FORM: F-6)
STATION: WEST PLAINS MO
MONTH: JULY
YEAR: 2020
LATITUDE: 36 52 N
LONGITUDE: 91 55 W
TEMPERATURE IN F: :PCPN: SNOW: WIND :SUNSHINE: SKY :PK WND
================================================================================
1 2 3 4 5 6A 6B 7 8 9 10 11 12 13 14 15 16 17 18
12Z AVG MX 2MIN
DY MAX MIN AVG DEP HDD CDD WTR SNW DPTH SPD SPD DIR MIN PSBL S-S WX SPD DR
================================================================================
1 83 70 77 0 0 12 0.08 M M 3.4 26 30 M M 5 123 37 30
2 92 69 81 4 0 16 0.26 M M 3.1 13 180 M M 5 123 19 170
3 90 70 80 3 0 15 0.64 M M 3.0 14 270 M M 5 123 22 350
4 86 71 79 2 0 14 0.00 M M 3.8 10 120 M M 3 1 14 220
5 90 68 79 1 0 14 0.00 M M 2.8 9 70 M M 2 1 14 80
6 92 67 80 2 0 15 0.17 M M 1.8 13 90 M M 1 13 19 150
7 91 69 80 2 0 15 0.00 M M 2.3 13 70 M M 1 1 19 60
8 89 69 79 1 0 14 0.00 M M 3.2 12 180 M M 1 1 15 130
9 87 70 79 1 0 14 0.01 M M 3.5 12 260 M M 0 3 20 250
10 93 68 81 3 0 16 0.00 M M 3.5 10 40 M M 0 16 340
11 93 68 81 3 0 16 0.00 M M 3.6 12 230 M M 1 18 230
12 89 66 78 0 0 13 0.02 M M 8.1 21 10 M M 1 3 33 260
13 90 63 77 -1 0 12 0.00 M M 2.9 14 190 M M 1 19 200
14 91 63 77 -1 0 12 0.00 M M 6.8 16 170 M M 2 24 190
15 94 76 85 7 0 20 0.00 M M 8.3 18 20 M M 2 28 30
16 94 70 82 4 0 17 1.45 M M 4.5 16 150 M M 3 123 22 170
17 82 73 78 0 0 13 0.27 M M 4.0 13 60 M M 3 13 18 220
18 90 71 81 3 0 16 0.00 M M 7.2 17 220 M M 1 1 24 230
19 92 74 83 5 0 18 0.00 M M 5.6 14 340 M M 1 3 20 340
20 93 73 83 5 0 18 0.00 M M 3.6 12 50 M M 1 16 270
21 90 70 80 2 0 15 1.28 M M 5.7 23 260 M M 2 13 40 230
22 86 71 79 1 0 14 0.30 M M 3.9 14 160 M M 2 8 21 140
23 91 69 80 2 0 15 0.20 M M 2.5 18 190 M M 2 123 26 190
24 91 69 80 2 0 15 0.00 M M 3.7 10 110 M M 1 1 14 100
25 89 72 81 3 0 16 0.00 M M 4.6 13 180 M M 1 17 170
26 91 72 82 4 0 17 0.00 M M 6.0 14 190 M M 1 21 180
27 89 73 81 3 0 16 0.07 M M 5.4 12 240 M M 1 13 20 230
28 86 73 80 2 0 15 0.01 M M 2.2 8 100 M M 4 1 11 110
29 89 73 81 3 0 16 0.16 M M 4.6 14 170 M M 4 1 18 260
30 90 73 82 4 0 17 T M M 7.3 16 270 M M 4 1 25 220
31 84 67 76 -2 0 11 0.14 M M 8.0 18 270 M M 7 1 27 260
================================================================================
SM 2777 2170 0 467 5.06 M 138.9 M 68
================================================================================
AV 89.6 70.0 4.5 FASTST M M 2 MAX(MPH)
MISC ----> 26 30 40 230
================================================================================
NOTES:
# LAST OF SEVERAL OCCURRENCES
COLUMN 17 PEAK WIND IN M.P.H.
PRELIMINARY LOCAL CLIMATOLOGICAL DATA (WS FORM: F-6) , PAGE 2
STATION: WEST PLAINS MO
MONTH: JULY
YEAR: 2020
LATITUDE: 36 52 N
LONGITUDE: 91 55 W
[TEMPERATURE DATA] [PRECIPITATION DATA] SYMBOLS USED IN COLUMN 16
AVERAGE MONTHLY: 79.8 TOTAL FOR MONTH: 5.06 1 = FOG OR MIST
DPTR FM NORMAL: 1.8 DPTR FM NORMAL: 1.51 2 = FOG REDUCING VISIBILITY
HIGHEST: 94 ON 16,15 GRTST 24HR 1.72 ON 16-17 TO 1/4 MILE OR LESS
LOWEST: 63 ON 14,13 3 = THUNDER
SNOW, ICE PELLETS, HAIL 4 = ICE PELLETS
TOTAL MONTH: M 5 = HAIL
GRTST 24HR M ON M 6 = FREEZING RAIN OR DRIZZLE
GRTST DEPTH: M ON M 7 = DUSTSTORM OR SANDSTORM:
VSBY 1/2 MILE OR LESS
8 = SMOKE OR HAZE
[NO. OF DAYS WITH] [WEATHER - DAYS WITH] 9 = BLOWING SNOW
X = TORNADO
MAX 32 OR BELOW: 0 0.01 INCH OR MORE: 15
MAX 90 OR ABOVE: 19 0.10 INCH OR MORE: 10
MIN 32 OR BELOW: 0 0.50 INCH OR MORE: 3
MIN 0 OR BELOW: 0 1.00 INCH OR MORE: 2
[HDD (BASE 65) ]
TOTAL THIS MO. 0 CLEAR (SCALE 0-3) 23
DPTR FM NORMAL 0 PTCLDY (SCALE 4-7) 8
TOTAL FM JUL 1 0 CLOUDY (SCALE 8-10) 0
DPTR FM NORMAL 0
[CDD (BASE 65) ]
TOTAL THIS MO. 467
DPTR FM NORMAL 62 [PRESSURE DATA]
TOTAL FM JAN 1 876 HIGHEST SLP M ON M
DPTR FM NORMAL 83 LOWEST SLP 29.75 ON 31
[REMARKS]
#FINAL-07-20#