000
CXUS53 KSGF 010800
CF6UNO
PRELIMINARY LOCAL CLIMATOLOGICAL DATA (WS FORM: F-6)

                                          STATION:   WEST PLAINS MO
                                          MONTH:     JULY
                                          YEAR:      2010
                                          LATITUDE:   36 52 N
                                          LONGITUDE:  91 55 W

  TEMPERATURE IN F:       :PCPN:    SNOW:  WIND      :SUNSHINE: SKY     :PK WND
================================================================================
1   2   3   4   5  6A  6B    7    8   9   10  11  12  13   14  15   16   17  18
                                     12Z  AVG MX 2MIN
DY MAX MIN AVG DEP HDD CDD  WTR  SNW DPTH SPD SPD DIR MIN PSBL S-S WX    SPD DR
================================================================================

 1  87  56  72  -3   0   7 0.00    M    M  6.3 15  60   M    M   0 8      21 120
 2  88  55  72  -3   0   7 0.00    M    M  5.0 13  90   M    M   0        18 160
 3  90  56  73  -3   0   8 0.00    M    M  4.5 15 220   M    M   2        25 170
 4  89  71  80   4   0  15 0.00    M    M  7.4 16 190   M    M   4 18     23 170
 5  90  73  82   6   0  17 0.19    M    M  7.5 16 230   M    M   5 1      24 220
 6  93  74  84   8   0  19 0.00    M    M   M   M   M   M    M   5         M  M
 7  87  72  80   4   0  15    T    M    M  5.2 15 160   M    M   4        22 160
 8  90  72  81   5   0  16 0.03    M    M  4.9 13 220   M    M   3 1      17 210
 9  89  71  80   3   0  15 0.07    M    M  4.7 15  20   M    M   5 1      20  10
10  90  67  79   2   0  14 0.00    M    M  2.6 10 160   M    M   4        14 160
11  91  67  79   2   0  14 1.46    M    M  5.1 24 230   M    M   2 138    35 220
12  83  67  75  -2   0  10 0.08    M    M  4.6 13 230   M    M   5 123    17 230
13  89  69  79   2   0  14 0.10    M    M  5.5 18 180   M    M   3 13     26 180
14  92  72  82   5   0  17 0.00    M    M  4.6 12 190   M    M   3 128    16 150
15  92  73  83   6   0  18 0.42    M    M  4.4 20 360   M    M   2 13     26 340
16  92  70  81   4   0  16 0.51    M    M  4.9 18 120   M    M   3 13     24 130
17  91  68  80   3   0  15 0.00    M    M  4.1 10 160   M    M   1 1      15 190
18  91  76  84   7   0  19 0.00    M    M  5.8 21  30   M    M   2 13     29  20
19  91  71  81   3   0  16 0.00    M    M  8.0 15 230   M    M   2        20 100
20  90  75  83   5   0  18 0.00    M    M  6.1 15 210   M    M   1 8      20 200
21  92  75  84   6   0  19 0.00    M    M  4.9 13 220   M    M   1 1      17 210
22  93  77  85   7   0  20 0.00    M    M  8.1 15 210   M    M   0        21 210
23  93  76  85   7   0  20 0.00    M  999  7.2 14 200   M    M   0        17 200
24  93  74  84   6   0  19 0.00    M    M  6.1 16 340   M    M   0        22 340
25  93  69  81   3   0  16    T    M    M  3.4 10  30   M    M   3        15  20
26  92  73  83   5   0  18    T    M    M  4.3 14 350   M    M   1 13     20 340
27  91  69  80   2   0  15 0.00    M    M  3.6 12 210   M    M   4 12     14 220
28  93  73  83   5   0  18 0.00    M    M  4.8 13 250   M    M   1        17 220
29  94  74  84   6   0  19 0.03    M    M  4.8 13 270   M    M   1 13     17 270
30  95  74  85   7   0  20 0.00    M    M  4.8 14 250   M    M   2        20 250
31  99  73  86   8   0  21 0.00    M    M  7.5 15 270   M    M   1        21 280
================================================================================
SM 2823 2182         0 495  2.89    M    160.7          M       70
================================================================================
AV 91.1 70.4                               5.4 FASTST   M    M   2    MAX(MPH)
                                 MISC ---->  # 24 230               # 35  220
================================================================================
NOTES:
# LAST OF SEVERAL OCCURRENCES

COLUMN 17 PEAK WIND IN M.P.H.

PRELIMINARY LOCAL CLIMATOLOGICAL DATA (WS FORM: F-6) , PAGE 2

                                          STATION:  WEST PLAINS MO
                                          MONTH:    JULY
                                          YEAR:     2010
                                          LATITUDE:   36 52 N
                                          LONGITUDE:  91 55 W

[TEMPERATURE DATA]      [PRECIPITATION DATA]       SYMBOLS USED IN COLUMN 16

AVERAGE MONTHLY: 80.7   TOTAL FOR MONTH:   2.89    1 = FOG OR MIST
DPTR FM NORMAL:   3.6   DPTR FM NORMAL:   -0.24    2 = FOG REDUCING VISIBILITY
HIGHEST:    99 ON 31    GRTST 24HR  1.54 ON 11-12      TO 1/4 MILE OR LESS
LOWEST:     55 ON  2                               3 = THUNDER
                        SNOW, ICE PELLETS, HAIL    4 = ICE PELLETS
                        TOTAL MONTH:    M          5 = HAIL
                        GRTST 24HR    M  ON   M    6 = FREEZING RAIN OR DRIZZLE
                        GRTST DEPTH: 999 ON 23     7 = DUSTSTORM OR SANDSTORM:
                                                       VSBY 1/2 MILE OR LESS
                                                   8 = SMOKE OR HAZE
[NO. OF DAYS WITH]      [WEATHER - DAYS WITH]      9 = BLOWING SNOW
                                                   X = TORNADO
MAX 32 OR BELOW:   0    0.01 INCH OR MORE:   9
MAX 90 OR ABOVE:  24    0.10 INCH OR MORE:   5
MIN 32 OR BELOW:   0    0.50 INCH OR MORE:   2
MIN  0 OR BELOW:   0    1.00 INCH OR MORE:   1

[HDD (BASE 65) ]
TOTAL THIS MO.     0    CLEAR  (SCALE 0-3)  23
DPTR FM NORMAL     0    PTCLDY (SCALE 4-7)   8
TOTAL FM JUL 1     0    CLOUDY (SCALE 8-10)  0
DPTR FM NORMAL     0

[CDD (BASE 65) ]
TOTAL THIS MO.   495
DPTR FM NORMAL   120    [PRESSURE DATA]
TOTAL FM JAN 1  1047    HIGHEST SLP M ON M
DPTR FM NORMAL   362    LOWEST  SLP 29.65 ON 11

[REMARKS]
#FINAL-07-10#
