000
CXUS53 KSGF 010800
CF6UNO
PRELIMINARY LOCAL CLIMATOLOGICAL DATA (WS FORM: F-6)

                                          STATION:   WEST PLAINS MO
                                          MONTH:     OCTOBER
                                          YEAR:      2010
                                          LATITUDE:   36 52 N
                                          LONGITUDE:  91 55 W

  TEMPERATURE IN F:       :PCPN:    SNOW:  WIND      :SUNSHINE: SKY     :PK WND
================================================================================
1   2   3   4   5  6A  6B    7    8   9   10  11  12  13   14  15   16   17  18
                                     12Z  AVG MX 2MIN
DY MAX MIN AVG DEP HDD CDD  WTR  SNW DPTH SPD SPD DIR MIN PSBL S-S WX    SPD DR
================================================================================

 1  74  47  61  -2   4   0 0.00    M    M  4.4 10  10   M    M   0        16  30
 2  70  44  57  -5   8   0 0.00    M    M  6.6 22  20   M    M   2        28  20
 3  62  39  51 -11  14   0 0.00    M    M  6.5 16  30   M    M   1        21 350
 4  65  35  50 -12  15   0 0.00    M    M  1.9 12  50   M    M   0        16  60
 5  69  34  52  -9  13   0 0.00    M    M  1.3  8 280   M    M   0        12 280
 6  75  41  58  -3   7   0 0.00    M    M  3.8 10 280   M    M   0 8      14 290
 7  83  54  69   9   0   4 0.00    M    M  3.3  9 310   M    M   0        13 310
 8  81  49  65   5   0   0 0.00    M    M  1.7  8 210   M    M   0        13 260
 9  83  53  68   8   0   3 0.00    M    M  2.1 10 230   M    M   0        13 230
10  82  50  66   7   0   1 0.00    M    M  2.4 13 240   M    M   0        18 230
11  78  50  64   5   1   0 0.00    M    M  2.5 13 220   M    M   1        16 220
12  76  54  65   6   0   0 0.01    M    M  2.3 12  60   M    M   5 3      14  70
13  72  48  60   2   5   0 0.00    M    M  7.4 16 330   M    M   1        26 310
14  71  38  55  -3  10   0 0.00    M    M  5.2 15 270   M    M   0        20 270
15  74  41  58   1   7   0 0.00    M    M  4.6 13  20   M    M   0        21 280
16  76  34  55  -2  10   0 0.00    M    M  3.5 14 220   M    M   0        17 230
17  81  49  65   8   0   0 0.00    M    M  4.2 10 260   M    M   0        14 260
18  78  53  66  10   0   1 0.00    M    M  2.6 10 180   M    M   1        14 350
19  64  45  55  -1  10   0 0.00    M    M  4.4 13  40   M    M   5 8      16  50
20  74  38  56   1   9   0 0.00    M    M  4.8 17 260   M    M   0 8      22 270
21  78  47  63   8   2   0 0.00    M    M  3.5 10  30   M    M   3 1      13 360
22  77  49  63   8   2   0 0.00    M    M  6.4 15 180   M    M   1        20 150
23  79  63  71  17   0   6    T    M    M  8.9 21 200   M    M   2        29 200
24  77  60  69  15   0   4    T    M    M  9.5 18 210   M    M   4 1      25 200
25  73  57  65  11   0   0 0.00    M    M 12.4 26 180   M    M   2        36 190
26  73  51  62   9   3   0 0.33  0.0    0 11.0 36 270   M    M   1 138    53 260
27  67  47  57   4   8   0 0.00  0.0    0  6.5 16 260   M    M   2        22 260
28  59  37  48  -4  17   0 0.00    M    M  8.5 22 320   M    M   0        30 330
29  62  28  45  -7  20   0 0.00    M    M  3.3  9 160   M    M   0        12 230
30  69  29  49  -3  16   0 0.00    M    M  4.8 13 220   M    M   0        18 200
31  72  40  56   5   9   0 0.00    M    M  6.1 13 120   M    M   0        18  70
================================================================================
SM 2274 1404       190  19  0.34     0.0 156.4          M       31
================================================================================
AV 73.4 45.3                               5.0 FASTST   M    M   1    MAX(MPH)
                                 MISC ---->  # 36 270               # 53  260
================================================================================
NOTES:
# LAST OF SEVERAL OCCURRENCES

COLUMN 17 PEAK WIND IN M.P.H.

PRELIMINARY LOCAL CLIMATOLOGICAL DATA (WS FORM: F-6) , PAGE 2

                                          STATION:  WEST PLAINS MO
                                          MONTH:    OCTOBER
                                          YEAR:     2010
                                          LATITUDE:   36 52 N
                                          LONGITUDE:  91 55 W

[TEMPERATURE DATA]      [PRECIPITATION DATA]       SYMBOLS USED IN COLUMN 16

AVERAGE MONTHLY: 59.3   TOTAL FOR MONTH:   0.34    1 = FOG OR MIST
DPTR FM NORMAL:   2.3   DPTR FM NORMAL:   -3.06    2 = FOG REDUCING VISIBILITY
HIGHEST:    83 ON  9, 7 GRTST 24HR  0.33 ON 26-26      TO 1/4 MILE OR LESS
LOWEST:     28 ON 29                               3 = THUNDER
                        SNOW, ICE PELLETS, HAIL    4 = ICE PELLETS
                        TOTAL MONTH:   0.0 INCH    5 = HAIL
                        GRTST 24HR     0.0         6 = FREEZING RAIN OR DRIZZLE
                        GRTST DEPTH:   0           7 = DUSTSTORM OR SANDSTORM:
                                                       VSBY 1/2 MILE OR LESS
                                                   8 = SMOKE OR HAZE
[NO. OF DAYS WITH]      [WEATHER - DAYS WITH]      9 = BLOWING SNOW
                                                   X = TORNADO
MAX 32 OR BELOW:   0    0.01 INCH OR MORE:   2
MAX 90 OR ABOVE:   0    0.10 INCH OR MORE:   1
MIN 32 OR BELOW:   2    0.50 INCH OR MORE:   0
MIN  0 OR BELOW:   0    1.00 INCH OR MORE:   0

[HDD (BASE 65) ]
TOTAL THIS MO.   190    CLEAR  (SCALE 0-3)  28
DPTR FM NORMAL   -71    PTCLDY (SCALE 4-7)   3
TOTAL FM JUL 1   210    CLOUDY (SCALE 8-10)  0
DPTR FM NORMAL  -114

[CDD (BASE 65) ]
TOTAL THIS MO.    19
DPTR FM NORMAL     5    [PRESSURE DATA]
TOTAL FM JAN 1  1764    HIGHEST SLP 30.28 ON 13
DPTR FM NORMAL   580    LOWEST  SLP 29.13 ON M

[REMARKS]
#FINAL-10-10#
