000
CXUS53 KSGF 010800
CF6UNO
PRELIMINARY LOCAL CLIMATOLOGICAL DATA (WS FORM: F-6)

                                          STATION:   WEST PLAINS MO
                                          MONTH:     JUNE
                                          YEAR:      2010
                                          LATITUDE:   36 52 N
                                          LONGITUDE:  91 55 W

  TEMPERATURE IN F:       :PCPN:    SNOW:  WIND      :SUNSHINE: SKY     :PK WND
================================================================================
1   2   3   4   5  6A  6B    7    8   9   10  11  12  13   14  15   16   17  18
                                     12Z  AVG MX 2MIN
DY MAX MIN AVG DEP HDD CDD  WTR  SNW DPTH SPD SPD DIR MIN PSBL S-S WX    SPD DR
================================================================================

 1  87  65  76   8   0  11 0.00    M    M  4.0 10 210   M    M   1 128    25 120
 2  86  66  76   8   0  11 0.02    M    M  5.5 21  10   M    M   1 138    33 360
 3  84  64  74   5   0   9 0.68    M    M  3.6 17 200   M    M   0 13     22 290
 4  86  63  75   6   0  10 0.00    M    M  3.8 12 190   M    M   0 18     15 180
 5  85  71  78   9   0  13 0.00    M    M  6.6 13 200   M    M   2        18 190
 6  83  64  74   4   0   9 0.00    M    M  7.0 17  20   M    M   1        23 340
 7  79  60  70   0   0   5 0.00    M    M  2.4 12 180   M    M   3        15 210
 8  86  62  74   4   0   9 0.00    M    M  5.5 16 190   M    M   2        22 190
 9  86  73  80  10   0  15    T    M    M  5.9 15 270   M    M   4        23 220
10  86  69  78   7   0  13 0.00    M    M  7.4 18 170   M    M   2        24 190
11  81  72  77   6   0  12 0.17    M    M  6.9 15 170   M    M   6 18     25 320
12  88  71  80   9   0  15 0.09    M    M  4.5 17  20   M    M   2 138    24 310
13  91  68  80   9   0  15 0.00    M    M  5.4 13 200   M    M   0 18     18 180
14  91  70  81   9   0  16 0.00    M    M  6.2 16 260   M    M   1        22 250
15  88  68  78   6   0  13 0.00    M    M  4.9 20 270   M    M   1        28 200
16  89  65  77   5   0  12 0.00    M    M  0.6  8 150   M    M   2        13 280
17  92  69  81   9   0  16 0.00    M    M  4.8 12 190   M    M   1        16 200
18  93  70  82   9   0  17 0.00    M    M  6.5 17 230   M    M   0 18     22 230
19  93  67  80   7   0  15 0.00    M    M  5.4 31  20   M    M   1 3      40  30
20  95  68  82   9   0  17 0.00    M    M  3.5  9 150   M    M   1 1      18 200
21  96  72  84  11   0  19 0.00    M    M  4.8 14 190   M    M   1 18     20 240
22  96  70  83   9   0  18 0.00    M    M  5.3 13 130   M    M   1 18     17 120
23  95  74  85  11   0  20 0.00    M    M  5.4 13 170   M    M   0 8      20 310
24  94  74  84  10   0  19 0.00    M    M  6.3 14  40   M    M   3 18     18  30
25  93  71  82   8   0  17 0.00    M    M  4.8  9 150   M    M   3        14 150
26  93  72  83   9   0  18 0.02    M    M  5.7 24 250   M    M   1 138    32 250
27  95  70  83   8   0  18 0.42    M    M  8.9 18 210   M    M   3 13     26 230
28  91  68  80   5   0  15 0.00    M    M  5.8 16  40   M    M   2        20  40
29  90  63  77   2   0  12 0.00    M    M  5.9 14  20   M    M   0        20 350
30  86  64  75   0   0  10 0.00    M    M  6.0 10  70   M    M   1        16  40
================================================================================
SM 2678 2043         0 419  1.40    M    159.3          M       46
================================================================================
AV 89.3 68.1                               5.3 FASTST   M    M   2    MAX(MPH)
                                 MISC ---->  # 31  20               # 40   30
================================================================================
NOTES:
# LAST OF SEVERAL OCCURRENCES

COLUMN 17 PEAK WIND IN M.P.H.

PRELIMINARY LOCAL CLIMATOLOGICAL DATA (WS FORM: F-6) , PAGE 2

                                          STATION:  WEST PLAINS MO
                                          MONTH:    JUNE
                                          YEAR:     2010
                                          LATITUDE:   36 52 N
                                          LONGITUDE:  91 55 W

[TEMPERATURE DATA]      [PRECIPITATION DATA]       SYMBOLS USED IN COLUMN 16

AVERAGE MONTHLY: 78.7   TOTAL FOR MONTH:   1.40    1 = FOG OR MIST
DPTR FM NORMAL:   6.8   DPTR FM NORMAL:   -2.93    2 = FOG REDUCING VISIBILITY
HIGHEST:    96 ON 22,21 GRTST 24HR  0.70 ON  2- 3      TO 1/4 MILE OR LESS
LOWEST:     60 ON  7                               3 = THUNDER
                        SNOW, ICE PELLETS, HAIL    4 = ICE PELLETS
                        TOTAL MONTH:    M          5 = HAIL
                        GRTST 24HR    M  ON   M    6 = FREEZING RAIN OR DRIZZLE
                        GRTST DEPTH:  M  ON   M    7 = DUSTSTORM OR SANDSTORM:
                                                       VSBY 1/2 MILE OR LESS
                                                   8 = SMOKE OR HAZE
[NO. OF DAYS WITH]      [WEATHER - DAYS WITH]      9 = BLOWING SNOW
                                                   X = TORNADO
MAX 32 OR BELOW:   0    0.01 INCH OR MORE:   6
MAX 90 OR ABOVE:  15    0.10 INCH OR MORE:   3
MIN 32 OR BELOW:   0    0.50 INCH OR MORE:   1
MIN  0 OR BELOW:   0    1.00 INCH OR MORE:   0

[HDD (BASE 65) ]
TOTAL THIS MO.     0    CLEAR  (SCALE 0-3)  27
DPTR FM NORMAL   -12    PTCLDY (SCALE 4-7)   3
TOTAL FM JUL 1  4423    CLOUDY (SCALE 8-10)  0
DPTR FM NORMAL  -285

[CDD (BASE 65) ]
TOTAL THIS MO.   419
DPTR FM NORMAL   201    [PRESSURE DATA]
TOTAL FM JAN 1   552    HIGHEST SLP 30.23 ON 30
DPTR FM NORMAL   242    LOWEST  SLP 29.66 ON  2

[REMARKS]
#FINAL-06-10#
