000
CXUS53 KSGF 010800
CF6UNO
PRELIMINARY LOCAL CLIMATOLOGICAL DATA (WS FORM: F-6)

                                          STATION:   WEST PLAINS MO
                                          MONTH:     MAY
                                          YEAR:      2010
                                          LATITUDE:   36 52 N
                                          LONGITUDE:  91 55 W

  TEMPERATURE IN F:       :PCPN:    SNOW:  WIND      :SUNSHINE: SKY     :PK WND
================================================================================
1   2   3   4   5  6A  6B    7    8   9   10  11  12  13   14  15   16   17  18
                                     12Z  AVG MX 2MIN
DY MAX MIN AVG DEP HDD CDD  WTR  SNW DPTH SPD SPD DIR MIN PSBL S-S WX    SPD DR
================================================================================

 1  76  59  68   8   0   3 0.04    M    M  3.2 15 260   M    M   7 123    20 260
 2  71  50  61   1   4   0 0.01    M    M  4.7 16 340   M    M   3        21 320
 3  80  46  63   3   2   0 0.00    M    M  4.7 17 250   M    M   0        23 260
 4  79  47  63   3   2   0 0.00    M    M  5.4 15 160   M    M   0        22 150
 5  83  53  68   7   0   3 0.00    M    M  5.9 12 270   M    M   0        17 160
 6  78  53  66   5   0   1 0.00    M    M  9.0 17 150   M    M   0        24  90
 7  82  52  67   6   0   2 0.00    M    M 11.2 22 320   M    M   3        32 310
 8  64  44  54  -7  11   0 0.00    M    M  8.5 21 320   M    M   0        28 320
 9  60  43  52 -10  13   0 0.06    M    M  6.2 15 120   M    M   6 3      18 130
10  59  46  53  -9  12   0 1.51    M    M 12.3 24 160   M    M   9 1      36 150
11  81  58  70   8   0   5 0.00    M    M  8.3 15 170   M    M   6 18     22 190
12  81  69  75  12   0  10 0.00    M    M  9.6 20 160   M    M   5 18     26 190
13  77  63  70   7   0   5    T    M    M  6.9 18 350   M    M   2 3      24 360
14  69  59  64   1   1   0 0.24    M    M  7.0 14  40   M    M   8 13     18  30
15  63  57  60  -3   5   0 0.92    M    M  7.3 21 260   M    M  10 1238   30 260
16  71  58  65   1   0   0 0.17    M    M  2.7 13 250   M    M   7 1238   17 260
17  72  56  64   0   1   0 0.00    M    M  7.2 16 350   M    M   8 12     23 320
18  71  48  60  -4   5   0 0.00    M    M  5.0 15  30   M    M   2        17  10
19  70  47  59  -6   6   0 0.03    M    M  5.1 16 100   M    M   3 3      22 100
20  73  58  66   1   0   1 1.57    M    M  7.4 20 100   M    M   6 138    26 240
21  75  54  65   0   0   0 0.00    M    M  5.1 14 290   M    M   5 8      26 240
22  85  51  68   3   0   3 0.00    M    M  6.9 17 160   M    M   1        24 160
23  86  70  78  12   0  13 0.00    M    M  6.5 15 180   M    M   2 1      33 210
24  87  62  75   9   0  10 0.95    M    M  4.7 26 110   M    M   1 13     39 120
25  84  57  71   5   0   6 0.00    M    M  2.4 18 270   M    M   1 13     28 280
26  84  62  73   7   0   8    T    M    M  2.6 15 110   M    M   3 138    21 100
27  86  65  76   9   0  11 0.00    M    M  5.0 13 360   M    M   1 18     20 220
28  84  59  72   5   0   7 0.00    M    M  5.4 13  30   M    M   0 18     16  30
29  84  57  71   4   0   6 0.00    M    M  2.8 10 100   M    M   1 138    14  50
30  83  63  73   5   0   8 0.00    M    M  2.8 13 180   M    M   2 1238   17 190
31  84  64  74   6   0   9 0.01  0.0    0  2.8 15 310   M    M   1 138    30 210
================================================================================
SM 2382 1730        62 111  5.51     0.0 184.6          M      103
================================================================================
AV 76.8 55.8                               6.0 FASTST   M    M   3    MAX(MPH)
                                 MISC ---->  # 26 110               # 39  120
================================================================================
NOTES:
# LAST OF SEVERAL OCCURRENCES

COLUMN 17 PEAK WIND IN M.P.H.

PRELIMINARY LOCAL CLIMATOLOGICAL DATA (WS FORM: F-6) , PAGE 2

                                          STATION:  WEST PLAINS MO
                                          MONTH:    MAY
                                          YEAR:     2010
                                          LATITUDE:   36 52 N
                                          LONGITUDE:  91 55 W

[TEMPERATURE DATA]      [PRECIPITATION DATA]       SYMBOLS USED IN COLUMN 16

AVERAGE MONTHLY: 66.3   TOTAL FOR MONTH:   5.51    1 = FOG OR MIST
DPTR FM NORMAL:   2.6   DPTR FM NORMAL:    0.89    2 = FOG REDUCING VISIBILITY
HIGHEST:    87 ON 24    GRTST 24HR  1.75 ON 30- 1      TO 1/4 MILE OR LESS
LOWEST:     43 ON  9                               3 = THUNDER
                        SNOW, ICE PELLETS, HAIL    4 = ICE PELLETS
                        TOTAL MONTH:   0.0 INCH    5 = HAIL
                        GRTST 24HR     0.0         6 = FREEZING RAIN OR DRIZZLE
                        GRTST DEPTH:   0           7 = DUSTSTORM OR SANDSTORM:
                                                       VSBY 1/2 MILE OR LESS
                                                   8 = SMOKE OR HAZE
[NO. OF DAYS WITH]      [WEATHER - DAYS WITH]      9 = BLOWING SNOW
                                                   X = TORNADO
MAX 32 OR BELOW:   0    0.01 INCH OR MORE:  11
MAX 90 OR ABOVE:   0    0.10 INCH OR MORE:   6
MIN 32 OR BELOW:   0    0.50 INCH OR MORE:   4
MIN  0 OR BELOW:   0    1.00 INCH OR MORE:   2

[HDD (BASE 65) ]
TOTAL THIS MO.    62    CLEAR  (SCALE 0-3)  20
DPTR FM NORMAL   -60    PTCLDY (SCALE 4-7)   9
TOTAL FM JUL 1  4423    CLOUDY (SCALE 8-10)  2
DPTR FM NORMAL  -273

[CDD (BASE 65) ]
TOTAL THIS MO.   111
DPTR FM NORMAL    29    [PRESSURE DATA]
TOTAL FM JAN 1   133    HIGHEST SLP 30.10 ON 26
DPTR FM NORMAL    42    LOWEST  SLP 29.55 ON M

[REMARKS]
#FINAL-05-10#
