000
CXUS53 KSGF 310800
CF6UNO
PRELIMINARY LOCAL CLIMATOLOGICAL DATA (WS FORM: F-6)

                                          STATION:   WEST PLAINS MO
                                          MONTH:     DECEMBER
                                          YEAR:      2013
                                          LATITUDE:   36 52 N
                                          LONGITUDE:  91 55 W

  TEMPERATURE IN F:       :PCPN:    SNOW:  WIND      :SUNSHINE: SKY     :PK WND
================================================================================
1   2   3   4   5  6A  6B    7    8   9   10  11  12  13   14  15   16   17  18
                                     12Z  AVG MX 2MIN
DY MAX MIN AVG DEP HDD CDD  WTR  SNW DPTH SPD SPD DIR MIN PSBL S-S WX    SPD DR
================================================================================

 1  62  43  53  13  12   0 0.00    M    M  3.0  9 210   M    M   7 1      12 260
 2  59  36  48   8  17   0 0.00    M    M  2.8 10 220   M    M   4 128    13 170
 3  58  48  53  13  12   0 0.00    M    M  7.7 13 170   M    M  10 128    20 130
 4  67  42  55  16  10   0 0.00    M    M  8.6 17 220   M    M   6 128    23 200
 5  42  21  32  -7  33   0 0.02    M    M 10.6 20 340   M    M  10 168    26 320
 6  21  15  18 -20  47   0    M    M    M 11.5 18  10   M    M  10 128    25  20
 7  21   6  14 -24  51   0    M    M    M 10.0 16  50   M    M   2        21  30
 8  26  18  22 -16  43   0    M    M    M  5.7 13  60   M    M  10 16     16  70
 9  28  21  25 -13  40   0    T    M    M  6.9 13 340   M    M   7 1      16 310
10  35  14  25 -12  40   0    T    M    M  6.5 13 270   M    M   2 1      16 280
11  37  11  24 -13  41   0 0.00    M    M  6.3 16 340   M    M   0 18     20 330
12  36   8  22 -15  43   0 0.00    M    M  4.7 10 230   M    M   0        13 220
13   M   M   M   M   M   M 0.51    M    M  6.9 10 150   M    M   6 168     M  M
14   M   M   M   M   M   M 0.17    M    M  9.7 16 330   M    M  10 18     25 340
15   M   M   M   M   M   M 0.00    M    M   M   M   M   M    M   4 8       M  M
16  58  39  49  13  16   0 0.00    M    M  6.4 12 260   M    M   0         M  M
17  52  28  40   4  25   0 0.00    M    M  5.2 16 330   M    M   0 18     22 340
18  54  25  40   5  25   0 0.00    M    M  8.0 17 170   M    M   0        22 170
19  54  43  49  14  16   0 0.00    M    M  9.4 16 190   M    M   5        23 180
20  65  41  53  18  12   0 0.20    M    M  8.6 16 210   M    M  10 1      23 200
21  42  34  38   3  27   0 1.41    M    M  7.5 18  40   M    M  10 13     24  50
22  39  27  33  -2  32   0    T    M    M  9.7 18 290   M    M  10 18     25 280
23  33  19  26  -9  39   0    T    M    0  7.6 15 330   M    M   7        23 320
24  29   9  19 -15  46   0 0.00  0.0    0  6.2 14 140   M    M   1        20 120
25  44  19  32  -2  33   0 0.00  0.0    0  5.6 14 260   M    M   4 1      18 280
26  47  20  34   0  31   0 0.00    M    M  4.4 12 240   M    M   1 1      14 190
27  55  26  41   7  24   0 0.00    M    M  5.9 12 230   M    M   0        14 210
28  53  26  40   6  25   0 0.00    M    M  4.3 14 190   M    M   2        17 210
29  41  21  31  -3  34   0 0.00    M    M  8.7 17 330   M    M   6        24 350
30  33  13  23 -11  42   0 0.00    M    M  6.0 12  20   M    M   1        16  30
================================================================================
SM 1191  673       816   0  2.31     0.0 204.4          M      145
================================================================================
AV 44.1 24.9                               7.0 FASTST   M    M   5    MAX(MPH)
                                 MISC ---->  # 20 340               # 26  320
================================================================================
NOTES:
# LAST OF SEVERAL OCCURRENCES

COLUMN 17 PEAK WIND IN M.P.H.

PRELIMINARY LOCAL CLIMATOLOGICAL DATA (WS FORM: F-6) , PAGE 2

                                          STATION:  WEST PLAINS MO
                                          MONTH:    DECEMBER
                                          YEAR:     2013
                                          LATITUDE:   36 52 N
                                          LONGITUDE:  91 55 W

[TEMPERATURE DATA]      [PRECIPITATION DATA]       SYMBOLS USED IN COLUMN 16

AVERAGE MONTHLY: 34.5   TOTAL FOR MONTH:   2.31    1 = FOG OR MIST
DPTR FM NORMAL:  -1.8   DPTR FM NORMAL:   -1.27    2 = FOG REDUCING VISIBILITY
HIGHEST:    67 ON  4    GRTST 24HR  1.56 ON 20-21      TO 1/4 MILE OR LESS
LOWEST:      6 ON  7                               3 = THUNDER
                        SNOW, ICE PELLETS, HAIL    4 = ICE PELLETS
                        TOTAL MONTH:   0.0 INCH    5 = HAIL
                        GRTST 24HR     0.0         6 = FREEZING RAIN OR DRIZZLE
                        GRTST DEPTH:   0           7 = DUSTSTORM OR SANDSTORM:
                                                       VSBY 1/2 MILE OR LESS
                                                   8 = SMOKE OR HAZE
[NO. OF DAYS WITH]      [WEATHER - DAYS WITH]      9 = BLOWING SNOW
                                                   X = TORNADO
MAX 32 OR BELOW:   5    0.01 INCH OR MORE:   5
MAX 90 OR ABOVE:   0    0.10 INCH OR MORE:   4
MIN 32 OR BELOW:  19    0.50 INCH OR MORE:   2
MIN  0 OR BELOW:   0    1.00 INCH OR MORE:   1

[HDD (BASE 65) ]
TOTAL THIS MO.   816    CLEAR  (SCALE 0-3)  12
DPTR FM NORMAL   -48    PTCLDY (SCALE 4-7)  10
TOTAL FM JUL 1  1728    CLOUDY (SCALE 8-10)  8
DPTR FM NORMAL    12

[CDD (BASE 65) ]
TOTAL THIS MO.     0
DPTR FM NORMAL     0    [PRESSURE DATA]
TOTAL FM JAN 1  1073    HIGHEST SLP M ON M
DPTR FM NORMAL  -281    LOWEST  SLP 29.51 ON 21

[REMARKS]
