000
CXUS53 KSGF 010800
CF6UNO
PRELIMINARY LOCAL CLIMATOLOGICAL DATA (WS FORM: F-6)

                                          STATION:   WEST PLAINS MO
                                          MONTH:     AUGUST
                                          YEAR:      2010
                                          LATITUDE:   36 52 N
                                          LONGITUDE:  91 55 W

  TEMPERATURE IN F:       :PCPN:    SNOW:  WIND      :SUNSHINE: SKY     :PK WND
================================================================================
1   2   3   4   5  6A  6B    7    8   9   10  11  12  13   14  15   16   17  18
                                     12Z  AVG MX 2MIN
DY MAX MIN AVG DEP HDD CDD  WTR  SNW DPTH SPD SPD DIR MIN PSBL S-S WX    SPD DR
================================================================================

 1  94  71  83   5   0  18 0.00    M    M  4.8 12 100   M    M   2 1      15  90
 2  99  73  86   8   0  21 0.00    M    M  5.4 12 170   M    M   2        16 190
 3 103  76  90  12   0  25 0.00    M    M  5.1 15 260   M    M   0 1      24 240
 4 102  73  88  10   0  23 0.00    M    M  5.5 16 270   M    M   0        23 190
 5  88  72  80   3   0  15 0.08    M    M  4.7 15  30   M    M   1 138    21  30
 6  94  71  83   6   0  18 0.00    M    M  4.5 13 120   M    M   2        20 150
 7  92  65  79   2   0  14 0.00    M    M  4.9 14 150   M    M   0 1      18 160
 8  98  68  83   6   0  18 0.00    M    M  3.8 16 160   M    M   2 18     23 260
 9  99  73  86   9   0  21 0.00    M    M  3.7 16 140   M    M   2 13     24 150
10  97  73  85   8   0  20    T    M    M  1.8 18 100   M    M   0 13     24 110
11 103  73  88  11   0  23 0.00    M    M  3.3 16  50   M    M   1 13     20  60
12 101  76  89  12   0  24 0.00    M    M  4.8 17  20   M    M   0 3      23  10
13 100  72  86   9   0  21 0.00    M    M  5.3 16 170   M    M   0        21 160
14  99  74  87  10   0  22 0.00    M    M  5.9 20 360   M    M   1        29  10
15  96  73  85   9   0  20 0.00    M    M  7.2 18 320   M    M   2        29 250
16  93  64  79   3   0  14 0.00    M    M  6.5 16  60   M    M   0        22  50
17  91  62  77   1   0  12 0.00    M    M  6.4 16 100   M    M   1        20  70
18  97  66  82   6   0  17 0.00    M    M  3.0 10  10   M    M   4        15 330
19 100  69  85   9   0  20 0.00    M    M  4.2 16 160   M    M   1 18     23 170
20  94  77  86  10   0  21 0.15    M    M  5.0 21 170   M    M   2 138    29 170
21 101  74  88  13   0  23 0.21    M    M  6.9 15 260   M    M   2 13     22 260
22  94  71  83   8   0  18 0.00    M    M  7.0 15  30   M    M   3 1      20  30
23  96  65  81   6   0  16 0.00    M    M  4.8 14  20   M    M   0 18     20  70
24  91  59  75   0   0  10 0.00    M    M  6.6 17  50   M    M   0        25  30
25  88  62  75   1   0  10 0.00    M    M  9.8 18  30   M    M   1        23  10
26  87  56  72  -2   0   7 0.00    M    M  4.6 14  30   M    M   0        20 360
27  89  52  71  -3   0   6 0.00    M    M  4.3 13 130   M    M   0        21  80
28  93  54  74   0   0   9 0.00    M    M  5.3 15 150   M    M   0        22 150
29  87  68  78   5   0  13    T    M    M  7.7 22 120   M    M   3        29 110
30  85  72  79   6   0  14 0.79    M    M  8.3 17 160   M    M   7 1      23 150
31  88  73  81   8   0  16    T    M    M  8.9 17 160   M    M   5 1      25 150
================================================================================
SM 2939 2127         0 529  1.23    M    170.0          M       44
================================================================================
AV 94.8 68.6                               5.5 FASTST   M    M   1    MAX(MPH)
                                 MISC ---->  # 22 120               # 29   10
================================================================================
NOTES:
# LAST OF SEVERAL OCCURRENCES

COLUMN 17 PEAK WIND IN M.P.H.

PRELIMINARY LOCAL CLIMATOLOGICAL DATA (WS FORM: F-6) , PAGE 2

                                          STATION:  WEST PLAINS MO
                                          MONTH:    AUGUST
                                          YEAR:     2010
                                          LATITUDE:   36 52 N
                                          LONGITUDE:  91 55 W

[TEMPERATURE DATA]      [PRECIPITATION DATA]       SYMBOLS USED IN COLUMN 16

AVERAGE MONTHLY: 81.7   TOTAL FOR MONTH:   1.23    1 = FOG OR MIST
DPTR FM NORMAL:   5.8   DPTR FM NORMAL:   -1.93    2 = FOG REDUCING VISIBILITY
HIGHEST:   103 ON 11, 3 GRTST 24HR  0.79 ON 30-30      TO 1/4 MILE OR LESS
LOWEST:     52 ON 27                               3 = THUNDER
                        SNOW, ICE PELLETS, HAIL    4 = ICE PELLETS
                        TOTAL MONTH:    M          5 = HAIL
                        GRTST 24HR    M  ON   M    6 = FREEZING RAIN OR DRIZZLE
                        GRTST DEPTH:  M  ON   M    7 = DUSTSTORM OR SANDSTORM:
                                                       VSBY 1/2 MILE OR LESS
                                                   8 = SMOKE OR HAZE
[NO. OF DAYS WITH]      [WEATHER - DAYS WITH]      9 = BLOWING SNOW
                                                   X = TORNADO
MAX 32 OR BELOW:   0    0.01 INCH OR MORE:   4
MAX 90 OR ABOVE:  24    0.10 INCH OR MORE:   3
MIN 32 OR BELOW:   0    0.50 INCH OR MORE:   1
MIN  0 OR BELOW:   0    1.00 INCH OR MORE:   0

[HDD (BASE 65) ]
TOTAL THIS MO.     0    CLEAR  (SCALE 0-3)  27
DPTR FM NORMAL    -7    PTCLDY (SCALE 4-7)   4
TOTAL FM JUL 1     0    CLOUDY (SCALE 8-10)  0
DPTR FM NORMAL    -7

[CDD (BASE 65) ]
TOTAL THIS MO.   529
DPTR FM NORMAL   187    [PRESSURE DATA]
TOTAL FM JAN 1  1576    HIGHEST SLP 30.15 ON 27
DPTR FM NORMAL   550    LOWEST  SLP 29.66 ON 13

[REMARKS]
#FINAL-08-10#
