000
CXUS53 KSGF 010800
CF6UNO
PRELIMINARY LOCAL CLIMATOLOGICAL DATA (WS FORM: F-6)

                                          STATION:   WEST PLAINS MO
                                          MONTH:     MARCH
                                          YEAR:      2010
                                          LATITUDE:   36 52 N
                                          LONGITUDE:  91 55 W

  TEMPERATURE IN F:       :PCPN:    SNOW:  WIND      :SUNSHINE: SKY     :PK WND
================================================================================
1   2   3   4   5  6A  6B    7    8   9   10  11  12  13   14  15   16   17  18
                                     12Z  AVG MX 2MIN
DY MAX MIN AVG DEP HDD CDD  WTR  SNW DPTH SPD SPD DIR MIN PSBL S-S WX    SPD DR
================================================================================

 1  45  32  39  -2  26   0 0.00    M    M  9.4 17  20   M    M   3        22  10
 2  40  29  35  -6  30   0 0.00    M    M  8.3 16  20   M    M  10        22  10
 3  49  23  36  -6  29   0 0.00    M    M  6.7 17 310   M    M   1 18     25  10
 4  54  19  37  -4  28   0 0.00    M    M  2.7 10 290   M    M   0        16 230
 5  56  25  41  -1  24   0 0.00    M    M  5.5 12 170   M    M   0        17 110
 6  60  26  43   1  22   0 0.00    M    M  5.5 13 140   M    M   0 8      23 180
 7  71  44  58  15   7   0 0.00    M    M  6.5 17 260   M    M   5 8      22 230
 8  69  36  53  10  12   0 0.07    M    M  7.4 21 200   M    M   3 128    26 200
 9  61  48  55  12  10   0 0.10    M    M 11.3 22 170   M    M   9 12     30 180
10  73  46  60  16   5   0 0.10    M    M  9.5 24 190   M    M   2 13     32 200
11  56  38  47   3  18   0 0.00    M    M  7.1 20 270   M    M   3 12     26 240
12  48  39  44   0  21   0 0.10    M    M  5.4 14 270   M    M   9 1      20 270
13  44  39  42  -3  23   0    T    M    M  9.4 20 300   M    M  10 1      29 310
14  49  42  46   1  19   0    T    M    M  9.4 17 320   M    M  10 18     23 320
15  61  44  53   8  12   0 0.00    M    M  9.1 20 340   M    M   7 18     25 310
16  46  35  41  -4  24   0 0.00    M    M  6.8 14 340   M    M   9 18     17 350
17  56  37  47   1  18   0 0.00    M    M  6.9 14 340   M    M   6 1      20 320
18  64  35  50   4  15   0 0.00    M    M  4.0 12 240   M    M   0 18     23 240
19  67  35  51   5  14   0 0.00    M    M  6.1 16 180   M    M   1        22 170
20  57  40  49   2  16   0 0.27    M    M  8.5 17  30   M    M   6 18     22  30
21  42  37  40  -7  25   0 0.78    M    M 15.6 24  30   M    M  10 1      33  20
22  66  39  53   6  12   0 0.02    M    M  8.9 20 340   M    M   4        28 350
23  69  30  50   2  15   0 0.00    M    M  3.7 10 170   M    M   0        14 190
24  68  44  56   8   9   0    T    M    M  5.8 17 180   M    M   1 8      24 180
25  56  39  48   0  17   0 1.40    M    M  7.3 23  10   M    M   8 1      37  10
26  56  31  44  -5  21   0 0.00    M    M  5.9 13 160   M    M   0        21  90
27  62  37  50   1  15   0 0.36    M    M 10.3 25 160   M    M   4 13     38 140
28  57  40  49   0  16   0 0.18    M    M 11.8 21 320   M    M   7 18     30 330
29  64  35  50   0  15   0 0.00    M    M  4.5 13 310   M    M   0 8      17 290
30  72  33  53   3  12   0 0.00    M    M  7.6 18 150   M    M   0        24 180
31  80  51  66  16   0   1 0.00    M    M 11.6 21 180   M    M   0        29 160
================================================================================
SM 1818 1128       530   1  3.38    M    238.5          M      128
================================================================================
AV 58.6 36.4                               7.7 FASTST   M    M   4    MAX(MPH)
                                 MISC ---->  # 25 160               # 38  140
================================================================================
NOTES:
# LAST OF SEVERAL OCCURRENCES

COLUMN 17 PEAK WIND IN M.P.H.

PRELIMINARY LOCAL CLIMATOLOGICAL DATA (WS FORM: F-6) , PAGE 2

                                          STATION:  WEST PLAINS MO
                                          MONTH:    MARCH
                                          YEAR:     2010
                                          LATITUDE:   36 52 N
                                          LONGITUDE:  91 55 W

[TEMPERATURE DATA]      [PRECIPITATION DATA]       SYMBOLS USED IN COLUMN 16

AVERAGE MONTHLY: 47.5   TOTAL FOR MONTH:   3.38    1 = FOG OR MIST
DPTR FM NORMAL:   2.0   DPTR FM NORMAL:   -1.42    2 = FOG REDUCING VISIBILITY
HIGHEST:    80 ON 31    GRTST 24HR  1.40 ON 25-25      TO 1/4 MILE OR LESS
LOWEST:     19 ON  4                               3 = THUNDER
                        SNOW, ICE PELLETS, HAIL    4 = ICE PELLETS
                        TOTAL MONTH:    M          5 = HAIL
                        GRTST 24HR    M  ON   M    6 = FREEZING RAIN OR DRIZZLE
                        GRTST DEPTH:  M  ON   M    7 = DUSTSTORM OR SANDSTORM:
                                                       VSBY 1/2 MILE OR LESS
                                                   8 = SMOKE OR HAZE
[NO. OF DAYS WITH]      [WEATHER - DAYS WITH]      9 = BLOWING SNOW
                                                   X = TORNADO
MAX 32 OR BELOW:   0    0.01 INCH OR MORE:  10
MAX 90 OR ABOVE:   0    0.10 INCH OR MORE:   8
MIN 32 OR BELOW:   8    0.50 INCH OR MORE:   2
MIN  0 OR BELOW:   0    1.00 INCH OR MORE:   1

[HDD (BASE 65) ]
TOTAL THIS MO.   530    CLEAR  (SCALE 0-3)  15
DPTR FM NORMAL   -75    PTCLDY (SCALE 4-7)   8
TOTAL FM JUL 1  4207    CLOUDY (SCALE 8-10)  8
DPTR FM NORMAL   -62

[CDD (BASE 65) ]
TOTAL THIS MO.     1
DPTR FM NORMAL     1    [PRESSURE DATA]
TOTAL FM JAN 1     1    HIGHEST SLP 30.30 ON 16
DPTR FM NORMAL     1    LOWEST  SLP 29.39 ON 10

[REMARKS]
#FINAL-03-10#
