000
CXUS53 KSGF 181501
CF6UNO
PRELIMINARY LOCAL CLIMATOLOGICAL DATA (WS FORM: F-6)

                                          STATION:   WEST PLAINS MO
                                          MONTH:     FEBRUARY
                                          YEAR:      2014
                                          LATITUDE:   36 52 N
                                          LONGITUDE:  91 55 W

  TEMPERATURE IN F:       :PCPN:    SNOW:  WIND      :SUNSHINE: SKY     :PK WND
================================================================================
1   2   3   4   5  6A  6B    7    8   9   10  11  12  13   14  15   16   17  18
                                     12Z  AVG MX 2MIN
DY MAX MIN AVG DEP HDD CDD  WTR  SNW DPTH SPD SPD DIR MIN PSBL S-S WX    SPD DR
================================================================================

 1  51  29  40   5  25   0 0.19    M    M  8.7 17 350   M    M  10 1      22 360
 2  29  15  22 -13  43   0    T    M    M 10.8 18  20   M    M   9 12     24  20
 3  36   7  22 -13  43   0 0.00    M    M  6.3 13  50   M    M   0        15  50
 4  29  24  27  -8  38   0    M    M    M  8.8 18  60   M    M   8 1268   25  70
 5  27  11  19 -17  46   0    M    M    M 11.3 21 320   M    M   7 18     28 340
 6  19   6  13 -23  52   0 0.00    M    M  6.8 14  10   M    M   3        17 360
 7  19   2  11 -25  54   0 0.00    M    M  4.5  8 110   M    M   7        11 170
 8  30  16  23 -13  42   0 0.00    M    M  3.1  8 170   M    M  10 18     10 170
 9  32  22  27  -9  38   0 0.00    M    M  6.3 14  20   M    M   9 18     18  20
10  27  16  22 -14  43   0    T    M    M  9.1 15  30   M    M   3 18     20  30
11  29   9  19 -18  46   0 0.00    M    M  5.4 13  50   M    M   1        16  40
12  42   6  24 -13  41   0 0.00    M    M  3.0  9 270   M    M   0        11 270
13  52  19  36  -1  29   0 0.00    M    M  7.0 17 250   M    M   0        22 250
14  49  23  36  -1  29   0 0.06    M    M 10.5 24 320   M    M   7 18     34 320
15  37  15  26 -12  39   0 0.00    M    M  5.5 17 160   M    M   3 18     22 160
16  50  24  37  -1  28   0 0.00    M    M  6.9 14 120   M    M   1 18     20 130
17  59  31  45   7  20   0    T    M    M 10.3 30 310   M    M   5 18     41 300
18  64  27  46   8  19   0 0.00    M    M  8.3 20 170   M    M   0        27 170
19  60  34  47   8  18   0 0.00    M    M  7.3 16 120   M    M   3        23 120
20  75  34  55  16  10   0 0.00    M    M 15.1 38 270   M    M   7 1      52 270
21  57  30  44   5  21   0 0.00    M    M  8.9 17 230   M    M   0        24 280
22  67  27  47   7  18   0 0.00    M    M  7.3 18 230   M    M   0 8      25 230
23  50  29  40   0  25   0 0.00    M    M 12.3 23  30   M    M   3 1      29  20
24  45  20  33  -7  32   0 0.00    M    M  7.3 15  70   M    M   3        20  60
25  40  24  32  -9  33   0 0.00    M    M  7.7 18 360   M    M   3        23  10
26  32  13  23 -18  42   0    T    M    M  9.0 18 340   M    M   2        25 330
27  46  18  32  -9  33   0 0.00    M    M  7.2 15 350   M    M   0        22 350
28  47  21  34  -8  31   0    T    M    M  9.5 17 170   M    M   4        24 160
================================================================================
SM 1200  552       938   0  0.25    M    224.2          M      108
================================================================================
AV 42.9 19.7                               8.0 FASTST   M    M   4    MAX(MPH)
                                 MISC ---->  # 38 270               # 52  270
================================================================================
NOTES:
# LAST OF SEVERAL OCCURRENCES

COLUMN 17 PEAK WIND IN M.P.H.

PRELIMINARY LOCAL CLIMATOLOGICAL DATA (WS FORM: F-6) , PAGE 2

                                          STATION:  WEST PLAINS MO
                                          MONTH:    FEBRUARY
                                          YEAR:     2014
                                          LATITUDE:   36 52 N
                                          LONGITUDE:  91 55 W

[TEMPERATURE DATA]      [PRECIPITATION DATA]       SYMBOLS USED IN COLUMN 16

AVERAGE MONTHLY: 31.3   TOTAL FOR MONTH:   0.25    1 = FOG OR MIST
DPTR FM NORMAL:  -6.6   DPTR FM NORMAL:   -2.59    2 = FOG REDUCING VISIBILITY
HIGHEST:    75 ON 20    GRTST 24HR  0.19 ON  1- 1      TO 1/4 MILE OR LESS
LOWEST:      2 ON  7                               3 = THUNDER
                        SNOW, ICE PELLETS, HAIL    4 = ICE PELLETS
                        TOTAL MONTH:    M          5 = HAIL
                        GRTST 24HR    M  ON   M    6 = FREEZING RAIN OR DRIZZLE
                        GRTST DEPTH:  M  ON   M    7 = DUSTSTORM OR SANDSTORM:
                                                       VSBY 1/2 MILE OR LESS
                                                   8 = SMOKE OR HAZE
[NO. OF DAYS WITH]      [WEATHER - DAYS WITH]      9 = BLOWING SNOW
                                                   X = TORNADO
MAX 32 OR BELOW:  10    0.01 INCH OR MORE:   2
MAX 90 OR ABOVE:   0    0.10 INCH OR MORE:   1
MIN 32 OR BELOW:  26    0.50 INCH OR MORE:   0
MIN  0 OR BELOW:   0    1.00 INCH OR MORE:   0

[HDD (BASE 65) ]
TOTAL THIS MO.   938    CLEAR  (SCALE 0-3)  14
DPTR FM NORMAL   178    PTCLDY (SCALE 4-7)  10
TOTAL FM JUL 1  3798    CLOUDY (SCALE 8-10)  4
DPTR FM NORMAL   334

[CDD (BASE 65) ]
TOTAL THIS MO.     0
DPTR FM NORMAL     0    [PRESSURE DATA]
TOTAL FM JAN 1     0    HIGHEST SLP 30.63 ON  6
DPTR FM NORMAL     0    LOWEST  SLP 29.41 ON 20

[REMARKS]
#FINAL-02-14#
