000
CXUS53 KSGF 010800
CF6UNO
PRELIMINARY LOCAL CLIMATOLOGICAL DATA (WS FORM: F-6)

                                          STATION:   WEST PLAINS MO
                                          MONTH:     SEPTEMBER
                                          YEAR:      2015
                                          LATITUDE:   36 52 N
                                          LONGITUDE:  91 55 W

  TEMPERATURE IN F:       :PCPN:    SNOW:  WIND      :SUNSHINE: SKY     :PK WND
================================================================================
1   2   3   4   5  6A  6B    7    8   9   10  11  12  13   14  15   16   17  18
                                     12Z  AVG MX 2MIN
DY MAX MIN AVG DEP HDD CDD  WTR  SNW DPTH SPD SPD DIR MIN PSBL S-S WX    SPD DR
================================================================================

 1  87  67  77   3   0  12 0.00    M    M  3.7 14 170   M    M   1 1      18 170
 2  89  66  78   4   0  13 0.00    M    M  3.2 10 210   M    0   0 1      14 230
 3  89  65  77   3   0  12 0.00  0.0    0  1.9  9 240   M    M   1 18     14 210
 4  89  66  78   4   0  13 0.00    M    M  2.2  8 160   M    M   1 18     12 220
 5  92  66  79   6   0  14 0.00    M    M  2.5  9  90   M    M   1 18     13 160
 6  91  67  79   6   0  14 0.00    M    M  3.3  9 100   M    M   0 18     12 160
 7  89  66  78   6   0  13 0.00  0.0    0  3.3 10 160   M    M   1 18     13 140
 8  87  71  79   7   0  14 0.08  0.0    0  5.2 18 320   M    M   4 18     25 320
 9  80  64  72   0   0   7 0.40    M    M  3.5 10  60   M    M   5 1      13 100
10  87  62  75   4   0  10 0.00  0.0    0  3.8 12 230   M    M   1        15 230
11  77  55  66  -5   0   1 0.49  0.0    0  8.5 30 320   M    M   3 13     41 330
12  70  47  59 -11   6   0 0.00  0.0    0  6.6 17  10   M    M   1        26 350
13  73  44  59 -11   6   0 0.00    M    M  2.8  9 160   M    M   0 1      13 190
14  79  55  67  -3   0   2 0.00    M    M  7.2 14 190   M    M   1        19 180
15  82  54  68  -1   0   3 0.00    M    M  6.4 15 160   M    M   0        20 180
16  82  57  70   1   0   5 0.00  0.0    0  5.1 14 170   M    M   3        17 160
17  88  65  77   9   0  12 0.00    M    M  7.6 15 220   M    M   0        21 200
18  89  67  78  10   0  13 0.00    M    M  6.2 12 210   M    M   0        15 210
19  77  55  66  -1   0   1    T    M    M  7.1 16  10   M    M   2        21  10
20  70  50  60  -7   5   0 0.00    M    M  3.2 10  90   M    M   1        14 100
21  80  49  65  -2   0   0 0.00    M    M  1.7  8 120   M    M   0        11 150
22  83  52  68   2   0   3 0.00    M    M  2.3 10 110   M    M   0        15 130
23  84  53  69   3   0   4 0.00    M    M  2.6  9 100   M    M   0 1      13  90
24  84  55  70   5   0   5 0.00    M    M  2.5 12  20   M    M   0        15  30
25  84  55  70   5   0   5 0.00    M    M  4.3 13  50   M    M   1        17  60
26  76  56  66   2   0   1 0.00    M    M  5.9 13  70   M    M   5 18     18 110
27  73  58  66   2   0   1    T    M    M  0.6  6 140   M    M   9 12      8 150
28  81  58  70   6   0   5    T    M    M  2.0 12 120   M    M  10 128    15 100
29  82  66  74  11   0   9    T  0.0    M  4.5 13 350   M    M   M 1      15  20
30  72  52  62  -1   3   0    T    M    M  7.0 14  30   M    M   M 1      18  20
================================================================================
SM 2466 1763        20 192  0.97     0.0 126.7          M       51
================================================================================
AV 82.2 58.8                               4.2 FASTST   M    0   2    MAX(MPH)
                                 MISC ---->  # 30 320               # 41  330
================================================================================
NOTES:
# LAST OF SEVERAL OCCURRENCES

COLUMN 17 PEAK WIND IN M.P.H.

PRELIMINARY LOCAL CLIMATOLOGICAL DATA (WS FORM: F-6) , PAGE 2

                                          STATION:  WEST PLAINS MO
                                          MONTH:    SEPTEMBER
                                          YEAR:     2015
                                          LATITUDE:   36 52 N
                                          LONGITUDE:  91 55 W

[TEMPERATURE DATA]      [PRECIPITATION DATA]       SYMBOLS USED IN COLUMN 16

AVERAGE MONTHLY: 70.5   TOTAL FOR MONTH:   0.97    1 = FOG OR MIST
DPTR FM NORMAL:   1.6   DPTR FM NORMAL:   -3.12    2 = FOG REDUCING VISIBILITY
HIGHEST:    92 ON  5    GRTST 24HR  0.49 ON 11-11      TO 1/4 MILE OR LESS
LOWEST:     44 ON 13                               3 = THUNDER
                        SNOW, ICE PELLETS, HAIL    4 = ICE PELLETS
                        TOTAL MONTH:   0.0 INCH    5 = HAIL
                        GRTST 24HR     0.0         6 = FREEZING RAIN OR DRIZZLE
                        GRTST DEPTH:   0           7 = DUSTSTORM OR SANDSTORM:
                                                       VSBY 1/2 MILE OR LESS
                                                   8 = SMOKE OR HAZE
[NO. OF DAYS WITH]      [WEATHER - DAYS WITH]      9 = BLOWING SNOW
                                                   X = TORNADO
MAX 32 OR BELOW:   0    0.01 INCH OR MORE:   3
MAX 90 OR ABOVE:   2    0.10 INCH OR MORE:   2
MIN 32 OR BELOW:   0    0.50 INCH OR MORE:   0
MIN  0 OR BELOW:   0    1.00 INCH OR MORE:   0

[HDD (BASE 65) ]
TOTAL THIS MO.    20    CLEAR  (SCALE 0-3)  21
DPTR FM NORMAL   -21    PTCLDY (SCALE 4-7)   5
TOTAL FM JUL 1    20    CLOUDY (SCALE 8-10)  2
DPTR FM NORMAL   -22

[CDD (BASE 65) ]
TOTAL THIS MO.   192
DPTR FM NORMAL    36    [PRESSURE DATA]
TOTAL FM JAN 1  1349    HIGHEST SLP M ON M
DPTR FM NORMAL    21    LOWEST  SLP 29.78 ON 18

[REMARKS]
#FINAL-09-15#
#FINAL-09-15#
