000
CXUS53 KSGF 010800
CF6UNO
PRELIMINARY LOCAL CLIMATOLOGICAL DATA (WS FORM: F-6)

                                          STATION:   WEST PLAINS MO
                                          MONTH:     OCTOBER
                                          YEAR:      2013
                                          LATITUDE:   36 52 N
                                          LONGITUDE:  91 55 W

  TEMPERATURE IN F:       :PCPN:    SNOW:  WIND      :SUNSHINE: SKY     :PK WND
================================================================================
1   2   3   4   5  6A  6B    7    8   9   10  11  12  13   14  15   16   17  18
                                     12Z  AVG MX 2MIN
DY MAX MIN AVG DEP HDD CDD  WTR  SNW DPTH SPD SPD DIR MIN PSBL S-S WX    SPD DR
================================================================================

 1  81  67  74  12   0   9 0.00    M    M  5.1 12 130   M    M   7 12     17 200
 2  78  62  70   8   0   5 0.00    M    M  4.7 14 160   M    M   7 12     17 170
 3  79  65  72  10   0   7 0.02    M    M  7.0 13 150   M    M   6 1      17 140
 4  84  67  76  15   0  11 0.00    M    M  7.7 17 150   M    M   3 1      23 160
 5  75  50  63   2   2   0 1.03    M    M  6.4 18 310   M    M   9 13     23 310
 6  62  44  53  -7  12   0 0.00    M    M  7.2 18 270   M    M   3        26 270
 7  69  45  57  -3   8   0 0.00  0.0    0  5.2 13 340   M    M   3 8      17 320
 8  69  43  56  -4   9   0 0.00  0.0    0  3.2 14  90   M    M   0        17 120
 9  73  41  57  -2   8   0 0.00    M    0  1.4 10 130   M    M   0        14 130
10  74  48  61   2   4   0 0.00    M    M  3.0 12 120   M    M   1 12      M  M
11  75  50  63   4   2   0 0.00    M    M  5.8 17 170   M    M   5 12     23 170
12  78  55  67   9   0   2 0.30    M    M  4.6 15 290   M    M   4 13     23 300
13  73  49  61   3   4   0 0.00    M    M  6.6 18  50   M    M   2        23  40
14  68  49  59   1   6   0 0.02    M    0  5.9 12 120   M    M   2        16 120
15  68  53  61   3   4   0 0.16  0.0    0  5.4 12 300   M    M   9 1      18 310
16  64  46  55  -2  10   0 0.06    M    0  4.8 13 320   M    M   4 1      16 340
17  65  43  54  -3  11   0 0.01    M    0  3.4 13 280   M    M   4        18 250
18  65  42  54  -3  11   0 0.11    M    M  4.3 14  10   M    M   4        17  10
19  57  40  49  -7  16   0 0.09    M    M  6.2 14 260   M    M   3 1      17 250
20  66  40  53  -3  12   0 0.00    M    M  7.4 15 190   M    M   0        21 220
21  59  41  50  -6  15   0 0.02    M    M  4.3 12 340   M    M   6        17 310
22  65  33  49  -7  16   0 0.00    M    M  6.2 17 260   M    M   2        24 280
23   M  35   M   M   M   M 0.00    M    M   M   M   M   M    M   4 8       M  M
24  53  33  43 -12  22   0 0.00    M    M  6.8 18  10   M    M   4        23  10
25  53  26  40 -15  25   0 0.00    M    M  3.5 10 160   M    M   0        14  40
26  65  36  51  -3  14   0 0.00    M    M  6.4 15 280   M    M   4        20 270
27  63  32  48  -6  17   0 0.00    M    M  3.3 10 120   M    M   0 8      14 120
28  67  36  52  -2  13   0 0.00    M    M  2.8 10 160   M    M   3 12     14 160
29  65  50  58   5   7   0 0.62    M    M  6.2 13 130   M    M   9 12     16 130
30  71  61  66  13   0   1 0.58    M    M  8.8 17 180   M    M   9 12     23 200
31  73  47  60   7   5   0 0.49    M    M  9.8 22 230   M    M   7 1      35 260
================================================================================
SM 2057 1429       253  35  3.51     0.0 163.4          M      124
================================================================================
AV 68.6 46.1                               5.4 FASTST   M    M   4    MAX(MPH)
                                 MISC ---->  # 22 230               # 35  260
================================================================================
NOTES:
# LAST OF SEVERAL OCCURRENCES

COLUMN 17 PEAK WIND IN M.P.H.

PRELIMINARY LOCAL CLIMATOLOGICAL DATA (WS FORM: F-6) , PAGE 2

                                          STATION:  WEST PLAINS MO
                                          MONTH:    OCTOBER
                                          YEAR:     2013
                                          LATITUDE:   36 52 N
                                          LONGITUDE:  91 55 W

[TEMPERATURE DATA]      [PRECIPITATION DATA]       SYMBOLS USED IN COLUMN 16

AVERAGE MONTHLY: 57.3   TOTAL FOR MONTH:   3.51    1 = FOG OR MIST
DPTR FM NORMAL:  -0.1   DPTR FM NORMAL:   -0.33    2 = FOG REDUCING VISIBILITY
HIGHEST:    84 ON  4    GRTST 24HR  1.04 ON  5- 6      TO 1/4 MILE OR LESS
LOWEST:     26 ON 25                               3 = THUNDER
                        SNOW, ICE PELLETS, HAIL    4 = ICE PELLETS
                        TOTAL MONTH:   0.0 INCH    5 = HAIL
                        GRTST 24HR     0.0         6 = FREEZING RAIN OR DRIZZLE
                        GRTST DEPTH:   0           7 = DUSTSTORM OR SANDSTORM:
                                                       VSBY 1/2 MILE OR LESS
                                                   8 = SMOKE OR HAZE
[NO. OF DAYS WITH]      [WEATHER - DAYS WITH]      9 = BLOWING SNOW
                                                   X = TORNADO
MAX 32 OR BELOW:   0    0.01 INCH OR MORE:  13
MAX 90 OR ABOVE:   0    0.10 INCH OR MORE:   7
MIN 32 OR BELOW:   2    0.50 INCH OR MORE:   3
MIN  0 OR BELOW:   0    1.00 INCH OR MORE:   1

[HDD (BASE 65) ]
TOTAL THIS MO.   253    CLEAR  (SCALE 0-3)  13
DPTR FM NORMAL    -8    PTCLDY (SCALE 4-7)  14
TOTAL FM JUL 1   273    CLOUDY (SCALE 8-10)  4
DPTR FM NORMAL   -30

[CDD (BASE 65) ]
TOTAL THIS MO.    35
DPTR FM NORMAL    11    [PRESSURE DATA]
TOTAL FM JAN 1  1073    HIGHEST SLP M ON M
DPTR FM NORMAL  -279    LOWEST  SLP 29.45 ON 31

[REMARKS]
#FINAL-10-13#
