000
CXUS53 KSGF 010710
CF6UNO
PRELIMINARY LOCAL CLIMATOLOGICAL DATA (WS FORM: F-6)
STATION: WEST PLAINS MO
MONTH: SEPTEMBER
YEAR: 2023
LATITUDE: 36 52 N
LONGITUDE: 91 55 W
TEMPERATURE IN F: :PCPN: SNOW: WIND :SUNSHINE: SKY :PK WND
================================================================================
1 2 3 4 5 6A 6B 7 8 9 10 11 12 13 14 15 16 17 18
12Z AVG MX 2MIN
DY MAX MIN AVG DEP HDD CDD WTR SNW DPTH SPD SPD DIR MIN PSBL S-S WX SPD DR
================================================================================
1 87 50 69 -5 0 4 0.00 M M 2.5 9 190 M M 0 17 150
2 89 53 71 -3 0 6 0.00 M M 3.4 12 170 M M 0 17 210
3 90 72 81 8 0 16 0.00 M M 5.3 12 160 M M 5 1 17 200
4 92 67 80 7 0 15 0.25 M M 6.8 25 250 M M 2 13 50 240
5 85 69 77 4 0 12 0.00 M M 10.1 15 150 M M 6 3 22 210
6 86 62 74 2 0 9 0.39 M M 5.8 24 270 M M 3 13 42 270
7 87 59 73 1 0 8 0.00 M M 3.0 13 330 M M 0 18 17 320
8 85 60 73 1 0 8 0.00 M M 4.8 13 60 M M 1 18 19 40
9 80 55 68 -4 0 3 0.00 M M 4.4 15 10 M M 1 22 10
10 85 56 71 0 0 6 0.00 M M 3.9 12 10 M M 0 20 50
11 82 59 71 0 0 6 0.12 M M 3.9 15 10 M M 2 1 20 10
12 78 58 68 -2 0 3 1.27 M M 4.1 13 10 M M 8 1 17 10
13 77 52 65 -5 0 0 0.00 M M 3.6 13 50 M M 0 16 50
14 79 52 66 -4 0 1 0.00 M M 3.9 13 110 M M 2 19 130
15 79 50 65 -4 0 0 0.00 M M 3.0 14 50 M M 0 19 30
16 81 57 69 0 0 4 0.18 M M 3.2 25 320 M M 4 1 40 330
17 78 54 66 -3 0 1 0.00 M M 5.3 16 340 M M 1 8 26 320
18 79 51 65 -3 0 0 0.00 M M 1.8 8 220 M M 0 18 14 260
19 82 52 67 -1 0 2 0.00 M M 5.3 15 190 M M 0 20 190
20 72 60 66 -2 0 1 0.19 M M 4.2 12 100 M M 8 1 16 100
21 84 58 71 4 0 6 0.00 M M 4.0 10 210 M M 2 1 16 150
22 79 63 71 4 0 6 0.38 M M 5.7 13 220 M M 2 1 21 200
23 84 60 72 6 0 7 0.18 M M 5.8 15 120 M M 1 13 20 180
24 80 65 73 7 0 8 0.19 M M 3.7 14 180 M M 6 13 21 160
25 86 60 73 7 0 8 0.00 M M 2.1 12 20 M M 3 1 17 340
26 86 57 72 7 0 7 0.00 M M 3.4 9 220 M M 0 17 180
27 81 64 73 8 0 8 T M M 2.3 9 270 M M 1 16 220
28 87 60 74 9 0 9 0.00 M M 1.7 10 190 M M 2 14 220
29 89 60 75 11 0 10 0.00 M M 1.7 10 210 M M 0 1 16 230
30 91 59 75 11 0 10 0.00 M M 2.5 8 120 M M 2 12 100
================================================================================
SM 2500 1754 0 184 3.15 M 121.2 M 62
================================================================================
AV 83.3 58.5 4.0 FASTST M M 2 MAX(MPH)
MISC ----> # 25 250 50 240
================================================================================
NOTES:
# LAST OF SEVERAL OCCURRENCES
COLUMN 17 PEAK WIND IN M.P.H.
PRELIMINARY LOCAL CLIMATOLOGICAL DATA (WS FORM: F-6) , PAGE 2
STATION: WEST PLAINS MO
MONTH: SEPTEMBER
YEAR: 2023
LATITUDE: 36 52 N
LONGITUDE: 91 55 W
[TEMPERATURE DATA] [PRECIPITATION DATA] SYMBOLS USED IN COLUMN 16
AVERAGE MONTHLY: 70.9 TOTAL FOR MONTH: 3.15 1 = FOG OR MIST
DPTR FM NORMAL: 1.8 DPTR FM NORMAL: 0.06 2 = FOG REDUCING VISIBILITY
HIGHEST: 92 ON 4 GRTST 24HR 1.39 ON 11-12 TO 1/4 MILE OR LESS
LOWEST: 50 ON 15, 1 3 = THUNDER
SNOW, ICE PELLETS, HAIL 4 = ICE PELLETS
TOTAL MONTH: M 5 = HAIL
GRTST 24HR M ON M 6 = FREEZING RAIN OR DRIZZLE
GRTST DEPTH: M ON M 7 = DUSTSTORM OR SANDSTORM:
VSBY 1/2 MILE OR LESS
8 = SMOKE OR HAZE
[NO. OF DAYS WITH] [WEATHER - DAYS WITH] 9 = BLOWING SNOW
X = TORNADO
MAX 32 OR BELOW: 0 0.01 INCH OR MORE: 9
MAX 90 OR ABOVE: 3 0.10 INCH OR MORE: 9
MIN 32 OR BELOW: 0 0.50 INCH OR MORE: 1
MIN 0 OR BELOW: 0 1.00 INCH OR MORE: 1
[HDD (BASE 65) ]
TOTAL THIS MO. 0 CLEAR (SCALE 0-3) 24
DPTR FM NORMAL -40 PTCLDY (SCALE 4-7) 6
TOTAL FM JUL 1 0 CLOUDY (SCALE 8-10) 0
DPTR FM NORMAL -40
[CDD (BASE 65) ]
TOTAL THIS MO. 184
DPTR FM NORMAL 21 [PRESSURE DATA]
TOTAL FM JAN 1 1427 HIGHEST SLP M ON M
DPTR FM NORMAL 92 LOWEST SLP 29.84 ON 4
[REMARKS]
#FINAL-09-23#