000
CXUS53 KSGF 010800
CF6UNO
PRELIMINARY LOCAL CLIMATOLOGICAL DATA (WS FORM: F-6)

                                          STATION:   WEST PLAINS MO
                                          MONTH:     SEPTEMBER
                                          YEAR:      2013
                                          LATITUDE:   36 52 N
                                          LONGITUDE:  91 55 W

  TEMPERATURE IN F:       :PCPN:    SNOW:  WIND      :SUNSHINE: SKY     :PK WND
================================================================================
1   2   3   4   5  6A  6B    7    8   9   10  11  12  13   14  15   16   17  18
                                     12Z  AVG MX 2MIN
DY MAX MIN AVG DEP HDD CDD  WTR  SNW DPTH SPD SPD DIR MIN PSBL S-S WX    SPD DR
================================================================================

 1  86  72  79   5   0  14 0.08    M    M  2.6 12 290   M    M   3 13     20 280
 2  87  66  77   3   0  12 0.00    M    M  6.3 13 320   M    M   0        17 310
 3  86  58  72  -2   0   7 0.00    M    M  2.6 12  20   M    M   0        24  10
 4  86  54  70  -4   0   5 0.00    M    M  1.3  8 110   M    M   0        13 130
 5  86  56  71  -2   0   6 0.00    M    M  1.7 10  90   M    M   0 1      14  70
 6  85  59  72  -1   0   7 0.00    M    M  1.3  9 150   M    M   0 1      13 140
 7  89  60  75   3   0  10 0.00    M    M  2.8 12 260   M    M   0 1      15 200
 8  88  66  77   5   0  12 0.00    M    M  2.9 13  20   M    M   1 8      16  30
 9  94  67  81   9   0  16 0.00    M    M  3.6 12 220   M    M   0 18     15 240
10  93  68  81  10   0  16 0.00    M    M  3.5 12 260   M    M   0 18     16 260
11  94  66  80   9   0  15    T    M    M  1.8 15 160   M    M   2 13     20 160
12  93  69  81  11   0  16 0.00    M    M  5.2 17  30   M    M   2 18     24  10
13  79  54  67  -3   0   2 0.00    M    M  6.9 13  20   M    M   0        17 360
14  75  46  61  -9   4   0 0.00    M    M  3.7 10 130   M    M   0        15 130
15  83  50  67  -2   0   2 0.00    M    M  2.4 12 200   M    M   1        17 200
16  75  63  69   0   0   4 0.05    M    M  5.0 13  50   M    M   8 1      16  70
17  80  62  71   3   0   6 0.16    M    M  4.1  9 100   M    M   5 18     13 120
18  84  69  77   9   0  12 0.00    M    M  5.2 10 220   M    M   3 1      16 120
19  88  69  79  12   0  14 0.58    M    M  5.9 22 250   M    M   1 138    32 210
20  74  58  66  -1   0   1 0.54    M    M  5.4 14 320   M    M   6 13     29 210
21  74  50  62  -5   3   0 0.00    M    M  5.2 15  10   M    M   0        21 280
22  74  46  60  -6   5   0 0.00    M    M  1.6 10 100   M    M   0        16 110
23  76  46  61  -5   4   0 0.00    M    M  3.8 13 130   M    M   0        17 130
24  80  52  66   1   0   1 0.00    M    M  2.7 12 220   M    M   2 1      14 230
25  79  55  67   2   0   2 0.00    M    M  2.8 12  20   M    M   3        15  20
26  81  55  68   4   0   3 0.00    M    M  3.2 10 110   M    M   3 12     15 150
27  81  57  69   5   0   4 0.00    M    M  4.0 13 130   M    M   1 1       M  M
28  81  63  72   8   0   7 0.19    M    M  6.9 18 180   M    M   6 1      25 290
29  73  60  67   4   0   2 0.05    M    M  4.4 13  40   M    M   8 1      16  40
30   M  62   M   M   M   M    M    M    M  5.0 12 150   M    M   7 12     15 130
================================================================================
SM 2404 1778        16 196  1.65    M    113.8          M       62
================================================================================
AV 82.9 59.3                               3.8 FASTST   M    M   2    MAX(MPH)
                                 MISC ---->  # 22 250               # 32  210
================================================================================
NOTES:
# LAST OF SEVERAL OCCURRENCES

COLUMN 17 PEAK WIND IN M.P.H.

PRELIMINARY LOCAL CLIMATOLOGICAL DATA (WS FORM: F-6) , PAGE 2

                                          STATION:  WEST PLAINS MO
                                          MONTH:    SEPTEMBER
                                          YEAR:     2013
                                          LATITUDE:   36 52 N
                                          LONGITUDE:  91 55 W

[TEMPERATURE DATA]      [PRECIPITATION DATA]       SYMBOLS USED IN COLUMN 16

AVERAGE MONTHLY: 71.1   TOTAL FOR MONTH:   1.65    1 = FOG OR MIST
DPTR FM NORMAL:   2.2   DPTR FM NORMAL:   -2.44    2 = FOG REDUCING VISIBILITY
HIGHEST:    94 ON 11, 9 GRTST 24HR  1.12 ON 19-20      TO 1/4 MILE OR LESS
LOWEST:     46 ON 23,22                            3 = THUNDER
                        SNOW, ICE PELLETS, HAIL    4 = ICE PELLETS
                        TOTAL MONTH:    M          5 = HAIL
                        GRTST 24HR    M  ON   M    6 = FREEZING RAIN OR DRIZZLE
                        GRTST DEPTH:  M  ON   M    7 = DUSTSTORM OR SANDSTORM:
                                                       VSBY 1/2 MILE OR LESS
                                                   8 = SMOKE OR HAZE
[NO. OF DAYS WITH]      [WEATHER - DAYS WITH]      9 = BLOWING SNOW
                                                   X = TORNADO
MAX 32 OR BELOW:   0    0.01 INCH OR MORE:   7
MAX 90 OR ABOVE:   4    0.10 INCH OR MORE:   4
MIN 32 OR BELOW:   0    0.50 INCH OR MORE:   2
MIN  0 OR BELOW:   0    1.00 INCH OR MORE:   0

[HDD (BASE 65) ]
TOTAL THIS MO.    16    CLEAR  (SCALE 0-3)  24
DPTR FM NORMAL   -25    PTCLDY (SCALE 4-7)   5
TOTAL FM JUL 1    20    CLOUDY (SCALE 8-10)  1
DPTR FM NORMAL   -22

[CDD (BASE 65) ]
TOTAL THIS MO.   196
DPTR FM NORMAL    40    [PRESSURE DATA]
TOTAL FM JAN 1  1038    HIGHEST SLP M ON M
DPTR FM NORMAL  -290    LOWEST  SLP 29.78 ON  1

[REMARKS]
#FINAL-09-13#
