000
CDUS43 KSGF 302226
CLIUNO


CLIMATE REPORT
NATIONAL WEATHER SERVICE SPRINGFIELD MO
526 PM CDT TUE AUG 30 2016


...................................

...THE WEST PLAINS MO CLIMATE SUMMARY FOR AUGUST 30 2016...
VALID TODAY AS OF 0500 PM LOCAL TIME.

CLIMATE NORMAL PERIOD 1981 TO 2010
CLIMATE RECORD PERIOD 1947 TO 2016


WEATHER ITEM   OBSERVED TIME   RECORD YEAR NORMAL DEPARTURE LAST
                VALUE   (LST)  VALUE       VALUE  FROM      YEAR
                                                  NORMAL
..................................................................
TEMPERATURE (F)
 TODAY
  MAXIMUM         92    257 PM 105    2000  87      5       85
  MINIMUM         71    600 AM  45    1986  63      8       66
  AVERAGE         82                        75      7       76

PRECIPITATION (IN)
  TODAY            0.00          4.88 1967   0.10  -0.10      T
  MONTH TO DATE    3.63                      3.11   0.52     4.52
  SINCE JUN 1     17.38                     10.68   6.70    18.10
  SINCE JAN 1     32.12                     29.95   2.17    35.71

DEGREE DAYS
 HEATING
  TODAY            0                         0      0        0
  MONTH TO DATE    0                         0      0        0
  SINCE JUN 1      0                         5     -5        5
  SINCE JUL 1      0                         0      0        0

 COOLING
  TODAY           17                        10      7       11
  MONTH TO DATE  380                       368     12      263
  SINCE JUN 1   1185                      1039    146     1022
  SINCE JAN 1   1278                      1161    117     1144
..................................................................


WIND (MPH)
  HIGHEST WIND SPEED     9   HIGHEST WIND DIRECTION     E (70)
  HIGHEST GUST SPEED    11   HIGHEST GUST DIRECTION    NE (60)


SKY COVER
  AVERAGE SKY COVER 0.1


WEATHER CONDITIONS
 THE FOLLOWING WEATHER WAS RECORDED TODAY.
  FOG


RELATIVE HUMIDITY (PERCENT)
 HIGHEST    93           100 AM
 LOWEST     47           300 PM
 AVERAGE    70

..........................................................


THE WEST PLAINS MO CLIMATE NORMALS FOR TOMORROW
                         NORMAL    RECORD    YEAR
 MAXIMUM TEMPERATURE (F)   87       104      2000
 MINIMUM TEMPERATURE (F)   63        50      2009
                                             1988


SUNRISE AND SUNSET
AUGUST 30 2016........SUNRISE   637 AM CDT   SUNSET   738 PM CDT
AUGUST 31 2016........SUNRISE   638 AM CDT   SUNSET   737 PM CDT


-  INDICATES NEGATIVE NUMBERS.
R  INDICATES RECORD WAS SET OR TIED.
MM INDICATES DATA IS MISSING.
T  INDICATES TRACE AMOUNT.




$$
