000
CDUS43 KSGF 110638
CLIUNO


CLIMATE REPORT
NATIONAL WEATHER SERVICE SPRINGFIELD MO
1238 AM CST THU FEB 11 2016


...................................

...THE WEST PLAINS MO CLIMATE SUMMARY FOR FEBRUARY 10 2016...

CLIMATE NORMAL PERIOD 1981 TO 2010
CLIMATE RECORD PERIOD 1947 TO 2016


WEATHER ITEM   OBSERVED TIME   RECORD YEAR NORMAL DEPARTURE LAST
                VALUE   (LST)  VALUE       VALUE  FROM      YEAR
                                                  NORMAL
..................................................................
TEMPERATURE (F)
 YESTERDAY
  MAXIMUM         42    515 PM  76    1976  48     -6       47
  MINIMUM         16    717 AM  -2    2011  25     -9       23
  AVERAGE         29                        36     -7       35

PRECIPITATION (IN)
  YESTERDAY        0.00          0.69 1953   0.11  -0.11     0.00
                                      1953
                                      2013
  MONTH TO DATE    0.42                      0.97  -0.55     0.50
  SINCE DEC 1     10.39                      7.33   3.06     5.49
  SINCE JAN 1      1.35                      3.69  -2.34     2.52

DEGREE DAYS
 HEATING
  YESTERDAY       36                        28      8       30
  MONTH TO DATE  261                       293    -32      281
  SINCE DEC 1   1795                      2145   -350     2051
  SINCE JUL 1   2430                      2997   -567     3063

 COOLING
  YESTERDAY        0                         0      0        0
  MONTH TO DATE    0                         0      0        0
  SINCE DEC 1      0                         0      0        0
  SINCE JAN 1      0                         0      0        0
..................................................................


WIND (MPH)
  HIGHEST WIND SPEED    23   HIGHEST WIND DIRECTION    NW (320)
  HIGHEST GUST SPEED    30   HIGHEST GUST DIRECTION    NW (320)
  AVERAGE WIND SPEED     7.1


SKY COVER
  AVERAGE SKY COVER 0.1


WEATHER CONDITIONS
 THE FOLLOWING WEATHER WAS RECORDED YESTERDAY.
  NO SIGNIFICANT WEATHER WAS OBSERVED.


RELATIVE HUMIDITY (PERCENT)
 HIGHEST    67           700 AM
 LOWEST     30           400 PM
 AVERAGE    49

..........................................................


THE WEST PLAINS MO CLIMATE NORMALS FOR TODAY
                         NORMAL    RECORD    YEAR
 MAXIMUM TEMPERATURE (F)   48        75      1996
 MINIMUM TEMPERATURE (F)   26         1      1955


SUNRISE AND SUNSET
FEBRUARY 11 2016......SUNRISE   701 AM CST   SUNSET   543 PM CST
FEBRUARY 12 2016......SUNRISE   700 AM CST   SUNSET   544 PM CST


-  INDICATES NEGATIVE NUMBERS.
R  INDICATES RECORD WAS SET OR TIED.
MM INDICATES DATA IS MISSING.
T  INDICATES TRACE AMOUNT.




$$
