000
CDUS43 KSGF 260626
CLIUNO


CLIMATE REPORT
NATIONAL WEATHER SERVICE SPRINGFIELD MO
125 AM CDT TUE MAY 26 2015


...................................

...THE WEST PLAINS MO CLIMATE SUMMARY FOR MAY 25 2015...

CLIMATE NORMAL PERIOD 1981 TO 2010
CLIMATE RECORD PERIOD 1947 TO 2015


WEATHER ITEM   OBSERVED TIME   RECORD YEAR NORMAL DEPARTURE LAST
                VALUE   (LST)  VALUE       VALUE  FROM      YEAR
                                                  NORMAL
..................................................................
TEMPERATURE (F)
 YESTERDAY
  MAXIMUM         80    339 PM  90    2006  79      1       83
                                      1953
  MINIMUM         62   1154 PM  41    1979  57      5       57
  AVERAGE         71                        68      3       70

PRECIPITATION (IN)
  YESTERDAY        0.25          2.80 2000   0.11   0.14     0.00
  MONTH TO DATE    5.24                      4.13   1.11     2.78
  SINCE MAR 1     10.60                     12.90  -2.30    10.10
  SINCE JAN 1     15.28                     18.46  -3.18    11.95

DEGREE DAYS
 HEATING
  YESTERDAY        0                         1     -1        0
  MONTH TO DATE   71                        75     -4      105
  SINCE MAR 1    839                       873    -34     1059
  SINCE JUL 1   4636                      4337    299     4857

 COOLING
  YESTERDAY        6                         4      2        5
  MONTH TO DATE   71                        65      6       96
  SINCE MAR 1     87                        93     -6      105
  SINCE JAN 1     87                        93     -6      105
..................................................................


WIND (MPH)
  HIGHEST WIND SPEED    23   HIGHEST WIND DIRECTION     S (190)
  HIGHEST GUST SPEED    38   HIGHEST GUST DIRECTION     S (190)
  AVERAGE WIND SPEED     8.8


SKY COVER
  AVERAGE SKY COVER 0.6


WEATHER CONDITIONS
 THE FOLLOWING WEATHER WAS RECORDED YESTERDAY.
  THUNDERSTORM
  HEAVY RAIN
  RAIN
  LIGHT RAIN
  FOG


RELATIVE HUMIDITY (PERCENT)
 HIGHEST    93           100 AM
 LOWEST     60           400 PM
 AVERAGE    77

..........................................................


THE WEST PLAINS MO CLIMATE NORMALS FOR TODAY
                         NORMAL    RECORD    YEAR
 MAXIMUM TEMPERATURE (F)   79        95      2012
                                             1953
 MINIMUM TEMPERATURE (F)   57        38      1988


SUNRISE AND SUNSET
MAY 26 2015...........SUNRISE   553 AM CDT   SUNSET   817 PM CDT
MAY 27 2015...........SUNRISE   552 AM CDT   SUNSET   818 PM CDT


-  INDICATES NEGATIVE NUMBERS.
R  INDICATES RECORD WAS SET OR TIED.
MM INDICATES DATA IS MISSING.
T  INDICATES TRACE AMOUNT.




$$
